74.6.75.46 - - [23/Mar/2007:21:37:47 -0400] "GET /robots.txt HTTP/1.0" 404 287 "-" "Mozilla/5.0 (compatible; Yahoo! Slurp; http://help.yahoo.com/help/us/ysearch/slurp)" 0 www.poach.org
74.6.72.248 - - [23/Mar/2007:21:37:47 -0400] "GET /page04.htm HTTP/1.0" 404 287 "-" "Mozilla/5.0 (compatible; Yahoo! Slurp; http://help.yahoo.com/help/us/ysearch/slurp)" 0 www.poach.org
74.6.75.46 - - [24/Mar/2007:00:04:01 -0400] "GET /robots.txt HTTP/1.0" 404 287 "-" "Mozilla/5.0 (compatible; Yahoo! Slurp; http://help.yahoo.com/help/us/ysearch/slurp)" 0 www.poach.org
74.6.67.222 - - [24/Mar/2007:00:04:02 -0400] "GET /page03.htm HTTP/1.0" 404 287 "-" "Mozilla/5.0 (compatible; Yahoo! Slurp; http://help.yahoo.com/help/us/ysearch/slurp)" 0 www.poach.org
128.194.135.94 - - [24/Mar/2007:05:15:05 -0400] "GET /robots.txt HTTP/1.1" 404 299 "-" "IRLbot/3.0 (compatible; MSIE 6.0; http://irl.cs.tamu.edu/crawler)" 0 www.poach.org
128.194.135.94 - - [24/Mar/2007:06:30:06 -0400] "GET /allstate_nn4.html HTTP/1.1" 404 306 "-" "IRLbot/3.0 (compatible; MSIE 6.0; http://irl.cs.tamu.edu/crawler)" 0 www.poach.org
68.142.212.221 - - [24/Mar/2007:09:39:29 -0400] "GET /robots.txt HTTP/1.0" 404 287 "-" "Yahoo-MMCrawler/3.x (mms dash mmcrawler dash support at yahoo dash inc dot com)" 0 www.poach.org
68.142.212.221 - - [24/Mar/2007:10:28:39 -0400] "GET /Leaflogo.jpg HTTP/1.0" 404 289 "-" "Yahoo-MMCrawler/3.x (mms dash mmcrawler dash support at yahoo dash inc dot com)" 0 www.poach.org
64.246.165.210 - - [24/Mar/2007:11:37:56 -0400] "GET /robots.txt HTTP/1.0" 404 287 "http://www.whois.sc/" "SurveyBot/2.3 (Whois Source)" 0 www.poach.org
64.246.165.210 - - [24/Mar/2007:11:37:56 -0400] "GET / HTTP/1.1" 200 317 "http://www.whois.sc/poach.org" "SurveyBot/2.3 (Whois Source)" 0 www.poach.org
74.6.75.46 - - [24/Mar/2007:13:10:13 -0400] "GET /robots.txt HTTP/1.0" 404 287 "-" "Mozilla/5.0 (compatible; Yahoo! Slurp; http://help.yahoo.com/help/us/ysearch/slurp)" 0 www.poach.org
74.6.71.231 - - [24/Mar/2007:13:10:14 -0400] "GET /allstate.html HTTP/1.0" 404 290 "-" "Mozilla/5.0 (compatible; Yahoo! Slurp; http://help.yahoo.com/help/us/ysearch/slurp)" 0 www.poach.org
205.178.191.137 - - [24/Mar/2007:14:01:02 -0400] "GET / HTTP/1.0" 200 301 "-" "Mozilla/4.0 (compatible; MSIE 6.0; Windows NT 5.2; SV1; .NET CLR 1.1.4322; .NET CLR 2.0.50727)" 0 www.poach.org
71.196.15.120 - - [24/Mar/2007:17:16:39 -0400] "GET / HTTP/1.1" 200 317 "-" "Mozilla/4.0 (compatible; MSIE 7.0; Windows NT 5.1; .NET CLR 1.1.4322)" 0 www.poach.org
74.6.75.46 - - [24/Mar/2007:22:00:25 -0400] "GET /robots.txt HTTP/1.0" 404 287 "-" "Mozilla/5.0 (compatible; Yahoo! Slurp; http://help.yahoo.com/help/us/ysearch/slurp)" 0 www.poach.org
74.6.71.49 - - [24/Mar/2007:22:00:25 -0400] "GET / HTTP/1.0" 200 305 "-" "Mozilla/5.0 (compatible; Yahoo! Slurp; http://help.yahoo.com/help/us/ysearch/slurp)" 0 www.poach.org
66.249.65.14 - - [25/Mar/2007:06:03:15 -0400] "GET /robots.txt HTTP/1.1" 404 299 "-" "Mozilla/5.0 (compatible; Googlebot/2.1; +http://www.google.com/bot.html)" 0 www.poach.org
66.249.65.14 - - [25/Mar/2007:06:03:15 -0400] "GET /page07.htm HTTP/1.1" 404 299 "-" "Mozilla/5.0 (compatible; Googlebot/2.1; +http://www.google.com/bot.html)" 0 www.poach.org
65.55.208.206 - - [25/Mar/2007:07:09:08 -0400] "GET /robots.txt HTTP/1.0" 404 287 "-" "msnbot/1.0 (+http://search.msn.com/msnbot.htm)" 0 www.poach.org
65.55.208.206 - - [25/Mar/2007:07:09:08 -0400] "GET /allstate_nn4.html HTTP/1.0" 404 294 "-" "msnbot/1.0 (+http://search.msn.com/msnbot.htm)" 0 www.poach.org
74.6.75.46 - - [25/Mar/2007:07:44:19 -0400] "GET /robots.txt HTTP/1.0" 404 287 "-" "Mozilla/5.0 (compatible; Yahoo! Slurp; http://help.yahoo.com/help/us/ysearch/slurp)" 0 www.poach.org
74.6.71.187 - - [25/Mar/2007:07:44:19 -0400] "GET /page11.htm HTTP/1.0" 404 287 "-" "Mozilla/5.0 (compatible; Yahoo! Slurp; http://help.yahoo.com/help/us/ysearch/slurp)" 0 www.poach.org
65.55.212.125 - - [25/Mar/2007:11:44:49 -0400] "GET /robots.txt HTTP/1.0" 404 287 "-" "msnbot-media/1.0 (+http://search.msn.com/msnbot.htm)" 0 www.poach.org
65.55.212.125 - - [25/Mar/2007:11:44:49 -0400] "GET /allstate_nn4.html HTTP/1.0" 404 294 "-" "msnbot-media/1.0 (+http://search.msn.com/msnbot.htm)" 0 www.poach.org
80.203.51.246 - - [25/Mar/2007:14:08:35 -0400] "GET /robots.txt HTTP/1.0" 404 287 "http://majestic12.co.uk/bot.php?I=7341B89A6612C7C0D6586AE781796D91-1C92371C49714DC2-F214B37FAD08ADF6-www.poach.org" "MJ12bot/v1.2.0 (http://majestic12.co.uk/bot.php?+)" 0 www.poach.org
80.203.51.246 - - [25/Mar/2007:14:08:36 -0400] "GET / HTTP/1.0" 200 305 "-" "MJ12bot/v1.2.0 (http://majestic12.co.uk/bot.php?+)" 0 www.poach.org
80.203.51.246 - - [25/Mar/2007:14:08:37 -0400] "GET /allstate.html HTTP/1.0" 404 290 "-" "MJ12bot/v1.2.0 (http://majestic12.co.uk/bot.php?+)" 0 www.poach.org
80.203.51.246 - - [25/Mar/2007:14:08:39 -0400] "GET /allstate_nn4.html HTTP/1.0" 404 294 "-" "MJ12bot/v1.2.0 (http://majestic12.co.uk/bot.php?+)" 0 www.poach.org
80.203.51.246 - - [25/Mar/2007:14:08:41 -0400] "GET /buttons.htm HTTP/1.0" 404 288 "-" "MJ12bot/v1.2.0 (http://majestic12.co.uk/bot.php?+)" 0 www.poach.org
80.203.51.246 - - [25/Mar/2007:14:08:42 -0400] "GET /folder.htm HTTP/1.0" 404 287 "-" "MJ12bot/v1.2.0 (http://majestic12.co.uk/bot.php?+)" 0 www.poach.org
80.203.51.246 - - [25/Mar/2007:14:08:44 -0400] "GET /index.htm HTTP/1.0" 404 286 "-" "MJ12bot/v1.2.0 (http://majestic12.co.uk/bot.php?+)" 0 www.poach.org
80.203.51.246 - - [25/Mar/2007:14:08:46 -0400] "GET /page01.htm HTTP/1.0" 404 287 "-" "MJ12bot/v1.2.0 (http://majestic12.co.uk/bot.php?+)" 0 www.poach.org
80.203.51.246 - - [25/Mar/2007:14:08:48 -0400] "GET /page02.htm HTTP/1.0" 404 287 "-" "MJ12bot/v1.2.0 (http://majestic12.co.uk/bot.php?+)" 0 www.poach.org
80.203.51.246 - - [25/Mar/2007:14:08:50 -0400] "GET /page03.htm HTTP/1.0" 404 287 "-" "MJ12bot/v1.2.0 (http://majestic12.co.uk/bot.php?+)" 0 www.poach.org
80.203.51.246 - - [25/Mar/2007:14:08:51 -0400] "GET /page04.htm HTTP/1.0" 404 287 "-" "MJ12bot/v1.2.0 (http://majestic12.co.uk/bot.php?+)" 0 www.poach.org
80.203.51.246 - - [25/Mar/2007:14:08:53 -0400] "GET /page05.htm HTTP/1.0" 404 287 "-" "MJ12bot/v1.2.0 (http://majestic12.co.uk/bot.php?+)" 0 www.poach.org
80.203.51.246 - - [25/Mar/2007:14:08:55 -0400] "GET /page06.htm HTTP/1.0" 404 287 "-" "MJ12bot/v1.2.0 (http://majestic12.co.uk/bot.php?+)" 0 www.poach.org
80.203.51.246 - - [25/Mar/2007:14:08:57 -0400] "GET /page07.htm HTTP/1.0" 404 287 "-" "MJ12bot/v1.2.0 (http://majestic12.co.uk/bot.php?+)" 0 www.poach.org
80.203.51.246 - - [25/Mar/2007:14:08:58 -0400] "GET /page08.htm HTTP/1.0" 404 287 "-" "MJ12bot/v1.2.0 (http://majestic12.co.uk/bot.php?+)" 0 www.poach.org
80.203.51.246 - - [25/Mar/2007:14:09:00 -0400] "GET /page09.htm HTTP/1.0" 404 287 "-" "MJ12bot/v1.2.0 (http://majestic12.co.uk/bot.php?+)" 0 www.poach.org
80.203.51.246 - - [25/Mar/2007:14:09:02 -0400] "GET /page10.htm HTTP/1.0" 404 287 "-" "MJ12bot/v1.2.0 (http://majestic12.co.uk/bot.php?+)" 0 www.poach.org
80.203.51.246 - - [25/Mar/2007:14:09:03 -0400] "GET /page11.htm HTTP/1.0" 404 287 "-" "MJ12bot/v1.2.0 (http://majestic12.co.uk/bot.php?+)" 0 www.poach.org
80.203.51.246 - - [25/Mar/2007:14:09:05 -0400] "GET /page12.htm HTTP/1.0" 404 287 "-" "MJ12bot/v1.2.0 (http://majestic12.co.uk/bot.php?+)" 0 www.poach.org
216.37.88.7 - - [25/Mar/2007:16:46:47 -0400] "GET / HTTP/1.1" 200 317 "-" "Mozilla/4.0 (compatible; MSIE 5.5; Windows 95; SEARCHALOT.COM IE5)" 0 www.poach.org
216.37.88.7 - - [25/Mar/2007:16:46:58 -0400] "GET / HTTP/1.1" 200 317 "http://www.poach.org/" "Mozilla/4.0 (compatible; MSIE 5.5; Windows 95; SEARCHALOT.COM IE5)" 0 www.poach.org
216.37.88.7 - - [25/Mar/2007:16:47:12 -0400] "GET / HTTP/1.1" 200 317 "http://www.poach.org/" "Mozilla/4.0 (compatible; MSIE 5.5; Windows 95; SEARCHALOT.COM IE5)" 0 www.poach.org
216.37.88.7 - - [25/Mar/2007:16:47:16 -0400] "GET /logs HTTP/1.1" 301 325 "http://www.poach.org/" "Mozilla/4.0 (compatible; MSIE 5.5; Windows 95; SEARCHALOT.COM IE5)" 0 www.poach.org
216.37.88.7 - - [25/Mar/2007:16:47:16 -0400] "GET /logs/ HTTP/1.1" 200 376 "http://www.poach.org/" "Mozilla/4.0 (compatible; MSIE 5.5; Windows 95; SEARCHALOT.COM IE5)" 0 www.poach.org
216.37.88.7 - - [25/Mar/2007:16:47:20 -0400] "GET /logs/access.log HTTP/1.1" 200 8152 "http://www.poach.org/logs/" "Mozilla/4.0 (compatible; MSIE 5.5; Windows 95; SEARCHALOT.COM IE5)" 0 www.poach.org
65.55.212.125 - - [25/Mar/2007:17:20:36 -0400] "GET /robots.txt HTTP/1.0" 404 287 "-" "msnbot-media/1.0 (+http://search.msn.com/msnbot.htm)" 0 www.poach.org
65.55.212.125 - - [25/Mar/2007:17:20:36 -0400] "GET /allstate_nn4.html HTTP/1.0" 404 294 "-" "msnbot-media/1.0 (+http://search.msn.com/msnbot.htm)" 0 www.poach.org
64.29.209.218 - - [26/Mar/2007:00:18:54 -0400] "GET / HTTP/1.1" 200 317 "-" "Mozilla/5.0 (Windows; U; Windows NT 5.1; en-US; rv:1.8.0.4) Gecko/20060508 Firefox/1.5.0.4" 0 www.poach.org
64.246.165.200 - - [26/Mar/2007:00:39:01 -0400] "GET /robots.txt HTTP/1.0" 404 287 "http://www.whois.sc/" "SurveyBot/2.3 (Whois Source)" 0 www.poach.org
64.246.165.200 - - [26/Mar/2007:00:39:01 -0400] "GET / HTTP/1.1" 200 317 "http://www.whois.sc/poach.org" "SurveyBot/2.3 (Whois Source)" 0 www.poach.org
65.55.212.125 - - [26/Mar/2007:06:19:01 -0400] "GET /robots.txt HTTP/1.0" 404 287 "-" "msnbot-media/1.0 (+http://search.msn.com/msnbot.htm)" 0 www.poach.org
65.55.212.125 - - [26/Mar/2007:06:19:01 -0400] "GET /allstate_nn4.html HTTP/1.0" 404 294 "-" "msnbot-media/1.0 (+http://search.msn.com/msnbot.htm)" 0 www.poach.org
65.55.208.206 - - [26/Mar/2007:11:40:38 -0400] "GET /robots.txt HTTP/1.0" 404 287 "-" "msnbot/1.0 (+http://search.msn.com/msnbot.htm)" 0 www.poach.org
65.55.208.206 - - [26/Mar/2007:11:40:38 -0400] "GET /allstate_nn4.html HTTP/1.0" 404 294 "-" "msnbot/1.0 (+http://search.msn.com/msnbot.htm)" 0 www.poach.org
68.142.212.221 - - [26/Mar/2007:18:29:29 -0400] "GET /robots.txt HTTP/1.0" 404 287 "-" "Yahoo-MMCrawler/3.x (mms dash mmcrawler dash support at yahoo dash inc dot com)" 0 www.poach.org
131.107.0.96 - - [26/Mar/2007:18:44:36 -0400] "GET /allstate_nn4.html HTTP/1.1" 404 306 "http://search.live.com/result.aspx?q=airfare&mrt=en-us&FORM=LVSP" "Mozilla/4.0 (compatible; MSIE 6.0; Windows NT 5.2; Win64; x64; SV1)" 0 www.poach.org
74.6.75.46 - - [26/Mar/2007:21:44:14 -0400] "GET /robots.txt HTTP/1.0" 404 287 "-" "Mozilla/5.0 (compatible; Yahoo! Slurp; http://help.yahoo.com/help/us/ysearch/slurp)" 0 www.poach.org
74.6.71.49 - - [26/Mar/2007:21:44:15 -0400] "GET / HTTP/1.0" 200 305 "-" "Mozilla/5.0 (compatible; Yahoo! Slurp; http://help.yahoo.com/help/us/ysearch/slurp)" 0 www.poach.org
74.6.86.230 - - [26/Mar/2007:23:30:39 -0400] "GET /robots.txt HTTP/1.0" 404 287 "-" "Mozilla/5.0 (compatible; Yahoo! Slurp; http://help.yahoo.com/help/us/ysearch/slurp)" 0 www.poach.org
74.6.85.211 - - [26/Mar/2007:23:33:12 -0400] "GET / HTTP/1.0" 200 305 "-" "Mozilla/5.0 (compatible; Yahoo! Slurp; http://help.yahoo.com/help/us/ysearch/slurp)" 0 www.poach.org
74.6.86.112 - - [26/Mar/2007:23:35:35 -0400] "GET /logs HTTP/1.0" 301 313 "-" "Mozilla/5.0 (compatible; Yahoo! Slurp; http://help.yahoo.com/help/us/ysearch/slurp)" 0 www.poach.org
74.6.86.112 - - [26/Mar/2007:23:35:45 -0400] "GET /logs/ HTTP/1.0" 200 364 "-" "Mozilla/5.0 (compatible; Yahoo! Slurp; http://help.yahoo.com/help/us/ysearch/slurp)" 0 www.poach.org
74.6.87.46 - - [26/Mar/2007:23:36:14 -0400] "GET /logs/error.log HTTP/1.0" 200 6165 "-" "Mozilla/5.0 (compatible; Yahoo! Slurp; http://help.yahoo.com/help/us/ysearch/slurp)" 0 www.poach.org
74.6.86.162 - - [26/Mar/2007:23:36:38 -0400] "GET /logs/access.log HTTP/1.0" 200 11492 "-" "Mozilla/5.0 (compatible; Yahoo! Slurp; http://help.yahoo.com/help/us/ysearch/slurp)" 0 www.poach.org
74.6.85.225 - - [26/Mar/2007:23:37:12 -0400] "GET /logs/ HTTP/1.0" 200 364 "-" "Mozilla/5.0 (compatible; Yahoo! Slurp; http://help.yahoo.com/help/us/ysearch/slurp)" 0 www.poach.org
64.208.172.174 - - [27/Mar/2007:07:26:28 -0400] "GET /robots.txt HTTP/1.0" 404 287 "-" "ia_archiver" 0 www.poach.org
64.208.172.174 - - [27/Mar/2007:07:26:29 -0400] "GET /page02.htm HTTP/1.0" 404 287 "-" "ia_archiver" 0 www.poach.org
64.208.172.174 - - [27/Mar/2007:07:26:51 -0400] "GET /page04.htm HTTP/1.0" 404 287 "-" "ia_archiver" 0 www.poach.org
64.208.172.174 - - [27/Mar/2007:07:27:56 -0400] "GET /page12.htm HTTP/1.0" 404 287 "-" "ia_archiver" 0 www.poach.org
64.208.172.174 - - [27/Mar/2007:07:28:07 -0400] "GET /page05.htm HTTP/1.0" 404 287 "-" "ia_archiver" 0 www.poach.org
64.208.172.174 - - [27/Mar/2007:07:28:17 -0400] "GET /page07.htm HTTP/1.0" 404 287 "-" "ia_archiver" 0 www.poach.org
64.208.172.174 - - [27/Mar/2007:07:29:58 -0400] "GET /page01.htm HTTP/1.0" 404 287 "-" "ia_archiver" 0 www.poach.org
64.208.172.174 - - [27/Mar/2007:07:30:12 -0400] "GET /page06.htm HTTP/1.0" 404 287 "-" "ia_archiver" 0 www.poach.org
64.208.172.174 - - [27/Mar/2007:12:14:15 -0400] "GET /page03.htm HTTP/1.0" 404 287 "-" "ia_archiver" 0 www.poach.org
64.208.172.174 - - [27/Mar/2007:12:15:28 -0400] "GET /page11.htm HTTP/1.0" 404 287 "-" "ia_archiver" 0 www.poach.org
64.208.172.174 - - [27/Mar/2007:12:15:38 -0400] "GET /page09.htm HTTP/1.0" 404 287 "-" "ia_archiver" 0 www.poach.org
64.208.172.174 - - [27/Mar/2007:12:15:48 -0400] "GET /Leaflogo.jpg HTTP/1.0" 404 289 "-" "ia_archiver" 0 www.poach.org
64.208.172.174 - - [27/Mar/2007:12:16:24 -0400] "GET /page08.htm HTTP/1.0" 404 287 "-" "ia_archiver" 0 www.poach.org
64.208.172.174 - - [27/Mar/2007:12:16:35 -0400] "GET /This%20page%20created%20with%20Cool%20Page%20Pro.%5Cn%5CnDownload%20your%20own%20FREE%20copy%20of%20Cool%20Page? HTTP/1.0" 404 358 "-" "ia_archiver" 0 www.poach.org
65.55.208.206 - - [27/Mar/2007:15:59:28 -0400] "GET /robots.txt HTTP/1.0" 404 287 "-" "msnbot/1.0 (+http://search.msn.com/msnbot.htm)" 0 www.poach.org
65.55.208.206 - - [27/Mar/2007:15:59:28 -0400] "GET /allstate_nn4.html HTTP/1.0" 404 294 "-" "msnbot/1.0 (+http://search.msn.com/msnbot.htm)" 0 www.poach.org
64.208.172.174 - - [27/Mar/2007:17:19:44 -0400] "GET /page10.htm HTTP/1.0" 404 287 "-" "ia_archiver" 0 www.poach.org
64.208.172.174 - - [27/Mar/2007:17:20:21 -0400] "GET /index_nn4.htm HTTP/1.0" 404 290 "-" "ia_archiver" 0 www.poach.org
74.62.17.230 - - [28/Mar/2007:07:48:09 -0400] "GET / HTTP/1.0" 200 305 "-" "Wget/1.10.2" 0 www.poach.org
74.6.75.46 - - [28/Mar/2007:08:26:01 -0400] "GET /robots.txt HTTP/1.0" 404 287 "-" "Mozilla/5.0 (compatible; Yahoo! Slurp; http://help.yahoo.com/help/us/ysearch/slurp)" 0 www.poach.org
74.6.71.49 - - [28/Mar/2007:08:26:01 -0400] "GET / HTTP/1.0" 200 305 "-" "Mozilla/5.0 (compatible; Yahoo! Slurp; http://help.yahoo.com/help/us/ysearch/slurp)" 0 www.poach.org
63.123.238.8 - - [28/Mar/2007:16:39:22 -0400] "GET /robots.txt HTTP/1.1" 404 299 "-" "Mozilla/2.0 (compatible; Ask Jeeves/Teoma)" 0 www.poach.org
63.123.238.8 - - [28/Mar/2007:16:39:22 -0400] "GET / HTTP/1.1" 200 317 "-" "Mozilla/2.0 (compatible; Ask Jeeves/Teoma)" 0 www.poach.org
66.249.72.83 - - [28/Mar/2007:19:02:38 -0400] "GET /robots.txt HTTP/1.1" 404 299 "-" "Mozilla/5.0 (compatible; Googlebot/2.1; +http://www.google.com/bot.html)" 0 www.poach.org
66.249.72.83 - - [28/Mar/2007:19:02:38 -0400] "GET / HTTP/1.1" 200 317 "-" "Mozilla/5.0 (compatible; Googlebot/2.1; +http://www.google.com/bot.html)" 0 www.poach.org
68.142.212.221 - - [28/Mar/2007:22:36:22 -0400] "GET /robots.txt HTTP/1.0" 404 287 "-" "Yahoo-MMCrawler/3.x (mms dash mmcrawler dash support at yahoo dash inc dot com)" 0 www.poach.org
71.60.19.11 - - [28/Mar/2007:22:54:21 -0400] "GET / HTTP/1.1" 200 317 "-" "Mozilla/4.0 (compatible; MSIE 6.0; Windows NT 5.1; .NET CLR 1.1.4322)" 0 www.poach.org
65.55.208.206 - - [28/Mar/2007:23:06:29 -0400] "GET /robots.txt HTTP/1.0" 404 287 "-" "msnbot/1.0 (+http://search.msn.com/msnbot.htm)" 0 www.poach.org
65.55.208.206 - - [28/Mar/2007:23:06:29 -0400] "GET /allstate_nn4.html HTTP/1.0" 404 294 "-" "msnbot/1.0 (+http://search.msn.com/msnbot.htm)" 0 www.poach.org
74.6.75.46 - - [28/Mar/2007:23:38:29 -0400] "GET /robots.txt HTTP/1.0" 404 287 "-" "Mozilla/5.0 (compatible; Yahoo! Slurp; http://help.yahoo.com/help/us/ysearch/slurp)" 0 www.poach.org
74.6.71.39 - - [28/Mar/2007:23:38:30 -0400] "GET /logs HTTP/1.0" 301 313 "-" "Mozilla/5.0 (compatible; Yahoo! Slurp; http://help.yahoo.com/help/us/ysearch/slurp)" 0 www.poach.org
74.6.71.39 - - [28/Mar/2007:23:38:30 -0400] "GET /logs/ HTTP/1.0" 200 364 "-" "Mozilla/5.0 (compatible; Yahoo! Slurp; http://help.yahoo.com/help/us/ysearch/slurp)" 0 www.poach.org
74.6.75.46 - - [29/Mar/2007:02:35:25 -0400] "GET /robots.txt HTTP/1.0" 404 287 "-" "Mozilla/5.0 (compatible; Yahoo! Slurp; http://help.yahoo.com/help/us/ysearch/slurp)" 0 www.poach.org
74.6.73.217 - - [29/Mar/2007:02:35:25 -0400] "GET /index.htm HTTP/1.0" 404 286 "-" "Mozilla/5.0 (compatible; Yahoo! Slurp; http://help.yahoo.com/help/us/ysearch/slurp)" 0 www.poach.org
64.208.172.174 - - [29/Mar/2007:02:41:42 -0400] "GET /robots.txt HTTP/1.0" 404 287 "-" "ia_archiver" 0 www.poach.org
64.208.172.174 - - [29/Mar/2007:02:41:42 -0400] "GET /page07.htm HTTP/1.0" 404 287 "-" "ia_archiver" 0 www.poach.org
64.208.172.174 - - [29/Mar/2007:02:42:04 -0400] "GET /page10.htm HTTP/1.0" 404 287 "-" "ia_archiver" 0 www.poach.org
64.208.172.174 - - [29/Mar/2007:02:42:23 -0400] "GET /page04.htm HTTP/1.0" 404 287 "-" "ia_archiver" 0 www.poach.org
64.208.172.174 - - [29/Mar/2007:02:42:33 -0400] "GET /page03.htm HTTP/1.0" 404 287 "-" "ia_archiver" 0 www.poach.org
64.208.172.174 - - [29/Mar/2007:02:42:44 -0400] "GET /page08.htm HTTP/1.0" 404 287 "-" "ia_archiver" 0 www.poach.org
64.208.172.174 - - [29/Mar/2007:02:42:54 -0400] "GET /page05.htm HTTP/1.0" 404 287 "-" "ia_archiver" 0 www.poach.org
64.208.172.174 - - [29/Mar/2007:02:43:04 -0400] "GET /page11.htm HTTP/1.0" 404 287 "-" "ia_archiver" 0 www.poach.org
64.208.172.174 - - [29/Mar/2007:02:43:14 -0400] "GET /page12.htm HTTP/1.0" 404 287 "-" "ia_archiver" 0 www.poach.org
64.208.172.174 - - [29/Mar/2007:02:43:24 -0400] "GET /index_nn4.htm HTTP/1.0" 404 290 "-" "ia_archiver" 0 www.poach.org
66.249.72.83 - - [29/Mar/2007:10:58:18 -0400] "GET /robots.txt HTTP/1.1" 404 299 "-" "Mozilla/5.0 (compatible; Googlebot/2.1; +http://www.google.com/bot.html)" 0 www.poach.org
66.249.72.83 - - [29/Mar/2007:10:58:18 -0400] "GET /logs HTTP/1.1" 301 325 "-" "Mozilla/5.0 (compatible; Googlebot/2.1; +http://www.google.com/bot.html)" 0 www.poach.org
66.249.72.83 - - [29/Mar/2007:10:58:20 -0400] "GET /logs/ HTTP/1.1" 200 376 "-" "Mozilla/5.0 (compatible; Googlebot/2.1; +http://www.google.com/bot.html)" 0 www.poach.org
64.208.172.174 - - [29/Mar/2007:12:03:05 -0400] "GET /page06.htm HTTP/1.0" 404 287 "-" "ia_archiver" 0 www.poach.org
64.208.172.174 - - [29/Mar/2007:12:03:29 -0400] "GET /page01.htm HTTP/1.0" 404 287 "-" "ia_archiver" 0 www.poach.org
64.208.172.174 - - [29/Mar/2007:12:03:40 -0400] "GET /page02.htm HTTP/1.0" 404 287 "-" "ia_archiver" 0 www.poach.org
64.208.172.174 - - [29/Mar/2007:12:03:50 -0400] "GET /Leaflogo.jpg HTTP/1.0" 404 289 "-" "ia_archiver" 0 www.poach.org
64.208.172.174 - - [29/Mar/2007:12:04:00 -0400] "GET /This%20page%20created%20with%20Cool%20Page%20Pro.%5Cn%5CnDownload%20your%20own%20FREE%20copy%20of%20Cool%20Page? HTTP/1.0" 404 358 "-" "ia_archiver" 0 www.poach.org
64.208.172.174 - - [29/Mar/2007:12:04:12 -0400] "GET /page09.htm HTTP/1.0" 404 287 "-" "ia_archiver" 0 www.poach.org
65.55.208.202 - - [29/Mar/2007:13:34:03 -0400] "GET /robots.txt HTTP/1.0" 404 287 "-" "msnbot/1.0 (+http://search.msn.com/msnbot.htm)" 0 www.poach.org
65.55.208.202 - - [29/Mar/2007:13:34:03 -0400] "GET / HTTP/1.0" 200 305 "-" "msnbot/1.0 (+http://search.msn.com/msnbot.htm)" 0 www.poach.org
71.74.194.29 - - [29/Mar/2007:15:53:23 -0400] "GET /page06.htm HTTP/1.1" 404 299 "http://www.ask.com/web?o=0&qsrc=6&l=dir&q=Duties+of+Attorney+in+Fact" "Mozilla/4.0 (compatible; MSIE 6.0; Windows NT 5.0; .NET CLR 1.1.4322)" 0 www.poach.org
71.74.194.29 - - [29/Mar/2007:15:53:28 -0400] "GET /page06.htm HTTP/1.1" 404 299 "http://www.ask.com/web?o=0&qsrc=6&l=dir&q=Duties+of+Attorney+in+Fact" "Mozilla/4.0 (compatible; MSIE 6.0; Windows NT 5.0; .NET CLR 1.1.4322)" 0 www.poach.org
65.55.208.204 - - [29/Mar/2007:16:31:27 -0400] "GET /robots.txt HTTP/1.0" 404 287 "-" "msnbot/1.0 (+http://search.msn.com/msnbot.htm)" 1 www.poach.org
65.55.208.204 - - [29/Mar/2007:16:31:27 -0400] "GET /page04.htm HTTP/1.0" 404 287 "-" "msnbot/1.0 (+http://search.msn.com/msnbot.htm)" 0 www.poach.org
65.54.154.26 - - [29/Mar/2007:19:17:58 -0400] "GET /favicon.ico HTTP/1.0" 404 288 "-" "Mozilla/4.0 (compatible; MSIE 7.0; Windows NT 5.1; .NET CLR 1.1.4322; MSN 9.0;MSN 9.1; MSNbMSNI; MSNmen-us; MSNcIA)" 0 www.poach.org
128.194.135.94 - - [30/Mar/2007:04:16:32 -0400] "GET /robots.txt HTTP/1.1" 404 299 "-" "IRLbot/3.0 (compatible; MSIE 6.0; http://irl.cs.tamu.edu/crawler)" 0 www.poach.org
65.55.208.206 - - [30/Mar/2007:04:59:26 -0400] "GET /robots.txt HTTP/1.0" 404 287 "-" "msnbot/1.0 (+http://search.msn.com/msnbot.htm)" 0 www.poach.org
65.55.208.206 - - [30/Mar/2007:04:59:26 -0400] "GET /allstate_nn4.html HTTP/1.0" 404 294 "-" "msnbot/1.0 (+http://search.msn.com/msnbot.htm)" 0 www.poach.org
128.194.135.94 - - [30/Mar/2007:06:34:55 -0400] "GET /allstate_nn4.html HTTP/1.1" 404 306 "-" "IRLbot/3.0 (compatible; MSIE 6.0; http://irl.cs.tamu.edu/crawler)" 0 www.poach.org
74.6.75.46 - - [30/Mar/2007:15:13:00 -0400] "GET /robots.txt HTTP/1.0" 404 287 "-" "Mozilla/5.0 (compatible; Yahoo! Slurp; http://help.yahoo.com/help/us/ysearch/slurp)" 0 www.poach.org
74.6.71.49 - - [30/Mar/2007:15:13:02 -0400] "GET / HTTP/1.0" 200 305 "-" "Mozilla/5.0 (compatible; Yahoo! Slurp; http://help.yahoo.com/help/us/ysearch/slurp)" 0 www.poach.org
64.124.122.228 - - [30/Mar/2007:16:02:23 -0400] "GET /robots.txt HTTP/1.0" 404 287 "-" "RufusBot (Rufus Web Miner; http://www.webaroo.com/rooSiteOwners.html)" 0 www.poach.org
64.124.122.228 - - [30/Mar/2007:16:02:23 -0400] "GET / HTTP/1.0" 200 305 "-" "RufusBot (Rufus Web Miner; http://www.webaroo.com/rooSiteOwners.html)" 0 www.poach.org
74.6.75.46 - - [30/Mar/2007:22:23:19 -0400] "GET /robots.txt HTTP/1.0" 404 287 "-" "Mozilla/5.0 (compatible; Yahoo! Slurp; http://help.yahoo.com/help/us/ysearch/slurp)" 0 www.poach.org
74.6.74.72 - - [30/Mar/2007:22:23:20 -0400] "GET /page10.htm HTTP/1.0" 404 287 "-" "Mozilla/5.0 (compatible; Yahoo! Slurp; http://help.yahoo.com/help/us/ysearch/slurp)" 0 www.poach.org
66.249.72.83 - - [31/Mar/2007:07:15:56 -0400] "GET /robots.txt HTTP/1.1" 404 299 "-" "Mozilla/5.0 (compatible; Googlebot/2.1; +http://www.google.com/bot.html)" 0 www.poach.org
66.249.72.83 - - [31/Mar/2007:07:15:56 -0400] "GET /logs/error.log HTTP/1.1" 200 13729 "-" "Mozilla/5.0 (compatible; Googlebot/2.1; +http://www.google.com/bot.html)" 0 www.poach.org
66.249.72.83 - - [31/Mar/2007:07:16:28 -0400] "GET /logs/access.log HTTP/1.1" 200 22690 "-" "Mozilla/5.0 (compatible; Googlebot/2.1; +http://www.google.com/bot.html)" 0 www.poach.org
65.55.208.206 - - [31/Mar/2007:11:18:01 -0400] "GET /robots.txt HTTP/1.0" 404 287 "-" "msnbot/1.0 (+http://search.msn.com/msnbot.htm)" 0 www.poach.org
65.55.208.206 - - [31/Mar/2007:11:18:01 -0400] "GET /allstate_nn4.html HTTP/1.0" 404 294 "-" "msnbot/1.0 (+http://search.msn.com/msnbot.htm)" 0 www.poach.org
74.6.75.46 - - [31/Mar/2007:17:33:52 -0400] "GET /robots.txt HTTP/1.0" 404 287 "-" "Mozilla/5.0 (compatible; Yahoo! Slurp; http://help.yahoo.com/help/us/ysearch/slurp)" 0 www.poach.org
74.6.68.232 - - [31/Mar/2007:17:34:11 -0400] "GET /page02.htm HTTP/1.0" 404 287 "-" "Mozilla/5.0 (compatible; Yahoo! Slurp; http://help.yahoo.com/help/us/ysearch/slurp)" 0 www.poach.org
74.6.75.46 - - [31/Mar/2007:23:55:28 -0400] "GET /robots.txt HTTP/1.0" 404 287 "-" "Mozilla/5.0 (compatible; Yahoo! Slurp; http://help.yahoo.com/help/us/ysearch/slurp)" 0 www.poach.org
74.6.74.217 - - [31/Mar/2007:23:55:29 -0400] "GET /page07.htm HTTP/1.0" 404 287 "-" "Mozilla/5.0 (compatible; Yahoo! Slurp; http://help.yahoo.com/help/us/ysearch/slurp)" 0 www.poach.org
72.211.197.19 - - [01/Apr/2007:03:10:18 -0400] "GET / HTTP/1.1" 200 313 "-" "Mozilla/4.0 (compatible; MSIE 7.0; Windows NT 5.1; .NET CLR 2.0.50727; .NET CLR 1.1.4322; .NET CLR 3.0.04506.30)" 0 www.poach.org
72.211.197.19 - - [01/Apr/2007:03:10:18 -0400] "GET /favicon.ico HTTP/1.1" 404 296 "-" "Mozilla/4.0 (compatible; MSIE 7.0; Windows NT 5.1; .NET CLR 2.0.50727; .NET CLR 1.1.4322; .NET CLR 3.0.04506.30)" 0 www.poach.org
65.55.208.206 - - [01/Apr/2007:17:26:13 -0400] "GET /robots.txt HTTP/1.0" 404 287 "-" "msnbot/1.0 (+http://search.msn.com/msnbot.htm)" 0 www.poach.org
65.55.208.206 - - [01/Apr/2007:17:26:13 -0400] "GET /allstate_nn4.html HTTP/1.0" 404 294 "-" "msnbot/1.0 (+http://search.msn.com/msnbot.htm)" 0 www.poach.org
12.226.183.239 - - [01/Apr/2007:17:45:34 -0400] "GET /index.htm HTTP/1.1" 404 298 "http://search.yahoo.com/search?p=Poach&fr=yfp-t-501&toggle=1&cop=mss&ei=UTF-8" "Mozilla/4.0 (compatible; MSIE 7.0; Windows NT 5.1; .NET CLR 1.0.3705; .NET CLR 1.1.4322; Media Center PC 4.0; .NET CLR 2.0.50727)" 0 www.poach.org
217.212.224.143 - - [01/Apr/2007:21:15:38 -0400] "GET /robots.txt HTTP/1.0" 404 287 "-" "psbot/0.1 (+http://www.picsearch.com/bot.html)" 0 www.poach.org
217.212.224.168 - - [01/Apr/2007:21:15:42 -0400] "GET / HTTP/1.0" 200 305 "-" "psbot/0.1 (+http://www.picsearch.com/bot.html)" 0 www.poach.org
74.6.75.46 - - [01/Apr/2007:21:55:28 -0400] "GET /robots.txt HTTP/1.0" 404 287 "-" "Mozilla/5.0 (compatible; Yahoo! Slurp; http://help.yahoo.com/help/us/ysearch/slurp)" 0 www.poach.org
74.6.71.49 - - [01/Apr/2007:21:55:28 -0400] "GET / HTTP/1.0" 200 305 "-" "Mozilla/5.0 (compatible; Yahoo! Slurp; http://help.yahoo.com/help/us/ysearch/slurp)" 0 www.poach.org
69.92.11.32 - - [01/Apr/2007:23:48:16 -0400] "GET / HTTP/1.1" 200 317 "-" "Mozilla/4.0 (compatible; MSIE 6.0; Windows NT 5.1; SV1; .NET CLR 1.1.4322; Windows-Media-Player/10.00.00.3990)" 0 www.poach.org
64.246.165.140 - - [02/Apr/2007:00:36:51 -0400] "GET /robots.txt HTTP/1.0" 404 287 "http://www.whois.sc/" "SurveyBot/2.3 (Whois Source)" 0 www.poach.org
64.246.165.140 - - [02/Apr/2007:00:36:51 -0400] "GET / HTTP/1.1" 200 317 "http://www.whois.sc/poach.org" "SurveyBot/2.3 (Whois Source)" 0 www.poach.org
74.6.75.46 - - [02/Apr/2007:13:52:31 -0400] "GET /robots.txt HTTP/1.0" 404 287 "-" "Mozilla/5.0 (compatible; Yahoo! Slurp; http://help.yahoo.com/help/us/ysearch/slurp)" 0 www.poach.org
74.6.71.151 - - [02/Apr/2007:13:52:33 -0400] "GET /resume/clresume.rtf, HTTP/1.0" 404 297 "-" "Mozilla/5.0 (compatible; Yahoo! Slurp; http://help.yahoo.com/help/us/ysearch/slurp)" 0 www.poach.org
66.249.72.83 - - [03/Apr/2007:00:14:33 -0400] "GET /robots.txt HTTP/1.1" 404 299 "-" "Mozilla/5.0 (compatible; Googlebot/2.1; +http://www.google.com/bot.html)" 0 www.poach.org
66.249.72.83 - - [03/Apr/2007:00:14:33 -0400] "GET / HTTP/1.1" 200 317 "-" "Mozilla/5.0 (compatible; Googlebot/2.1; +http://www.google.com/bot.html)" 0 www.poach.org
128.194.135.94 - - [03/Apr/2007:05:51:22 -0400] "GET /robots.txt HTTP/1.1" 404 299 "-" "IRLbot/3.0 (compatible; MSIE 6.0; http://irl.cs.tamu.edu/crawler)" 0 www.poach.org
74.6.86.230 - - [03/Apr/2007:10:39:22 -0400] "GET /robots.txt HTTP/1.0" 404 287 "-" "Mozilla/5.0 (compatible; Yahoo! Slurp; http://help.yahoo.com/help/us/ysearch/slurp)" 0 www.poach.org
74.6.86.112 - - [03/Apr/2007:10:41:09 -0400] "GET /logs HTTP/1.0" 301 313 "-" "Mozilla/5.0 (compatible; Yahoo! Slurp; http://help.yahoo.com/help/us/ysearch/slurp)" 0 www.poach.org
74.6.86.112 - - [03/Apr/2007:10:43:19 -0400] "GET /logs/ HTTP/1.0" 200 364 "-" "Mozilla/5.0 (compatible; Yahoo! Slurp; http://help.yahoo.com/help/us/ysearch/slurp)" 0 www.poach.org
84.104.39.226 - - [03/Apr/2007:12:05:41 -0400] "GET /robots.txt HTTP/1.0" 404 287 "-" "appie 1.1 (www.walhello.com)" 0 www.poach.org
84.104.39.226 - - [03/Apr/2007:12:05:43 -0400] "GET /page01.htm HTTP/1.0" 404 287 "-" "appie 1.1 (www.walhello.com)" 0 www.poach.org
128.194.135.94 - - [03/Apr/2007:14:32:10 -0400] "GET /allstate_nn4.html HTTP/1.1" 404 306 "-" "IRLbot/3.0 (compatible; MSIE 6.0; http://irl.cs.tamu.edu/crawler)" 0 www.poach.org
65.55.208.191 - - [04/Apr/2007:03:00:34 -0400] "GET /robots.txt HTTP/1.0" 404 287 "-" "msnbot/1.0 (+http://search.msn.com/msnbot.htm)" 0 www.poach.org
65.55.208.191 - - [04/Apr/2007:03:00:34 -0400] "GET /allstate_nn4.html HTTP/1.0" 404 294 "-" "msnbot/1.0 (+http://search.msn.com/msnbot.htm)" 0 www.poach.org
63.123.238.8 - - [04/Apr/2007:09:02:21 -0400] "GET /robots.txt HTTP/1.1" 404 299 "-" "Mozilla/2.0 (compatible; Ask Jeeves/Teoma)" 0 www.poach.org
63.123.238.8 - - [04/Apr/2007:09:02:21 -0400] "GET / HTTP/1.1" 200 317 "-" "Mozilla/2.0 (compatible; Ask Jeeves/Teoma)" 0 www.poach.org
66.249.72.83 - - [04/Apr/2007:16:09:53 -0400] "GET /robots.txt HTTP/1.1" 404 299 "-" "Mozilla/5.0 (compatible; Googlebot/2.1; +http://www.google.com/bot.html)" 0 www.poach.org
66.249.72.83 - - [04/Apr/2007:16:09:53 -0400] "GET /page11.htm HTTP/1.1" 404 299 "-" "Mozilla/5.0 (compatible; Googlebot/2.1; +http://www.google.com/bot.html)" 0 www.poach.org
74.6.75.32 - - [04/Apr/2007:17:11:10 -0400] "GET /robots.txt HTTP/1.0" 404 287 "-" "Mozilla/5.0 (compatible; Yahoo! Slurp; http://help.yahoo.com/help/us/ysearch/slurp)" 0 www.poach.org
74.6.71.49 - - [04/Apr/2007:17:11:10 -0400] "GET / HTTP/1.0" 200 305 "-" "Mozilla/5.0 (compatible; Yahoo! Slurp; http://help.yahoo.com/help/us/ysearch/slurp)" 0 www.poach.org
207.112.69.64 - - [05/Apr/2007:01:08:56 -0400] "GET / HTTP/1.0" 200 305 "-" "Mozilla/4.0 (compatible; ICS)" 0 www.poach.org
65.55.208.191 - - [05/Apr/2007:10:23:35 -0400] "GET /robots.txt HTTP/1.0" 404 287 "-" "msnbot/1.0 (+http://search.msn.com/msnbot.htm)" 0 www.poach.org
65.55.208.191 - - [05/Apr/2007:10:23:36 -0400] "GET /allstate_nn4.html HTTP/1.0" 404 294 "-" "msnbot/1.0 (+http://search.msn.com/msnbot.htm)" 0 www.poach.org
84.104.39.226 - - [05/Apr/2007:11:35:39 -0400] "GET /robots.txt HTTP/1.0" 404 287 "-" "appie 1.1 (www.walhello.com)" 0 www.poach.org
84.104.39.226 - - [05/Apr/2007:11:35:42 -0400] "GET /page02.htm HTTP/1.0" 404 287 "-" "appie 1.1 (www.walhello.com)" 0 www.poach.org
74.124.192.113 - - [05/Apr/2007:11:39:23 -0400] "GET /page12.htm HTTP/1.0" 404 287 "-" "Mozilla/4.0 (compatible; MSIE 6.0; Windows NT 5.0; .NET CLR 1.1.4322)" 0 www.poach.org
74.124.192.113 - - [05/Apr/2007:11:39:28 -0400] "GET /page11.htm HTTP/1.0" 404 287 "-" "Mozilla/4.0 (compatible; MSIE 6.0; Windows NT 5.0; .NET CLR 1.1.4322)" 0 www.poach.org
84.104.39.226 - - [05/Apr/2007:16:02:50 -0400] "GET /robots.txt HTTP/1.0" 404 287 "-" "appie 1.1 (www.walhello.com)" 0 www.poach.org
84.104.39.226 - - [05/Apr/2007:16:02:53 -0400] "GET /page12.htm HTTP/1.0" 404 287 "-" "appie 1.1 (www.walhello.com)" 0 www.poach.org
66.249.65.166 - - [05/Apr/2007:17:32:12 -0400] "GET /robots.txt HTTP/1.1" 404 299 "-" "Mozilla/5.0 (compatible; Googlebot/2.1; +http://www.google.com/bot.html)" 0 www.poach.org
66.249.65.166 - - [05/Apr/2007:17:32:12 -0400] "GET /logs/error.log HTTP/1.1" 200 18255 "-" "Mozilla/5.0 (compatible; Googlebot/2.1; +http://www.google.com/bot.html)" 0 www.poach.org
66.249.65.166 - - [05/Apr/2007:17:32:13 -0400] "GET /robots.txt HTTP/1.1" 404 299 "-" "Mozilla/5.0 (compatible; Googlebot/2.1; +http://www.google.com/bot.html)" 0 www.poach.org
66.249.65.166 - - [05/Apr/2007:17:32:13 -0400] "GET /logs/ HTTP/1.1" 200 376 "-" "Mozilla/5.0 (compatible; Googlebot/2.1; +http://www.google.com/bot.html)" 0 www.poach.org
66.249.65.166 - - [05/Apr/2007:18:15:28 -0400] "GET /logs HTTP/1.1" 301 325 "-" "Mozilla/5.0 (compatible; Googlebot/2.1; +http://www.google.com/bot.html)" 0 www.poach.org
66.249.65.166 - - [05/Apr/2007:18:15:33 -0400] "GET /resume/clresume.rtf HTTP/1.1" 404 308 "-" "Mozilla/5.0 (compatible; Googlebot/2.1; +http://www.google.com/bot.html)" 0 www.poach.org
65.54.188.97 - - [05/Apr/2007:19:19:35 -0400] "GET /robots.txt HTTP/1.0" 404 287 "-" "msnbot/1.0 (+http://search.msn.com/msnbot.htm)" 0 www.poach.org
65.54.188.97 - - [05/Apr/2007:19:19:35 -0400] "GET /allstate_nn4.html HTTP/1.0" 404 294 "-" "msnbot/1.0 (+http://search.msn.com/msnbot.htm)" 0 www.poach.org
74.6.75.27 - - [06/Apr/2007:00:33:38 -0400] "GET /robots.txt HTTP/1.0" 404 287 "-" "Mozilla/5.0 (compatible; Yahoo! Slurp; http://help.yahoo.com/help/us/ysearch/slurp)" 0 www.poach.org
72.30.177.169 - - [06/Apr/2007:00:33:38 -0400] "GET /page06.htm HTTP/1.0" 404 287 "-" "Mozilla/5.0 (compatible; Yahoo! Slurp; http://help.yahoo.com/help/us/ysearch/slurp)" 0 www.poach.org
64.246.165.130 - - [06/Apr/2007:13:29:21 -0400] "GET / HTTP/1.0" 200 305 "-" "Mozilla/4.0 (compatible; MSIE 6.0; Windows NT 5.2; {E12EDDF0-EE40-C76D-85D0-8861BDE2E7AE}; .NET CLR 1.1.4322)" 0 www.poach.org
74.6.75.27 - - [06/Apr/2007:15:41:48 -0400] "GET /robots.txt HTTP/1.0" 404 287 "-" "Mozilla/5.0 (compatible; Yahoo! Slurp; http://help.yahoo.com/help/us/ysearch/slurp)" 0 www.poach.org
74.6.71.49 - - [06/Apr/2007:15:41:48 -0400] "GET / HTTP/1.0" 200 305 "-" "Mozilla/5.0 (compatible; Yahoo! Slurp; http://help.yahoo.com/help/us/ysearch/slurp)" 0 www.poach.org
74.124.192.79 - - [06/Apr/2007:16:45:01 -0400] "GET /page11.htm HTTP/1.0" 404 287 "-" "Mozilla/4.0 (compatible; MSIE 6.0; Windows NT 5.0; .NET CLR 1.1.4322)" 0 www.poach.org
65.55.208.191 - - [06/Apr/2007:17:16:16 -0400] "GET /robots.txt HTTP/1.0" 404 287 "-" "msnbot/1.0 (+http://search.msn.com/msnbot.htm)" 0 www.poach.org
65.55.208.191 - - [06/Apr/2007:17:16:16 -0400] "GET /allstate_nn4.html HTTP/1.0" 404 294 "-" "msnbot/1.0 (+http://search.msn.com/msnbot.htm)" 0 www.poach.org
66.249.65.166 - - [06/Apr/2007:17:48:27 -0400] "GET /robots.txt HTTP/1.1" 404 299 "-" "Mozilla/5.0 (compatible; Googlebot/2.1; +http://www.google.com/bot.html)" 0 www.poach.org
66.249.65.166 - - [06/Apr/2007:17:48:27 -0400] "GET /logs/access.log HTTP/1.1" 200 33606 "-" "Mozilla/5.0 (compatible; Googlebot/2.1; +http://www.google.com/bot.html)" 0 www.poach.org
66.249.65.166 - - [06/Apr/2007:17:51:38 -0400] "GET /logs/ HTTP/1.1" 200 376 "-" "Mozilla/5.0 (compatible; Googlebot/2.1; +http://www.google.com/bot.html)" 0 www.poach.org
195.225.237.45 - - [06/Apr/2007:23:57:36 -0400] "GET / HTTP/1.0" 200 305 "-" "-" 0 www.poach.org
66.249.65.166 - - [07/Apr/2007:09:44:26 -0400] "GET /robots.txt HTTP/1.1" 404 299 "-" "Mozilla/5.0 (compatible; Googlebot/2.1; +http://www.google.com/bot.html)" 0 www.poach.org
66.249.65.166 - - [07/Apr/2007:09:44:26 -0400] "GET / HTTP/1.1" 200 317 "-" "Mozilla/5.0 (compatible; Googlebot/2.1; +http://www.google.com/bot.html)" 0 www.poach.org
74.6.75.27 - - [07/Apr/2007:15:11:03 -0400] "GET /robots.txt HTTP/1.0" 404 287 "-" "Mozilla/5.0 (compatible; Yahoo! Slurp; http://help.yahoo.com/help/us/ysearch/slurp)" 0 www.poach.org
74.6.70.166 - - [07/Apr/2007:15:11:04 -0400] "GET /allstate.html HTTP/1.0" 404 290 "-" "Mozilla/5.0 (compatible; Yahoo! Slurp; http://help.yahoo.com/help/us/ysearch/slurp)" 0 www.poach.org
65.55.208.191 - - [08/Apr/2007:00:20:48 -0400] "GET /robots.txt HTTP/1.0" 404 287 "-" "msnbot/1.0 (+http://search.msn.com/msnbot.htm)" 0 www.poach.org
65.55.208.191 - - [08/Apr/2007:00:20:48 -0400] "GET /allstate_nn4.html HTTP/1.0" 404 294 "-" "msnbot/1.0 (+http://search.msn.com/msnbot.htm)" 0 www.poach.org
65.55.212.123 - - [08/Apr/2007:08:34:06 -0400] "GET /robots.txt HTTP/1.0" 404 287 "-" "msnbot-media/1.0 (+http://search.msn.com/msnbot.htm)" 0 www.poach.org
65.55.212.123 - - [08/Apr/2007:08:34:09 -0400] "GET /allstate_nn4.html HTTP/1.0" 404 294 "-" "msnbot-media/1.0 (+http://search.msn.com/msnbot.htm)" 0 www.poach.org
66.249.65.166 - - [08/Apr/2007:10:45:02 -0400] "GET /robots.txt HTTP/1.1" 404 299 "-" "Mozilla/5.0 (compatible; Googlebot/2.1; +http://www.google.com/bot.html)" 0 www.poach.org
66.249.65.166 - - [08/Apr/2007:10:45:02 -0400] "GET / HTTP/1.1" 200 317 "-" "Mozilla/5.0 (compatible; Googlebot/2.1; +http://www.google.com/bot.html)" 0 www.poach.org
65.55.212.123 - - [08/Apr/2007:21:15:08 -0400] "GET /robots.txt HTTP/1.0" 404 287 "-" "msnbot-media/1.0 (+http://search.msn.com/msnbot.htm)" 0 www.poach.org
65.55.212.123 - - [08/Apr/2007:21:15:08 -0400] "GET /allstate_nn4.html HTTP/1.0" 404 294 "-" "msnbot-media/1.0 (+http://search.msn.com/msnbot.htm)" 0 www.poach.org
74.6.75.27 - - [08/Apr/2007:22:51:50 -0400] "GET /robots.txt HTTP/1.0" 404 287 "-" "Mozilla/5.0 (compatible; Yahoo! Slurp; http://help.yahoo.com/help/us/ysearch/slurp)" 0 www.poach.org
74.6.71.49 - - [08/Apr/2007:22:51:50 -0400] "GET / HTTP/1.0" 200 305 "-" "Mozilla/5.0 (compatible; Yahoo! Slurp; http://help.yahoo.com/help/us/ysearch/slurp)" 0 www.poach.org
216.145.14.142 - - [09/Apr/2007:00:44:18 -0400] "GET /robots.txt HTTP/1.0" 404 287 "http://www.whois.sc/" "SurveyBot/2.3 (Whois Source)" 0 www.poach.org
216.145.14.142 - - [09/Apr/2007:00:44:18 -0400] "GET / HTTP/1.1" 200 317 "http://www.whois.sc/poach.org" "SurveyBot/2.3 (Whois Source)" 0 www.poach.org
65.55.208.191 - - [09/Apr/2007:07:22:50 -0400] "GET /robots.txt HTTP/1.0" 404 287 "-" "msnbot/1.0 (+http://search.msn.com/msnbot.htm)" 0 www.poach.org
65.55.208.191 - - [09/Apr/2007:07:22:50 -0400] "GET /allstate_nn4.html HTTP/1.0" 404 294 "-" "msnbot/1.0 (+http://search.msn.com/msnbot.htm)" 0 www.poach.org
74.52.245.146 - - [09/Apr/2007:11:53:39 -0400] "GET / HTTP/1.0" 200 305 "-" "Mozilla/5.0 (X11; U; Linux i686; en-US; rv:1.7.5) Gecko/20041107 Firefox/1.0" 0 www.poach.org
66.249.65.240 - - [09/Apr/2007:18:21:56 -0400] "GET /robots.txt HTTP/1.1" 404 299 "-" "Mozilla/5.0 (compatible; Googlebot/2.1; +http://www.google.com/bot.html)" 0 www.poach.org
66.249.65.240 - - [09/Apr/2007:18:21:56 -0400] "GET /logs/ HTTP/1.1" 200 376 "-" "Mozilla/5.0 (compatible; Googlebot/2.1; +http://www.google.com/bot.html)" 0 www.poach.org
66.249.65.240 - - [09/Apr/2007:18:22:10 -0400] "GET /logs/error.log HTTP/1.1" 200 21544 "-" "Mozilla/5.0 (compatible; Googlebot/2.1; +http://www.google.com/bot.html)" 0 www.poach.org
66.249.65.240 - - [09/Apr/2007:18:22:17 -0400] "GET /logs/access.log HTTP/1.1" 200 37749 "-" "Mozilla/5.0 (compatible; Googlebot/2.1; +http://www.google.com/bot.html)" 0 www.poach.org
74.6.75.27 - - [09/Apr/2007:23:38:43 -0400] "GET /robots.txt HTTP/1.0" 404 287 "-" "Mozilla/5.0 (compatible; Yahoo! Slurp; http://help.yahoo.com/help/us/ysearch/slurp)" 0 www.poach.org
74.6.71.151 - - [09/Apr/2007:23:38:44 -0400] "GET /resume/clresume.rtf, HTTP/1.0" 404 297 "-" "Mozilla/5.0 (compatible; Yahoo! Slurp; http://help.yahoo.com/help/us/ysearch/slurp)" 0 www.poach.org
74.6.75.27 - - [10/Apr/2007:07:00:46 -0400] "GET /robots.txt HTTP/1.0" 404 287 "-" "Mozilla/5.0 (compatible; Yahoo! Slurp; http://help.yahoo.com/help/us/ysearch/slurp)" 0 www.poach.org
74.6.71.49 - - [10/Apr/2007:07:00:54 -0400] "GET / HTTP/1.0" 200 305 "-" "Mozilla/5.0 (compatible; Yahoo! Slurp; http://help.yahoo.com/help/us/ysearch/slurp)" 0 www.poach.org
68.142.212.221 - - [10/Apr/2007:09:18:11 -0400] "GET /robots.txt HTTP/1.0" 404 287 "-" "Yahoo-MMCrawler/3.x (mms dash mmcrawler dash support at yahoo dash inc dot com)" 0 www.poach.org
65.55.208.191 - - [10/Apr/2007:14:01:50 -0400] "GET /robots.txt HTTP/1.0" 404 287 "-" "msnbot/1.0 (+http://search.msn.com/msnbot.htm)" 0 www.poach.org
65.55.208.191 - - [10/Apr/2007:14:01:52 -0400] "GET /allstate_nn4.html HTTP/1.0" 404 294 "-" "msnbot/1.0 (+http://search.msn.com/msnbot.htm)" 0 www.poach.org
74.6.87.30 - - [10/Apr/2007:18:50:14 -0400] "GET /robots.txt HTTP/1.0" 404 287 "-" "Mozilla/5.0 (compatible; Yahoo! Slurp; http://help.yahoo.com/help/us/ysearch/slurp)" 0 www.poach.org
74.6.86.25 - - [10/Apr/2007:18:50:15 -0400] "GET /allstate.html HTTP/1.0" 404 290 "-" "Mozilla/5.0 (compatible; Yahoo! Slurp; http://help.yahoo.com/help/us/ysearch/slurp)" 0 www.poach.org
66.249.65.240 - - [10/Apr/2007:19:46:07 -0400] "GET /robots.txt HTTP/1.1" 404 299 "-" "Mozilla/5.0 (compatible; Googlebot/2.1; +http://www.google.com/bot.html)" 0 www.poach.org
66.249.65.240 - - [10/Apr/2007:19:46:08 -0400] "GET / HTTP/1.1" 200 317 "-" "Mozilla/5.0 (compatible; Googlebot/2.1; +http://www.google.com/bot.html)" 0 www.poach.org
66.249.65.240 - - [10/Apr/2007:19:46:18 -0400] "GET /logs/access.log HTTP/1.1" 200 39885 "-" "Mozilla/5.0 (compatible; Googlebot/2.1; +http://www.google.com/bot.html)" 0 www.poach.org
65.222.176.122 - - [10/Apr/2007:20:12:11 -0400] "GET / HTTP/1.1" 200 313 "-" "Mozilla/4.0 (compatible; MSIE 6.0; Windows XP)" 0 www.poach.org
65.222.176.122 - - [10/Apr/2007:20:12:12 -0400] "GET /logs HTTP/1.1" 301 317 "http://poach.org/" "Mozilla/4.0 (compatible; MSIE 6.0; Windows XP)" 0 www.poach.org
65.222.176.122 - - [10/Apr/2007:20:12:14 -0400] "GET /logs/ HTTP/1.1" 200 372 "http://poach.org/logs" "Mozilla/4.0 (compatible; MSIE 6.0; Windows XP)" 0 www.poach.org
65.222.176.122 - - [10/Apr/2007:20:12:27 -0400] "GET /logs/error.log HTTP/1.1" 200 22676 "http://poach.org/logs/" "Mozilla/4.0 (compatible; MSIE 6.0; Windows XP)" 1 www.poach.org
65.222.176.122 - - [10/Apr/2007:20:12:27 -0400] "GET /logs/access.log HTTP/1.1" 200 40719 "http://poach.org/logs/" "Mozilla/4.0 (compatible; MSIE 6.0; Windows XP)" 0 www.poach.org
74.6.87.30 - - [10/Apr/2007:20:29:07 -0400] "GET /robots.txt HTTP/1.0" 404 287 "-" "Mozilla/5.0 (compatible; Yahoo! Slurp; http://help.yahoo.com/help/us/ysearch/slurp)" 0 www.poach.org
74.6.85.154 - - [10/Apr/2007:20:29:36 -0400] "GET /allstate_nn4.html HTTP/1.0" 404 294 "-" "Mozilla/5.0 (compatible; Yahoo! Slurp; http://help.yahoo.com/help/us/ysearch/slurp)" 0 www.poach.org
74.6.87.30 - - [11/Apr/2007:00:54:48 -0400] "GET /robots.txt HTTP/1.0" 404 287 "-" "Mozilla/5.0 (compatible; Yahoo! Slurp; http://help.yahoo.com/help/us/ysearch/slurp)" 0 www.poach.org
74.6.86.112 - - [11/Apr/2007:00:55:14 -0400] "GET /logs HTTP/1.0" 301 313 "-" "Mozilla/5.0 (compatible; Yahoo! Slurp; http://help.yahoo.com/help/us/ysearch/slurp)" 0 www.poach.org
74.6.86.112 - - [11/Apr/2007:00:57:16 -0400] "GET /logs/ HTTP/1.0" 200 364 "-" "Mozilla/5.0 (compatible; Yahoo! Slurp; http://help.yahoo.com/help/us/ysearch/slurp)" 0 www.poach.org
74.6.86.162 - - [11/Apr/2007:00:59:00 -0400] "GET /logs/access.log HTTP/1.0" 200 41823 "-" "Mozilla/5.0 (compatible; Yahoo! Slurp; http://help.yahoo.com/help/us/ysearch/slurp)" 0 www.poach.org
74.6.87.30 - - [11/Apr/2007:02:16:59 -0400] "GET /robots.txt HTTP/1.0" 404 287 "-" "Mozilla/5.0 (compatible; Yahoo! Slurp; http://help.yahoo.com/help/us/ysearch/slurp)" 0 www.poach.org
74.6.85.211 - - [11/Apr/2007:02:16:59 -0400] "GET / HTTP/1.0" 200 305 "-" "Mozilla/5.0 (compatible; Yahoo! Slurp; http://help.yahoo.com/help/us/ysearch/slurp)" 0 www.poach.org
74.6.87.30 - - [11/Apr/2007:03:28:24 -0400] "GET /robots.txt HTTP/1.0" 404 287 "-" "Mozilla/5.0 (compatible; Yahoo! Slurp; http://help.yahoo.com/help/us/ysearch/slurp)" 0 www.poach.org
74.6.87.46 - - [11/Apr/2007:03:28:25 -0400] "GET /logs/error.log HTTP/1.0" 200 23294 "-" "Mozilla/5.0 (compatible; Yahoo! Slurp; http://help.yahoo.com/help/us/ysearch/slurp)" 1 www.poach.org
63.123.238.8 - - [11/Apr/2007:09:15:16 -0400] "GET /robots.txt HTTP/1.1" 404 299 "-" "Mozilla/2.0 (compatible; Ask Jeeves/Teoma)" 0 www.poach.org
63.123.238.8 - - [11/Apr/2007:09:15:16 -0400] "GET / HTTP/1.1" 200 317 "-" "Mozilla/2.0 (compatible; Ask Jeeves/Teoma)" 0 www.poach.org
66.249.65.240 - - [11/Apr/2007:10:23:21 -0400] "GET /robots.txt HTTP/1.1" 404 299 "-" "Mozilla/5.0 (compatible; Googlebot/2.1; +http://www.google.com/bot.html)" 0 www.poach.org
66.249.65.240 - - [11/Apr/2007:11:34:18 -0400] "GET /page06.htm HTTP/1.1" 404 299 "-" "Mozilla/5.0 (compatible; Googlebot/2.1; +http://www.google.com/bot.html)" 0 www.poach.org
74.15.184.134 - - [11/Apr/2007:18:41:18 -0400] "GET / HTTP/1.0" 200 305 "-" "Mozilla/4.0 (compatible; MSIE 6.0; Windows NT 5.0)" 0 www.poach.org
74.15.184.134 - - [11/Apr/2007:18:41:20 -0400] "GET / HTTP/1.0" 200 301 "-" "Mozilla/4.0 (compatible; MSIE 6.0; Windows NT 5.0)" 0 www.poach.org
4.174.234.174 - - [11/Apr/2007:19:00:11 -0400] "GET /favicon.ico HTTP/1.1" 404 300 "-" "Mozilla/4.0 (compatible; MSIE 7.0; Windows NT 5.1; .NET CLR 1.1.4322; MSN 9.0;MSN 9.1; MSNbMSNI; MSNmen-us; MSNcIA)" 0 www.poach.org
65.55.208.191 - - [11/Apr/2007:20:40:36 -0400] "GET /robots.txt HTTP/1.0" 404 287 "-" "msnbot/1.0 (+http://search.msn.com/msnbot.htm)" 0 www.poach.org
65.55.208.191 - - [11/Apr/2007:20:40:36 -0400] "GET /allstate_nn4.html HTTP/1.0" 404 294 "-" "msnbot/1.0 (+http://search.msn.com/msnbot.htm)" 0 www.poach.org
74.6.75.32 - - [12/Apr/2007:01:38:11 -0400] "GET /robots.txt HTTP/1.0" 404 287 "-" "Mozilla/5.0 (compatible; Yahoo! Slurp; http://help.yahoo.com/help/us/ysearch/slurp)" 0 www.poach.org
74.6.74.166 - - [12/Apr/2007:01:38:11 -0400] "GET /buttons.htm HTTP/1.0" 404 288 "-" "Mozilla/5.0 (compatible; Yahoo! Slurp; http://help.yahoo.com/help/us/ysearch/slurp)" 0 www.poach.org
74.6.75.32 - - [12/Apr/2007:03:27:07 -0400] "GET /robots.txt HTTP/1.0" 404 287 "-" "Mozilla/5.0 (compatible; Yahoo! Slurp; http://help.yahoo.com/help/us/ysearch/slurp)" 0 www.poach.org
74.6.74.72 - - [12/Apr/2007:03:27:09 -0400] "GET /page10.htm HTTP/1.0" 404 287 "-" "Mozilla/5.0 (compatible; Yahoo! Slurp; http://help.yahoo.com/help/us/ysearch/slurp)" 0 www.poach.org
170.232.128.11 - - [12/Apr/2007:13:06:09 -0400] "GET /index.htm HTTP/1.1" 404 298 "-" "Mozilla/4.0 (compatible; MSIE 6.0; Windows NT 5.0)" 0 www.poach.org
170.232.128.11 - - [12/Apr/2007:13:06:10 -0400] "GET /index.htm HTTP/1.1" 404 298 "-" "Mozilla/4.0 (compatible; MSIE 6.0; Windows NT 5.0)" 0 www.poach.org
65.55.208.191 - - [13/Apr/2007:03:29:37 -0400] "GET /robots.txt HTTP/1.0" 404 287 "-" "msnbot/1.0 (+http://search.msn.com/msnbot.htm)" 0 www.poach.org
65.55.208.191 - - [13/Apr/2007:03:29:37 -0400] "GET /allstate_nn4.html HTTP/1.0" 404 294 "-" "msnbot/1.0 (+http://search.msn.com/msnbot.htm)" 0 www.poach.org
66.249.65.240 - - [13/Apr/2007:09:49:51 -0400] "GET /robots.txt HTTP/1.1" 404 299 "-" "Mozilla/5.0 (compatible; Googlebot/2.1; +http://www.google.com/bot.html)" 0 www.poach.org
66.249.65.240 - - [13/Apr/2007:09:49:51 -0400] "GET /logs/error.log HTTP/1.1" 200 25173 "-" "Mozilla/5.0 (compatible; Googlebot/2.1; +http://www.google.com/bot.html)" 0 www.poach.org
66.249.65.240 - - [13/Apr/2007:14:27:59 -0400] "GET /logs HTTP/1.1" 301 325 "-" "Mozilla/5.0 (compatible; Googlebot/2.1; +http://www.google.com/bot.html)" 0 www.poach.org
66.249.65.240 - - [13/Apr/2007:14:28:00 -0400] "GET /logs/ HTTP/1.1" 200 376 "-" "Mozilla/5.0 (compatible; Googlebot/2.1; +http://www.google.com/bot.html)" 0 www.poach.org
74.6.75.32 - - [13/Apr/2007:16:57:58 -0400] "GET /robots.txt HTTP/1.0" 404 287 "-" "Mozilla/5.0 (compatible; Yahoo! Slurp; http://help.yahoo.com/help/us/ysearch/slurp)" 0 www.poach.org
74.6.73.217 - - [13/Apr/2007:16:57:58 -0400] "GET /index.htm HTTP/1.0" 404 286 "-" "Mozilla/5.0 (compatible; Yahoo! Slurp; http://help.yahoo.com/help/us/ysearch/slurp)" 0 www.poach.org
212.95.252.16 - - [13/Apr/2007:18:54:44 -0400] "GET / HTTP/1.0" 200 305 "-" "Mozilla/4.0 (compatible; MSIE 6.0; Windows NT 5.1)" 0 www.poach.org
63.251.210.65 - - [13/Apr/2007:22:58:18 -0400] "GET /robots.txt HTTP/1.1" 404 299 "-" "LocalcomBot/1.3.0 (+http://www.local.com/bot.htm)" 0 www.poach.org
63.251.210.65 - - [13/Apr/2007:22:58:18 -0400] "GET / HTTP/1.1" 200 317 "-" "LocalcomBot/1.3.0 (+http://www.local.com/bot.htm)" 0 www.poach.org
63.251.210.65 - - [13/Apr/2007:22:58:20 -0400] "GET /logs/ HTTP/1.1" 200 376 "-" "LocalcomBot/1.3.0 (+http://www.local.com/bot.htm)" 0 www.poach.org
63.251.210.65 - - [13/Apr/2007:22:58:22 -0400] "GET /logs/access.log HTTP/1.1" 200 47236 "-" "LocalcomBot/1.3.0 (+http://www.local.com/bot.htm)" 1 www.poach.org
63.251.210.65 - - [13/Apr/2007:22:58:24 -0400] "GET /logs/error.log HTTP/1.1" 200 25542 "-" "LocalcomBot/1.3.0 (+http://www.local.com/bot.htm)" 0 www.poach.org
64.34.145.201 - - [14/Apr/2007:00:22:54 -0400] "GET /robots.txt HTTP/1.0" 404 287 "-" "SBIder/SBIder-0.8.2-dev (http://www.sitesell.com/sbider.html)" 0 www.poach.org
64.34.145.201 - - [14/Apr/2007:00:22:54 -0400] "GET /allstate_nn4.html HTTP/1.0" 404 294 "-" "SBIder/SBIder-0.8.2-dev (http://www.sitesell.com/sbider.html)" 0 www.poach.org
66.249.65.240 - - [14/Apr/2007:05:50:54 -0400] "GET /robots.txt HTTP/1.1" 404 299 "-" "Mozilla/5.0 (compatible; Googlebot/2.1; +http://www.google.com/bot.html)" 0 www.poach.org
66.249.65.240 - - [14/Apr/2007:05:50:55 -0400] "GET /logs/access.log HTTP/1.1" 200 48073 "-" "Mozilla/5.0 (compatible; Googlebot/2.1; +http://www.google.com/bot.html)" 0 www.poach.org
66.249.65.240 - - [14/Apr/2007:08:22:20 -0400] "GET /index.htm HTTP/1.1" 404 298 "-" "Mozilla/5.0 (compatible; Googlebot/2.1; +http://www.google.com/bot.html)" 0 www.poach.org
74.6.75.32 - - [14/Apr/2007:10:05:09 -0400] "GET /robots.txt HTTP/1.0" 404 287 "-" "Mozilla/5.0 (compatible; Yahoo! Slurp; http://help.yahoo.com/help/us/ysearch/slurp)" 0 www.poach.org
74.6.65.254 - - [14/Apr/2007:10:05:09 -0400] "GET / HTTP/1.0" 200 305 "-" "Mozilla/5.0 (compatible; Yahoo! Slurp; http://help.yahoo.com/help/us/ysearch/slurp)" 0 www.poach.org
65.55.208.191 - - [14/Apr/2007:10:20:42 -0400] "GET /robots.txt HTTP/1.0" 404 287 "-" "msnbot/1.0 (+http://search.msn.com/msnbot.htm)" 0 www.poach.org
65.55.208.191 - - [14/Apr/2007:10:20:42 -0400] "GET /allstate_nn4.html HTTP/1.0" 404 294 "-" "msnbot/1.0 (+http://search.msn.com/msnbot.htm)" 0 www.poach.org
74.6.75.32 - - [15/Apr/2007:10:24:00 -0400] "GET /robots.txt HTTP/1.0" 404 287 "-" "Mozilla/5.0 (compatible; Yahoo! Slurp; http://help.yahoo.com/help/us/ysearch/slurp)" 0 www.poach.org
74.6.71.187 - - [15/Apr/2007:10:24:00 -0400] "GET /page11.htm HTTP/1.0" 404 287 "-" "Mozilla/5.0 (compatible; Yahoo! Slurp; http://help.yahoo.com/help/us/ysearch/slurp)" 0 www.poach.org
74.6.75.32 - - [15/Apr/2007:13:28:21 -0400] "GET /robots.txt HTTP/1.0" 404 287 "-" "Mozilla/5.0 (compatible; Yahoo! Slurp; http://help.yahoo.com/help/us/ysearch/slurp)" 0 www.poach.org
74.6.68.232 - - [15/Apr/2007:13:28:21 -0400] "GET /page02.htm HTTP/1.0" 404 287 "-" "Mozilla/5.0 (compatible; Yahoo! Slurp; http://help.yahoo.com/help/us/ysearch/slurp)" 0 www.poach.org
