74.6.68.232 - - [08/May/2007:00:39:43 -0400] "GET /page02.htm HTTP/1.0" 404 287 "-" "Mozilla/5.0 (compatible; Yahoo! Slurp; http://help.yahoo.com/help/us/ysearch/slurp)" 0 www.poach.org
74.6.75.13 - - [08/May/2007:03:16:42 -0400] "GET /robots.txt HTTP/1.0" 404 287 "-" "Mozilla/5.0 (compatible; Yahoo! Slurp; http://help.yahoo.com/help/us/ysearch/slurp)" 0 www.poach.org
74.6.72.83 - - [08/May/2007:03:16:42 -0400] "GET /page04.htm HTTP/1.0" 404 287 "-" "Mozilla/5.0 (compatible; Yahoo! Slurp; http://help.yahoo.com/help/us/ysearch/slurp)" 0 www.poach.org
74.6.86.230 - - [08/May/2007:06:54:12 -0400] "GET /robots.txt HTTP/1.0" 404 287 "-" "Mozilla/5.0 (compatible; Yahoo! Slurp; http://help.yahoo.com/help/us/ysearch/slurp)" 0 www.poach.org
74.6.86.162 - - [08/May/2007:06:59:48 -0400] "GET /logs/access.log HTTP/1.0" 200 100542 "-" "Mozilla/5.0 (compatible; Yahoo! Slurp; http://help.yahoo.com/help/us/ysearch/slurp)" 0 www.poach.org
74.6.75.13 - - [08/May/2007:21:53:03 -0400] "GET /robots.txt HTTP/1.0" 404 287 "-" "Mozilla/5.0 (compatible; Yahoo! Slurp; http://help.yahoo.com/help/us/ysearch/slurp)" 0 www.poach.org
74.6.67.222 - - [08/May/2007:21:53:04 -0400] "GET /page03.htm HTTP/1.0" 404 287 "-" "Mozilla/5.0 (compatible; Yahoo! Slurp; http://help.yahoo.com/help/us/ysearch/slurp)" 0 www.poach.org
210.150.10.91 - - [08/May/2007:23:21:55 -0400] "GET /robots.txt HTTP/1.1" 404 299 "-" "ichiro/2.0 (http://help.goo.ne.jp/door/crawler.html)" 0 www.poach.org
210.150.10.91 - - [08/May/2007:23:23:13 -0400] "GET /allstate_nn4.html HTTP/1.1" 404 306 "-" "ichiro/2.0 (http://help.goo.ne.jp/door/crawler.html)" 0 www.poach.org
74.6.75.13 - - [09/May/2007:00:09:35 -0400] "GET /robots.txt HTTP/1.0" 404 287 "-" "Mozilla/5.0 (compatible; Yahoo! Slurp; http://help.yahoo.com/help/us/ysearch/slurp)" 0 www.poach.org
74.6.68.170 - - [09/May/2007:00:09:35 -0400] "GET / HTTP/1.0" 200 305 "-" "Mozilla/5.0 (compatible; Yahoo! Slurp; http://help.yahoo.com/help/us/ysearch/slurp)" 0 www.poach.org
74.6.75.13 - - [09/May/2007:05:01:32 -0400] "GET /robots.txt HTTP/1.0" 404 287 "-" "Mozilla/5.0 (compatible; Yahoo! Slurp; http://help.yahoo.com/help/us/ysearch/slurp)" 0 www.poach.org
74.6.70.166 - - [09/May/2007:05:01:32 -0400] "GET /allstate.html HTTP/1.0" 404 290 "-" "Mozilla/5.0 (compatible; Yahoo! Slurp; http://help.yahoo.com/help/us/ysearch/slurp)" 0 www.poach.org
74.6.75.13 - - [09/May/2007:06:06:26 -0400] "GET /robots.txt HTTP/1.0" 404 287 "-" "Mozilla/5.0 (compatible; Yahoo! Slurp; http://help.yahoo.com/help/us/ysearch/slurp)" 0 www.poach.org
74.6.74.61 - - [09/May/2007:06:06:26 -0400] "GET /folder.htm HTTP/1.0" 404 287 "-" "Mozilla/5.0 (compatible; Yahoo! Slurp; http://help.yahoo.com/help/us/ysearch/slurp)" 0 www.poach.org
66.249.66.178 - - [09/May/2007:07:52:41 -0400] "GET /robots.txt HTTP/1.1" 404 299 "-" "Mozilla/5.0 (compatible; Googlebot/2.1; +http://www.google.com/bot.html)" 0 www.poach.org
66.249.66.178 - - [09/May/2007:07:52:41 -0400] "GET /logs/error.log HTTP/1.1" 200 49578 "-" "Mozilla/5.0 (compatible; Googlebot/2.1; +http://www.google.com/bot.html)" 0 www.poach.org
66.249.66.178 - - [09/May/2007:10:39:54 -0400] "GET /logs HTTP/1.1" 301 325 "-" "Mozilla/5.0 (compatible; Googlebot/2.1; +http://www.google.com/bot.html)" 0 www.poach.org
66.249.66.178 - - [09/May/2007:10:39:55 -0400] "GET /logs/ HTTP/1.1" 200 376 "-" "Mozilla/5.0 (compatible; Googlebot/2.1; +http://www.google.com/bot.html)" 0 www.poach.org
74.6.75.13 - - [09/May/2007:14:34:51 -0400] "GET /robots.txt HTTP/1.0" 404 287 "-" "Mozilla/5.0 (compatible; Yahoo! Slurp; http://help.yahoo.com/help/us/ysearch/slurp)" 0 www.poach.org
74.6.73.217 - - [09/May/2007:14:34:51 -0400] "GET /index.htm HTTP/1.0" 404 286 "-" "Mozilla/5.0 (compatible; Yahoo! Slurp; http://help.yahoo.com/help/us/ysearch/slurp)" 0 www.poach.org
63.123.238.8 - - [10/May/2007:04:42:29 -0400] "GET /robots.txt HTTP/1.1" 404 299 "-" "Mozilla/2.0 (compatible; Ask Jeeves/Teoma)" 0 www.poach.org
63.123.238.8 - - [10/May/2007:04:42:29 -0400] "GET / HTTP/1.1" 200 317 "-" "Mozilla/2.0 (compatible; Ask Jeeves/Teoma)" 0 www.poach.org
66.249.66.178 - - [10/May/2007:06:11:59 -0400] "GET /robots.txt HTTP/1.1" 404 299 "-" "Mozilla/5.0 (compatible; Googlebot/2.1; +http://www.google.com/bot.html)" 0 www.poach.org
66.249.66.178 - - [10/May/2007:06:12:00 -0400] "GET /logs/access.log HTTP/1.1" 200 104065 "-" "Mozilla/5.0 (compatible; Googlebot/2.1; +http://www.google.com/bot.html)" 1 www.poach.org
66.249.66.178 - - [10/May/2007:10:06:40 -0400] "GET /Acorn2.jpg HTTP/1.1" 404 299 "-" "Googlebot-Image/1.0" 0 www.poach.org
74.6.75.13 - - [10/May/2007:12:55:29 -0400] "GET /robots.txt HTTP/1.0" 404 287 "-" "Mozilla/5.0 (compatible; Yahoo! Slurp; http://help.yahoo.com/help/us/ysearch/slurp)" 0 www.poach.org
74.6.71.39 - - [10/May/2007:12:55:29 -0400] "GET /logs HTTP/1.0" 301 313 "-" "Mozilla/5.0 (compatible; Yahoo! Slurp; http://help.yahoo.com/help/us/ysearch/slurp)" 0 www.poach.org
74.6.71.39 - - [10/May/2007:12:55:30 -0400] "GET /logs/ HTTP/1.0" 200 364 "-" "Mozilla/5.0 (compatible; Yahoo! Slurp; http://help.yahoo.com/help/us/ysearch/slurp)" 0 www.poach.org
74.6.86.230 - - [10/May/2007:23:19:01 -0400] "GET /robots.txt HTTP/1.0" 404 287 "-" "Mozilla/5.0 (compatible; Yahoo! Slurp; http://help.yahoo.com/help/us/ysearch/slurp)" 0 www.poach.org
74.6.86.25 - - [10/May/2007:23:21:10 -0400] "GET /allstate.html HTTP/1.0" 404 290 "-" "Mozilla/5.0 (compatible; Yahoo! Slurp; http://help.yahoo.com/help/us/ysearch/slurp)" 0 www.poach.org
74.6.75.13 - - [11/May/2007:04:18:05 -0400] "GET /robots.txt HTTP/1.0" 404 287 "-" "Mozilla/5.0 (compatible; Yahoo! Slurp; http://help.yahoo.com/help/us/ysearch/slurp)" 0 www.poach.org
74.6.74.71 - - [11/May/2007:04:18:05 -0400] "GET /page09.htm HTTP/1.0" 404 287 "-" "Mozilla/5.0 (compatible; Yahoo! Slurp; http://help.yahoo.com/help/us/ysearch/slurp)" 0 www.poach.org
66.0.94.125 - - [11/May/2007:09:26:38 -0400] "GET /page01.htm HTTP/1.1" 404 299 "http://www.ask.com/web?q=why+do+people+need+lawyers%3F&qsrc=0&o=333&l=dir" "Mozilla/4.0 (compatible; MSIE 7.0; Windows NT 5.1; .NET CLR 1.1.4322; .NET CLR 2.0.50727; .NET CLR 3.0.04506.30)" 0 www.poach.org
66.0.94.125 - - [11/May/2007:09:26:41 -0400] "GET /page01.htm HTTP/1.1" 404 299 "http://www.ask.com/web?q=why+do+people+need+lawyers%3F&qsrc=0&o=333&l=dir" "Mozilla/4.0 (compatible; MSIE 7.0; Windows NT 5.1; .NET CLR 1.1.4322; .NET CLR 2.0.50727; .NET CLR 3.0.04506.30)" 0 www.poach.org
66.249.72.166 - - [11/May/2007:13:56:11 -0400] "GET /robots.txt HTTP/1.1" 404 299 "-" "Googlebot-Image/1.0" 0 www.poach.org
66.249.72.166 - - [11/May/2007:13:56:11 -0400] "GET /Acorn2.jpg HTTP/1.1" 404 299 "-" "Googlebot-Image/1.0" 0 www.poach.org
72.234.158.87 - - [11/May/2007:21:04:09 -0400] "GET /resume/clresume.rtf HTTP/1.1" 404 308 "http://www.classreport.org/usa/hi/kailua/khs/1964/" "Mozilla/4.0 (compatible; MSIE 7.0; Windows NT 5.1; .NET CLR 1.1.4322; .NET CLR 2.0.50727; .NET CLR 3.0.04506.30)" 0 www.poach.org
74.6.75.27 - - [12/May/2007:03:32:43 -0400] "GET /robots.txt HTTP/1.0" 404 287 "-" "Mozilla/5.0 (compatible; Yahoo! Slurp; http://help.yahoo.com/help/us/ysearch/slurp)" 0 www.poach.org
74.6.68.170 - - [12/May/2007:03:32:43 -0400] "GET / HTTP/1.0" 200 305 "-" "Mozilla/5.0 (compatible; Yahoo! Slurp; http://help.yahoo.com/help/us/ysearch/slurp)" 0 www.poach.org
74.6.86.230 - - [12/May/2007:05:47:11 -0400] "GET /robots.txt HTTP/1.0" 404 287 "-" "Mozilla/5.0 (compatible; Yahoo! Slurp; http://help.yahoo.com/help/us/ysearch/slurp)" 0 www.poach.org
74.6.86.112 - - [12/May/2007:05:48:07 -0400] "GET /logs HTTP/1.0" 301 313 "-" "Mozilla/5.0 (compatible; Yahoo! Slurp; http://help.yahoo.com/help/us/ysearch/slurp)" 0 www.poach.org
74.6.86.112 - - [12/May/2007:05:52:44 -0400] "GET /logs/ HTTP/1.0" 200 364 "-" "Mozilla/5.0 (compatible; Yahoo! Slurp; http://help.yahoo.com/help/us/ysearch/slurp)" 0 www.poach.org
38.113.234.181 - - [12/May/2007:09:07:51 -0400] "GET /robots.txt HTTP/1.0" 404 287 "-" "voyager/1.0" 0 www.poach.org
38.113.234.181 - - [12/May/2007:09:07:57 -0400] "GET /page08.htm HTTP/1.0" 404 287 "-" "voyager/1.0" 0 www.poach.org
212.95.252.16 - - [12/May/2007:10:18:10 -0400] "GET / HTTP/1.0" 200 305 "-" "Mozilla/4.0 (compatible; MSIE 6.0; Windows NT 5.1)" 0 www.poach.org
60.28.164.122 - - [12/May/2007:16:38:09 -0400] "GET / HTTP/1.1" 200 317 "-" "Python-urllib/2.5" 0 www.poach.org
66.249.72.166 - - [12/May/2007:19:45:35 -0400] "GET /robots.txt HTTP/1.1" 404 299 "-" "Mozilla/5.0 (compatible; Googlebot/2.1; +http://www.google.com/bot.html)" 0 www.poach.org
66.249.72.166 - - [12/May/2007:19:45:35 -0400] "GET /logs/error.log HTTP/1.1" 200 52062 "-" "Mozilla/5.0 (compatible; Googlebot/2.1; +http://www.google.com/bot.html)" 0 www.poach.org
219.142.53.23 - - [12/May/2007:23:12:47 -0400] "GET /robots.txt HTTP/1.0" 404 287 "-" "msnbot/1.0 (+http://search.msn.com/msnbot.htm)" 0 www.poach.org
202.96.51.156 - - [12/May/2007:23:12:47 -0400] "GET /allstate_nn4.html HTTP/1.0" 404 294 "-" "msnbot/1.0 (+http://search.msn.com/msnbot.htm)" 0 www.poach.org
89.150.197.144 - - [13/May/2007:01:38:00 -0400] "GET /robots.txt HTTP/1.0" 404 287 "-" "Speedy Spider (Entireweb; Beta/1.2; http://www.entireweb.com/about/search_tech/speedyspider/)" 0 www.poach.org
89.150.197.144 - - [13/May/2007:01:38:00 -0400] "GET /allstate_nn4.html HTTP/1.0" 404 294 "-" "Speedy Spider (Entireweb; Beta/1.2; http://www.entireweb.com/about/search_tech/speedyspider/)" 0 www.poach.org
74.6.75.27 - - [13/May/2007:03:31:39 -0400] "GET /robots.txt HTTP/1.0" 404 287 "-" "Mozilla/5.0 (compatible; Yahoo! Slurp; http://help.yahoo.com/help/us/ysearch/slurp)" 0 www.poach.org
74.6.74.72 - - [13/May/2007:03:31:39 -0400] "GET /page10.htm HTTP/1.0" 404 287 "-" "Mozilla/5.0 (compatible; Yahoo! Slurp; http://help.yahoo.com/help/us/ysearch/slurp)" 0 www.poach.org
74.6.86.230 - - [13/May/2007:04:55:15 -0400] "GET /robots.txt HTTP/1.0" 404 287 "-" "Mozilla/5.0 (compatible; Yahoo! Slurp; http://help.yahoo.com/help/us/ysearch/slurp)" 0 www.poach.org
74.6.85.211 - - [13/May/2007:04:57:32 -0400] "GET / HTTP/1.0" 200 305 "-" "Mozilla/5.0 (compatible; Yahoo! Slurp; http://help.yahoo.com/help/us/ysearch/slurp)" 0 www.poach.org
66.249.72.166 - - [13/May/2007:13:51:45 -0400] "GET /robots.txt HTTP/1.1" 404 299 "-" "Mozilla/5.0 (compatible; Googlebot/2.1; +http://www.google.com/bot.html)" 0 www.poach.org
66.249.72.166 - - [13/May/2007:13:51:45 -0400] "GET /logs/access.log HTTP/1.1" 200 110141 "-" "Mozilla/5.0 (compatible; Googlebot/2.1; +http://www.google.com/bot.html)" 0 www.poach.org
66.249.72.166 - - [13/May/2007:17:50:45 -0400] "GET /resume/clresume.rtf HTTP/1.1" 404 308 "-" "Mozilla/5.0 (compatible; Googlebot/2.1; +http://www.google.com/bot.html)" 0 www.poach.org
66.249.72.166 - - [13/May/2007:20:34:22 -0400] "GET /robots.txt HTTP/1.1" 404 299 "-" "Mozilla/5.0 (compatible; Googlebot/2.1; +http://www.google.com/bot.html)" 0 www.poach.org
66.249.72.166 - - [13/May/2007:20:34:22 -0400] "GET / HTTP/1.1" 200 317 "-" "Mozilla/5.0 (compatible; Googlebot/2.1; +http://www.google.com/bot.html)" 0 www.poach.org
4.175.153.196 - - [14/May/2007:00:16:01 -0400] "GET /favicon.ico HTTP/1.1" 404 300 "-" "Mozilla/4.0 (compatible; MSIE 7.0; Windows NT 5.1; .NET CLR 1.1.4322; MSN 9.0;MSN 9.1; MSNbMSNI; MSNmen-us; MSNcIA)" 0 www.poach.org
74.6.75.27 - - [14/May/2007:03:41:01 -0400] "GET /robots.txt HTTP/1.0" 404 287 "-" "Mozilla/5.0 (compatible; Yahoo! Slurp; http://help.yahoo.com/help/us/ysearch/slurp)" 0 www.poach.org
74.6.68.170 - - [14/May/2007:03:41:02 -0400] "GET / HTTP/1.0" 200 305 "-" "Mozilla/5.0 (compatible; Yahoo! Slurp; http://help.yahoo.com/help/us/ysearch/slurp)" 0 www.poach.org
64.246.178.34 - - [14/May/2007:05:32:04 -0400] "GET /robots.txt HTTP/1.0" 404 287 "http://www.whois.sc/" "SurveyBot/2.3 (Whois Source)" 0 www.poach.org
64.246.178.34 - - [14/May/2007:05:32:04 -0400] "GET / HTTP/1.1" 200 317 "http://www.whois.sc/poach.org" "SurveyBot/2.3 (Whois Source)" 0 www.poach.org
74.6.86.230 - - [14/May/2007:06:43:35 -0400] "GET /robots.txt HTTP/1.0" 404 287 "-" "Mozilla/5.0 (compatible; Yahoo! Slurp; http://help.yahoo.com/help/us/ysearch/slurp)" 0 www.poach.org
74.6.87.46 - - [14/May/2007:06:44:19 -0400] "GET /logs/error.log HTTP/1.0" 200 53825 "-" "Mozilla/5.0 (compatible; Yahoo! Slurp; http://help.yahoo.com/help/us/ysearch/slurp)" 0 www.poach.org
66.249.72.166 - - [14/May/2007:10:33:39 -0400] "GET /robots.txt HTTP/1.1" 404 299 "-" "Mozilla/5.0 (compatible; Googlebot/2.1; +http://www.google.com/bot.html)" 0 www.poach.org
66.249.72.166 - - [14/May/2007:10:33:39 -0400] "GET /page04.htm HTTP/1.1" 404 299 "-" "Mozilla/5.0 (compatible; Googlebot/2.1; +http://www.google.com/bot.html)" 0 www.poach.org
38.113.234.181 - - [14/May/2007:11:14:53 -0400] "GET /robots.txt HTTP/1.0" 404 287 "-" "voyager/1.0" 0 www.poach.org
38.113.234.180 - - [14/May/2007:11:14:58 -0400] "GET /page12.htm HTTP/1.0" 404 287 "-" "voyager/1.0" 0 www.poach.org
38.113.234.181 - - [14/May/2007:12:33:51 -0400] "GET /page09.htm HTTP/1.0" 404 287 "-" "voyager/1.0" 0 www.poach.org
4.175.51.227 - - [14/May/2007:13:02:54 -0400] "GET /favicon.ico HTTP/1.1" 404 300 "-" "Mozilla/4.0 (compatible; MSIE 7.0; Windows NT 5.1; .NET CLR 1.1.4322; MSN 9.0;MSN 9.1; MSNbMSNI; MSNmen-us; MSNcIA)" 0 www.poach.org
38.113.234.181 - - [14/May/2007:14:52:46 -0400] "GET /page03.htm HTTP/1.0" 404 287 "-" "voyager/1.0" 0 www.poach.org
38.113.234.181 - - [14/May/2007:19:53:25 -0400] "GET /page07.htm HTTP/1.0" 404 287 "-" "voyager/1.0" 0 www.poach.org
65.222.176.122 - - [14/May/2007:22:23:26 -0400] "GET / HTTP/1.1" 200 317 "-" "Mozilla/4.0 (compatible; MSIE 6.0; Windows XP)" 0 www.poach.org
65.222.176.122 - - [14/May/2007:22:24:25 -0400] "GET /logs HTTP/1.1" 301 325 "http://www.poach.org/" "Mozilla/4.0 (compatible; MSIE 6.0; Windows XP)" 0 www.poach.org
65.222.176.122 - - [14/May/2007:22:25:23 -0400] "GET /logs/ HTTP/1.1" 200 376 "http://www.poach.org/logs" "Mozilla/4.0 (compatible; MSIE 6.0; Windows XP)" 0 www.poach.org
65.222.176.122 - - [14/May/2007:22:26:57 -0400] "GET /logs/access.log HTTP/1.1" 200 113758 "http://www.poach.org/logs/" "Mozilla/4.0 (compatible; MSIE 6.0; Windows XP)" 1 www.poach.org
65.222.176.122 - - [14/May/2007:22:26:59 -0400] "GET /logs/error.log HTTP/1.1" 200 54830 "http://www.poach.org/logs/" "Mozilla/4.0 (compatible; MSIE 6.0; Windows XP)" 0 www.poach.org
65.222.176.122 - - [14/May/2007:22:32:54 -0400] "GET / HTTP/1.1" 200 317 "-" "Mozilla/4.0 (compatible; MSIE 6.0; Windows XP)" 0 www.poach.org
65.222.176.122 - - [14/May/2007:22:34:12 -0400] "GET /logs HTTP/1.1" 301 325 "http://www.poach.org/" "Mozilla/4.0 (compatible; MSIE 6.0; Windows XP)" 0 www.poach.org
65.222.176.122 - - [14/May/2007:22:35:21 -0400] "GET /logs/ HTTP/1.1" 200 376 "http://www.poach.org/logs" "Mozilla/4.0 (compatible; MSIE 6.0; Windows XP)" 0 www.poach.org
65.222.176.122 - - [14/May/2007:22:36:28 -0400] "GET /logs/access.log HTTP/1.1" 200 114605 "http://www.poach.org/logs/" "Mozilla/4.0 (compatible; MSIE 6.0; Windows XP)" 0 www.poach.org
65.222.176.122 - - [14/May/2007:22:36:30 -0400] "GET /logs/error.log HTTP/1.1" 200 54830 "http://www.poach.org/logs/" "Mozilla/4.0 (compatible; MSIE 6.0; Windows XP)" 0 www.poach.org
38.113.234.181 - - [15/May/2007:05:19:15 -0400] "GET /page05.htm HTTP/1.0" 404 287 "-" "voyager/1.0" 0 www.poach.org
74.6.75.27 - - [15/May/2007:05:29:07 -0400] "GET /robots.txt HTTP/1.0" 404 287 "-" "Mozilla/5.0 (compatible; Yahoo! Slurp; http://help.yahoo.com/help/us/ysearch/slurp)" 0 www.poach.org
74.6.71.43 - - [15/May/2007:05:29:07 -0400] "GET /page12.htm HTTP/1.0" 404 287 "-" "Mozilla/5.0 (compatible; Yahoo! Slurp; http://help.yahoo.com/help/us/ysearch/slurp)" 0 www.poach.org
38.113.234.181 - - [15/May/2007:05:29:44 -0400] "GET /page10.htm HTTP/1.0" 404 287 "-" "voyager/1.0" 0 www.poach.org
60.28.164.103 - - [15/May/2007:10:20:45 -0400] "GET /robots.txt HTTP/1.0" 404 287 "-" "-" 0 www.poach.org
89.150.197.144 - - [15/May/2007:10:30:28 -0400] "GET /robots.txt HTTP/1.0" 404 287 "-" "Speedy Spider (Entireweb; Beta/1.3; http://www.entireweb.com/about/search_tech/speedyspider/)" 0 www.poach.org
89.150.197.144 - - [15/May/2007:10:30:28 -0400] "GET /allstate_nn4.html HTTP/1.0" 404 294 "-" "Speedy Spider (Entireweb; Beta/1.3; http://www.entireweb.com/about/search_tech/speedyspider/)" 0 www.poach.org
38.113.234.181 - - [15/May/2007:16:28:59 -0400] "GET /robots.txt HTTP/1.0" 404 287 "-" "voyager/1.0" 0 www.poach.org
38.113.234.181 - - [15/May/2007:16:29:04 -0400] "GET /page01.htm HTTP/1.0" 404 287 "-" "voyager/1.0" 0 www.poach.org
74.6.75.27 - - [15/May/2007:20:07:31 -0400] "GET /robots.txt HTTP/1.0" 404 287 "-" "Mozilla/5.0 (compatible; Yahoo! Slurp; http://help.yahoo.com/help/us/ysearch/slurp)" 0 www.poach.org
74.6.68.232 - - [15/May/2007:20:07:32 -0400] "GET /page02.htm HTTP/1.0" 404 287 "-" "Mozilla/5.0 (compatible; Yahoo! Slurp; http://help.yahoo.com/help/us/ysearch/slurp)" 0 www.poach.org
38.113.234.180 - - [15/May/2007:21:05:50 -0400] "GET /page06.htm HTTP/1.0" 404 287 "-" "voyager/1.0" 0 www.poach.org
38.113.234.181 - - [15/May/2007:21:17:12 -0400] "GET /page11.htm HTTP/1.0" 404 287 "-" "voyager/1.0" 0 www.poach.org
38.113.234.181 - - [16/May/2007:03:51:37 -0400] "GET /page04.htm HTTP/1.0" 404 287 "-" "voyager/1.0" 0 www.poach.org
89.150.197.144 - - [16/May/2007:04:25:00 -0400] "GET /robots.txt HTTP/1.0" 404 287 "-" "Speedy Spider (Entireweb; Beta/1.3; http://www.entireweb.com/about/search_tech/speedyspider/)" 0 www.poach.org
89.150.197.144 - - [16/May/2007:04:25:01 -0400] "GET /allstate_nn4.html HTTP/1.0" 404 294 "-" "Speedy Spider (Entireweb; Beta/1.3; http://www.entireweb.com/about/search_tech/speedyspider/)" 0 www.poach.org
38.113.234.181 - - [16/May/2007:05:43:02 -0400] "GET /page02.htm HTTP/1.0" 404 287 "-" "voyager/1.0" 0 www.poach.org
74.6.75.27 - - [16/May/2007:08:53:51 -0400] "GET /robots.txt HTTP/1.0" 404 287 "-" "Mozilla/5.0 (compatible; Yahoo! Slurp; http://help.yahoo.com/help/us/ysearch/slurp)" 0 www.poach.org
74.6.68.170 - - [16/May/2007:08:53:52 -0400] "GET / HTTP/1.0" 200 305 "-" "Mozilla/5.0 (compatible; Yahoo! Slurp; http://help.yahoo.com/help/us/ysearch/slurp)" 0 www.poach.org
63.123.238.8 - - [16/May/2007:09:45:00 -0400] "GET /robots.txt HTTP/1.1" 404 299 "-" "Mozilla/2.0 (compatible; Ask Jeeves/Teoma)" 0 www.poach.org
63.123.238.8 - - [16/May/2007:09:45:00 -0400] "GET / HTTP/1.1" 200 317 "-" "Mozilla/2.0 (compatible; Ask Jeeves/Teoma)" 0 www.poach.org
65.54.188.96 - - [16/May/2007:12:40:17 -0400] "GET /robots.txt HTTP/1.0" 404 287 "-" "msnbot/1.0 (+http://search.msn.com/msnbot.htm)" 0 www.poach.org
65.54.188.96 - - [16/May/2007:12:40:17 -0400] "GET / HTTP/1.0" 200 305 "-" "msnbot/1.0 (+http://search.msn.com/msnbot.htm)" 0 www.poach.org
65.54.188.97 - - [16/May/2007:14:34:24 -0400] "GET /robots.txt HTTP/1.0" 404 287 "-" "msnbot/1.0 (+http://search.msn.com/msnbot.htm)" 0 www.poach.org
65.54.188.97 - - [16/May/2007:14:34:25 -0400] "GET /resume/clresume.rtf HTTP/1.0" 404 296 "-" "msnbot/1.0 (+http://search.msn.com/msnbot.htm)" 0 www.poach.org
60.28.164.121 - - [17/May/2007:00:39:30 -0400] "GET / HTTP/1.1" 200 317 "-" "Mozilla/4.0 (compatible; MSIE 6.0; Windows NT 5.1; SV1; .NET CLR 1.1.4322)" 0 www.poach.org
89.150.197.144 - - [17/May/2007:02:39:44 -0400] "GET /robots.txt HTTP/1.0" 404 287 "-" "Speedy Spider (Entireweb; Beta/1.3; http://www.entireweb.com/about/search_tech/speedyspider/)" 0 www.poach.org
89.150.197.144 - - [17/May/2007:02:39:45 -0400] "GET /allstate_nn4.html HTTP/1.0" 404 294 "-" "Speedy Spider (Entireweb; Beta/1.3; http://www.entireweb.com/about/search_tech/speedyspider/)" 0 www.poach.org
66.249.65.40 - - [17/May/2007:02:41:33 -0400] "GET /robots.txt HTTP/1.1" 404 299 "-" "Mozilla/5.0 (compatible; Googlebot/2.1; +http://www.google.com/bot.html)" 0 www.poach.org
66.249.65.40 - - [17/May/2007:02:41:33 -0400] "GET /page05.htm HTTP/1.1" 404 299 "-" "Mozilla/5.0 (compatible; Googlebot/2.1; +http://www.google.com/bot.html)" 0 www.poach.org
66.249.65.40 - - [17/May/2007:02:45:13 -0400] "GET /logs/error.log HTTP/1.1" 200 58104 "-" "Mozilla/5.0 (compatible; Googlebot/2.1; +http://www.google.com/bot.html)" 0 www.poach.org
74.6.75.27 - - [17/May/2007:04:40:14 -0400] "GET /robots.txt HTTP/1.0" 404 287 "-" "Mozilla/5.0 (compatible; Yahoo! Slurp; http://help.yahoo.com/help/us/ysearch/slurp)" 0 www.poach.org
74.6.70.166 - - [17/May/2007:04:40:15 -0400] "GET /allstate.html HTTP/1.0" 404 290 "-" "Mozilla/5.0 (compatible; Yahoo! Slurp; http://help.yahoo.com/help/us/ysearch/slurp)" 0 www.poach.org
66.249.65.40 - - [17/May/2007:18:33:27 -0400] "GET /robots.txt HTTP/1.1" 404 299 "-" "Mozilla/5.0 (compatible; Googlebot/2.1; +http://www.google.com/bot.html)" 0 www.poach.org
66.249.65.40 - - [17/May/2007:18:33:27 -0400] "GET /page09.htm HTTP/1.1" 404 299 "-" "Mozilla/5.0 (compatible; Googlebot/2.1; +http://www.google.com/bot.html)" 0 www.poach.org
66.249.65.40 - - [18/May/2007:00:53:07 -0400] "GET /robots.txt HTTP/1.1" 404 299 "-" "Mozilla/5.0 (compatible; Googlebot/2.1; +http://www.google.com/bot.html)" 0 www.poach.org
66.249.65.40 - - [18/May/2007:00:53:07 -0400] "GET /logs/access.log HTTP/1.1" 200 120818 "-" "Mozilla/5.0 (compatible; Googlebot/2.1; +http://www.google.com/bot.html)" 0 www.poach.org
74.6.75.27 - - [18/May/2007:04:03:26 -0400] "GET /robots.txt HTTP/1.0" 404 287 "-" "Mozilla/5.0 (compatible; Yahoo! Slurp; http://help.yahoo.com/help/us/ysearch/slurp)" 0 www.poach.org
74.6.68.170 - - [18/May/2007:04:03:26 -0400] "GET / HTTP/1.0" 200 305 "-" "Mozilla/5.0 (compatible; Yahoo! Slurp; http://help.yahoo.com/help/us/ysearch/slurp)" 0 www.poach.org
74.6.87.42 - - [18/May/2007:05:39:47 -0400] "GET /robots.txt HTTP/1.0" 404 287 "-" "Mozilla/5.0 (compatible; Yahoo! Slurp; http://help.yahoo.com/help/us/ysearch/slurp)" 0 www.poach.org
74.6.85.154 - - [18/May/2007:05:41:04 -0400] "GET /allstate_nn4.html HTTP/1.0" 404 294 "-" "Mozilla/5.0 (compatible; Yahoo! Slurp; http://help.yahoo.com/help/us/ysearch/slurp)" 0 www.poach.org
74.6.75.27 - - [18/May/2007:15:37:28 -0400] "GET /robots.txt HTTP/1.0" 404 287 "-" "Mozilla/5.0 (compatible; Yahoo! Slurp; http://help.yahoo.com/help/us/ysearch/slurp)" 0 www.poach.org
74.6.71.99 - - [18/May/2007:15:37:49 -0400] "GET /index.htm HTTP/1.0" 404 286 "-" "Mozilla/5.0 (compatible; Yahoo! Slurp; http://help.yahoo.com/help/us/ysearch/slurp)" 0 www.poach.org
89.150.197.144 - - [18/May/2007:16:45:19 -0400] "GET /robots.txt HTTP/1.0" 404 287 "-" "Speedy Spider (Entireweb; Beta/1.3; http://www.entireweb.com/about/search_tech/speedyspider/)" 0 www.poach.org
89.150.197.144 - - [18/May/2007:16:45:19 -0400] "GET /allstate_nn4.html HTTP/1.0" 404 294 "-" "Speedy Spider (Entireweb; Beta/1.3; http://www.entireweb.com/about/search_tech/speedyspider/)" 0 www.poach.org
66.249.65.40 - - [18/May/2007:20:55:18 -0400] "GET /robots.txt HTTP/1.1" 404 299 "-" "Mozilla/5.0 (compatible; Googlebot/2.1; +http://www.google.com/bot.html)" 0 www.poach.org
66.249.65.40 - - [18/May/2007:20:55:18 -0400] "GET /page02.htm HTTP/1.1" 404 299 "-" "Mozilla/5.0 (compatible; Googlebot/2.1; +http://www.google.com/bot.html)" 0 www.poach.org
66.249.65.40 - - [18/May/2007:21:25:57 -0400] "GET /buttons.htm HTTP/1.1" 404 300 "-" "Mozilla/5.0 (compatible; Googlebot/2.1; +http://www.google.com/bot.html)" 0 www.poach.org
65.55.208.197 - - [18/May/2007:23:30:30 -0400] "GET /robots.txt HTTP/1.0" 404 287 "-" "msnbot/1.0 (+http://search.msn.com/msnbot.htm)" 0 www.poach.org
65.55.208.197 - - [18/May/2007:23:30:30 -0400] "GET /allstate_nn4.html HTTP/1.0" 404 294 "-" "msnbot/1.0 (+http://search.msn.com/msnbot.htm)" 0 www.poach.org
74.6.75.27 - - [19/May/2007:04:01:59 -0400] "GET /robots.txt HTTP/1.0" 404 287 "-" "Mozilla/5.0 (compatible; Yahoo! Slurp; http://help.yahoo.com/help/us/ysearch/slurp)" 0 www.poach.org
74.6.70.221 - - [19/May/2007:04:01:59 -0400] "GET /page05.htm HTTP/1.0" 404 287 "-" "Mozilla/5.0 (compatible; Yahoo! Slurp; http://help.yahoo.com/help/us/ysearch/slurp)" 0 www.poach.org
74.6.85.216 - - [19/May/2007:10:28:31 -0400] "GET /robots.txt HTTP/1.0" 404 287 "-" "Mozilla/5.0 (compatible; Yahoo! Slurp; http://help.yahoo.com/help/us/ysearch/slurp)" 0 www.poach.org
74.6.86.112 - - [19/May/2007:10:29:20 -0400] "GET /logs HTTP/1.0" 301 313 "-" "Mozilla/5.0 (compatible; Yahoo! Slurp; http://help.yahoo.com/help/us/ysearch/slurp)" 0 www.poach.org
74.6.87.42 - - [19/May/2007:10:33:58 -0400] "GET /robots.txt HTTP/1.0" 404 287 "-" "Mozilla/5.0 (compatible; Yahoo! Slurp; http://help.yahoo.com/help/us/ysearch/slurp)" 0 www.poach.org
74.6.86.112 - - [19/May/2007:10:34:48 -0400] "GET /logs/ HTTP/1.0" 200 364 "-" "Mozilla/5.0 (compatible; Yahoo! Slurp; http://help.yahoo.com/help/us/ysearch/slurp)" 0 www.poach.org
74.6.86.230 - - [19/May/2007:11:01:15 -0400] "GET /robots.txt HTTP/1.0" 404 287 "-" "Mozilla/5.0 (compatible; Yahoo! Slurp; http://help.yahoo.com/help/us/ysearch/slurp)" 0 www.poach.org
74.6.86.162 - - [19/May/2007:11:01:17 -0400] "GET /logs/access.log HTTP/1.0" 200 124642 "-" "Mozilla/5.0 (compatible; Yahoo! Slurp; http://help.yahoo.com/help/us/ysearch/slurp)" 1 www.poach.org
193.47.80.46 - - [19/May/2007:14:24:14 -0400] "GET /robots.txt HTTP/1.1" 404 299 "-" "Mozilla/5.0 (compatible; Exabot/3.0; +http://www.exabot.com/go/robot)" 0 www.poach.org
193.47.80.46 - - [19/May/2007:14:24:14 -0400] "GET /folder.htm HTTP/1.1" 404 299 "-" "Mozilla/5.0 (compatible; Exabot/3.0; +http://www.exabot.com/go/robot)" 0 www.poach.org
66.249.65.40 - - [19/May/2007:20:13:20 -0400] "GET /robots.txt HTTP/1.1" 404 299 "-" "Mozilla/5.0 (compatible; Googlebot/2.1; +http://www.google.com/bot.html)" 0 www.poach.org
66.249.65.40 - - [19/May/2007:20:13:20 -0400] "GET /folder.htm HTTP/1.1" 404 299 "-" "Mozilla/5.0 (compatible; Googlebot/2.1; +http://www.google.com/bot.html)" 0 www.poach.org
74.6.75.27 - - [20/May/2007:17:23:57 -0400] "GET /robots.txt HTTP/1.0" 404 287 "-" "Mozilla/5.0 (compatible; Yahoo! Slurp; http://help.yahoo.com/help/us/ysearch/slurp)" 0 www.poach.org
74.6.68.170 - - [20/May/2007:17:23:58 -0400] "GET / HTTP/1.0" 200 305 "-" "Mozilla/5.0 (compatible; Yahoo! Slurp; http://help.yahoo.com/help/us/ysearch/slurp)" 0 www.poach.org
66.249.65.40 - - [20/May/2007:18:43:17 -0400] "GET /robots.txt HTTP/1.1" 404 299 "-" "Mozilla/5.0 (compatible; Googlebot/2.1; +http://www.google.com/bot.html)" 0 www.poach.org
66.249.65.40 - - [20/May/2007:18:43:17 -0400] "GET /logs/error.log HTTP/1.1" 200 61585 "-" "Mozilla/5.0 (compatible; Googlebot/2.1; +http://www.google.com/bot.html)" 0 www.poach.org
60.28.164.112 - - [20/May/2007:23:57:21 -0400] "GET /robots.txt HTTP/1.0" 404 287 "-" "-" 0 www.poach.org
64.246.165.10 - - [21/May/2007:03:35:21 -0400] "GET /robots.txt HTTP/1.0" 404 287 "http://www.whois.sc/" "SurveyBot/2.3 (Whois Source)" 0 www.poach.org
64.246.165.10 - - [21/May/2007:03:35:21 -0400] "GET / HTTP/1.1" 200 317 "http://www.whois.sc/poach.org" "SurveyBot/2.3 (Whois Source)" 0 www.poach.org
74.6.75.27 - - [21/May/2007:03:38:02 -0400] "GET /robots.txt HTTP/1.0" 404 287 "-" "Mozilla/5.0 (compatible; Yahoo! Slurp; http://help.yahoo.com/help/us/ysearch/slurp)" 0 www.poach.org
74.6.70.44 - - [21/May/2007:03:38:03 -0400] "GET /page01.htm HTTP/1.0" 404 287 "-" "Mozilla/5.0 (compatible; Yahoo! Slurp; http://help.yahoo.com/help/us/ysearch/slurp)" 0 www.poach.org
61.135.152.194 - - [21/May/2007:13:08:55 -0400] "GET / HTTP/1.1" 200 313 "-" "curl/7.10.6 (i386-redhat-linux-gnu) libcurl/7.10.6 OpenSSL/0.9.7a ipv6 zlib/1.1.4" 0 www.poach.org
61.135.152.194 - - [21/May/2007:13:09:34 -0400] "GET / HTTP/1.1" 200 317 "-" "curl/7.10.6 (i386-redhat-linux-gnu) libcurl/7.10.6 OpenSSL/0.9.7a ipv6 zlib/1.1.4" 0 www.poach.org
65.54.188.98 - - [21/May/2007:18:17:48 -0400] "GET /robots.txt HTTP/1.0" 404 287 "-" "msnbot/1.0 (+http://search.msn.com/msnbot.htm)" 0 www.poach.org
65.54.188.98 - - [21/May/2007:18:17:48 -0400] "GET /allstate_nn4.html HTTP/1.0" 404 294 "-" "msnbot/1.0 (+http://search.msn.com/msnbot.htm)" 0 www.poach.org
66.249.65.40 - - [22/May/2007:00:07:19 -0400] "GET /robots.txt HTTP/1.1" 404 299 "-" "Mozilla/5.0 (compatible; Googlebot/2.1; +http://www.google.com/bot.html)" 0 www.poach.org
66.249.65.40 - - [22/May/2007:00:07:20 -0400] "GET /logs/access.log HTTP/1.1" 200 127869 "-" "Mozilla/5.0 (compatible; Googlebot/2.1; +http://www.google.com/bot.html)" 0 www.poach.org
74.6.75.27 - - [22/May/2007:01:17:36 -0400] "GET /robots.txt HTTP/1.0" 404 287 "-" "Mozilla/5.0 (compatible; Yahoo! Slurp; http://help.yahoo.com/help/us/ysearch/slurp)" 0 www.poach.org
72.30.177.169 - - [22/May/2007:01:17:37 -0400] "GET /page06.htm HTTP/1.0" 404 287 "-" "Mozilla/5.0 (compatible; Yahoo! Slurp; http://help.yahoo.com/help/us/ysearch/slurp)" 0 www.poach.org
66.249.65.40 - - [22/May/2007:03:10:11 -0400] "GET /allstate.html HTTP/1.1" 404 302 "-" "Mozilla/5.0 (compatible; Googlebot/2.1; +http://www.google.com/bot.html)" 0 www.poach.org
66.249.66.66 - - [22/May/2007:10:25:33 -0400] "GET /robots.txt HTTP/1.1" 404 299 "-" "Mozilla/5.0 (compatible; Googlebot/2.1; +http://www.google.com/bot.html)" 0 www.poach.org
66.249.66.66 - - [22/May/2007:10:25:33 -0400] "GET /page01.htm HTTP/1.1" 404 299 "-" "Mozilla/5.0 (compatible; Googlebot/2.1; +http://www.google.com/bot.html)" 0 www.poach.org
62.149.165.16 - - [22/May/2007:11:28:11 -0400] "GET / HTTP/1.1" 200 317 "http://www.stopalporno.net/offerta.html" "Mozilla/4.0 (compatible; MSIE 6.0; Windows NT 5.1; SV1)" 0 www.poach.org
66.249.66.66 - - [24/May/2007:02:54:40 -0400] "GET /robots.txt HTTP/1.1" 404 299 "-" "Googlebot-Image/1.0" 0 www.poach.org
66.249.66.66 - - [24/May/2007:02:54:40 -0400] "GET /Logo.jpg HTTP/1.1" 404 297 "-" "Googlebot-Image/1.0" 0 www.poach.org
63.123.238.8 - - [24/May/2007:06:50:26 -0400] "GET /robots.txt HTTP/1.1" 404 299 "-" "Mozilla/2.0 (compatible; Ask Jeeves/Teoma)" 0 www.poach.org
63.123.238.8 - - [24/May/2007:06:50:26 -0400] "GET / HTTP/1.1" 200 317 "-" "Mozilla/2.0 (compatible; Ask Jeeves/Teoma)" 0 www.poach.org
89.150.197.144 - - [24/May/2007:21:40:01 -0400] "GET /robots.txt HTTP/1.0" 404 287 "-" "Speedy Spider (Entireweb; Beta/1.3; http://www.entireweb.com/about/search_tech/speedyspider/)" 0 www.poach.org
89.150.197.144 - - [24/May/2007:21:40:01 -0400] "GET /allstate_nn4.html HTTP/1.0" 404 294 "-" "Speedy Spider (Entireweb; Beta/1.3; http://www.entireweb.com/about/search_tech/speedyspider/)" 0 www.poach.org
38.99.13.118 - - [24/May/2007:23:21:37 -0400] "GET /robots.txt HTTP/1.0" 404 287 "-" "Mozilla/5.0 (Twiceler-0.9 http://www.cuill.com/twiceler/robot.html)" 0 www.poach.org
66.249.66.66 - - [24/May/2007:23:46:18 -0400] "GET /robots.txt HTTP/1.1" 404 299 "-" "Mozilla/5.0 (compatible; Googlebot/2.1; +http://www.google.com/bot.html)" 0 www.poach.org
66.249.66.66 - - [24/May/2007:23:46:18 -0400] "GET /logs/error.log HTTP/1.1" 200 63957 "-" "Mozilla/5.0 (compatible; Googlebot/2.1; +http://www.google.com/bot.html)" 0 www.poach.org
74.6.75.32 - - [25/May/2007:07:06:08 -0400] "GET /robots.txt HTTP/1.0" 404 287 "-" "Mozilla/5.0 (compatible; Yahoo! Slurp; http://help.yahoo.com/help/us/ysearch/slurp)" 0 www.poach.org
74.6.68.170 - - [25/May/2007:07:06:08 -0400] "GET / HTTP/1.0" 200 305 "-" "Mozilla/5.0 (compatible; Yahoo! Slurp; http://help.yahoo.com/help/us/ysearch/slurp)" 0 www.poach.org
64.34.145.199 - - [25/May/2007:10:18:49 -0400] "GET /robots.txt HTTP/1.0" 404 287 "-" "SBIder/SBIder-0.8.2-dev (http://www.sitesell.com/sbider.html)" 0 www.poach.org
64.34.145.199 - - [25/May/2007:10:18:49 -0400] "GET / HTTP/1.0" 200 305 "-" "SBIder/SBIder-0.8.2-dev (http://www.sitesell.com/sbider.html)" 0 www.poach.org
74.6.75.43 - - [25/May/2007:18:17:02 -0400] "GET /robots.txt HTTP/1.0" 404 283 "-" "Mozilla/5.0 (compatible; Yahoo! Slurp; http://help.yahoo.com/help/us/ysearch/slurp)" 0 www.poach.org
74.6.69.198 - - [25/May/2007:18:17:02 -0400] "GET / HTTP/1.0" 200 301 "-" "Mozilla/5.0 (compatible; Yahoo! Slurp; http://help.yahoo.com/help/us/ysearch/slurp)" 0 www.poach.org
66.249.66.66 - - [25/May/2007:22:34:20 -0400] "GET /robots.txt HTTP/1.1" 404 299 "-" "Mozilla/5.0 (compatible; Googlebot/2.1; +http://www.google.com/bot.html)" 0 www.poach.org
66.249.66.66 - - [25/May/2007:22:34:20 -0400] "GET /logs/access.log HTTP/1.1" 200 131825 "-" "Mozilla/5.0 (compatible; Googlebot/2.1; +http://www.google.com/bot.html)" 0 www.poach.org
66.249.66.66 - - [25/May/2007:22:46:56 -0400] "GET /page10.htm HTTP/1.1" 404 299 "-" "Mozilla/5.0 (compatible; Googlebot/2.1; +http://www.google.com/bot.html)" 0 www.poach.org
74.6.75.32 - - [26/May/2007:09:29:39 -0400] "GET /robots.txt HTTP/1.0" 404 287 "-" "Mozilla/5.0 (compatible; Yahoo! Slurp; http://help.yahoo.com/help/us/ysearch/slurp)" 0 www.poach.org
74.6.71.99 - - [26/May/2007:09:29:39 -0400] "GET /index.htm HTTP/1.0" 404 286 "-" "Mozilla/5.0 (compatible; Yahoo! Slurp; http://help.yahoo.com/help/us/ysearch/slurp)" 0 www.poach.org
74.6.85.216 - - [26/May/2007:11:53:31 -0400] "GET /robots.txt HTTP/1.0" 404 287 "-" "Mozilla/5.0 (compatible; Yahoo! Slurp; http://help.yahoo.com/help/us/ysearch/slurp)" 0 www.poach.org
74.6.86.162 - - [26/May/2007:11:53:59 -0400] "GET /logs/access.log HTTP/1.0" 200 132740 "-" "Mozilla/5.0 (compatible; Yahoo! Slurp; http://help.yahoo.com/help/us/ysearch/slurp)" 0 www.poach.org
71.231.2.182 - - [26/May/2007:18:45:59 -0400] "GET / HTTP/1.0" 200 305 "-" "Mozilla/4.0 (compatible; MSIE 6.0; Windows NT 5.1; SV1; .NET CLR 1.1.4322; .NET CLR 2.0.50727)" 0 www.poach.org
70.85.114.58 - - [26/May/2007:20:05:17 -0400] "GET /robots.txt HTTP/1.1" 404 299 "www.poach.org" "Pingdom GIGRIB (http://www.pingdom.com)" 0 www.poach.org
70.85.114.58 - - [26/May/2007:20:08:29 -0400] "GET // HTTP/1.1" 200 317 "http://www.pingdom.com/monitor/www.poach.org" "Pingdom GIGRIB (http://www.pingdom.com)" 0 www.poach.org
65.54.188.95 - - [27/May/2007:03:27:27 -0400] "GET /robots.txt HTTP/1.0" 404 287 "-" "msnbot/1.0 (+http://search.msn.com/msnbot.htm)" 0 www.poach.org
65.54.188.95 - - [27/May/2007:03:27:27 -0400] "GET /robots.txt HTTP/1.0" 404 287 "-" "msnbot/1.0 (+http://search.msn.com/msnbot.htm)" 0 www.poach.org
65.54.188.95 - - [27/May/2007:03:27:27 -0400] "GET / HTTP/1.0" 200 305 "-" "msnbot/1.0 (+http://search.msn.com/msnbot.htm)" 0 www.poach.org
65.54.188.95 - - [27/May/2007:03:27:27 -0400] "GET /resume/clresume.rtf HTTP/1.0" 404 296 "-" "msnbot/1.0 (+http://search.msn.com/msnbot.htm)" 0 www.poach.org
74.6.87.122 - - [27/May/2007:05:42:37 -0400] "GET /robots.txt HTTP/1.0" 404 287 "-" "Mozilla/5.0 (compatible; Yahoo! Slurp; http://help.yahoo.com/help/us/ysearch/slurp)" 0 www.poach.org
74.6.85.211 - - [27/May/2007:05:43:03 -0400] "GET / HTTP/1.0" 200 305 "-" "Mozilla/5.0 (compatible; Yahoo! Slurp; http://help.yahoo.com/help/us/ysearch/slurp)" 0 www.poach.org
74.6.86.230 - - [27/May/2007:16:38:06 -0400] "GET /robots.txt HTTP/1.0" 404 287 "-" "Mozilla/5.0 (compatible; Yahoo! Slurp; http://help.yahoo.com/help/us/ysearch/slurp)" 0 www.poach.org
74.6.86.112 - - [27/May/2007:16:38:07 -0400] "GET /logs HTTP/1.0" 301 313 "-" "Mozilla/5.0 (compatible; Yahoo! Slurp; http://help.yahoo.com/help/us/ysearch/slurp)" 0 www.poach.org
74.6.86.112 - - [27/May/2007:16:39:31 -0400] "GET /logs/ HTTP/1.0" 200 364 "-" "Mozilla/5.0 (compatible; Yahoo! Slurp; http://help.yahoo.com/help/us/ysearch/slurp)" 0 www.poach.org
64.246.165.200 - - [28/May/2007:02:42:34 -0400] "GET /robots.txt HTTP/1.0" 404 287 "http://www.whois.sc/" "SurveyBot/2.3 (Whois Source)" 0 www.poach.org
64.246.165.200 - - [28/May/2007:02:42:34 -0400] "GET / HTTP/1.1" 200 317 "http://www.whois.sc/poach.org" "SurveyBot/2.3 (Whois Source)" 0 www.poach.org
65.55.212.125 - - [28/May/2007:06:19:33 -0400] "GET /robots.txt HTTP/1.0" 404 287 "-" "msnbot-media/1.0 (+http://search.msn.com/msnbot.htm)" 0 www.poach.org
65.55.212.125 - - [28/May/2007:06:19:33 -0400] "GET /allstate_nn4.html HTTP/1.0" 404 294 "-" "msnbot-media/1.0 (+http://search.msn.com/msnbot.htm)" 0 www.poach.org
74.6.86.230 - - [28/May/2007:08:11:51 -0400] "GET /robots.txt HTTP/1.0" 404 287 "-" "Mozilla/5.0 (compatible; Yahoo! Slurp; http://help.yahoo.com/help/us/ysearch/slurp)" 0 www.poach.org
74.6.85.225 - - [28/May/2007:08:11:52 -0400] "GET /logs/ HTTP/1.0" 200 364 "-" "Mozilla/5.0 (compatible; Yahoo! Slurp; http://help.yahoo.com/help/us/ysearch/slurp)" 0 www.poach.org
74.6.86.230 - - [28/May/2007:09:41:45 -0400] "GET /robots.txt HTTP/1.0" 404 287 "-" "Mozilla/5.0 (compatible; Yahoo! Slurp; http://help.yahoo.com/help/us/ysearch/slurp)" 0 www.poach.org
74.6.87.46 - - [28/May/2007:09:41:46 -0400] "GET /logs/error.log HTTP/1.0" 200 66320 "-" "Mozilla/5.0 (compatible; Yahoo! Slurp; http://help.yahoo.com/help/us/ysearch/slurp)" 0 www.poach.org
66.249.66.66 - - [28/May/2007:13:09:46 -0400] "GET /robots.txt HTTP/1.1" 404 299 "-" "Mozilla/5.0 (compatible; Googlebot/2.1; +http://www.google.com/bot.html)" 0 www.poach.org
66.249.66.66 - - [28/May/2007:13:09:46 -0400] "GET /logs/error.log HTTP/1.1" 200 66444 "-" "Mozilla/5.0 (compatible; Googlebot/2.1; +http://www.google.com/bot.html)" 0 www.poach.org
65.55.212.125 - - [28/May/2007:15:10:29 -0400] "GET /robots.txt HTTP/1.0" 404 287 "-" "msnbot-media/1.0 (+http://search.msn.com/msnbot.htm)" 0 www.poach.org
65.55.212.125 - - [28/May/2007:15:10:29 -0400] "GET /allstate_nn4.html HTTP/1.0" 404 294 "-" "msnbot-media/1.0 (+http://search.msn.com/msnbot.htm)" 0 www.poach.org
65.55.212.125 - - [28/May/2007:23:59:56 -0400] "GET /robots.txt HTTP/1.0" 404 287 "-" "msnbot-media/1.0 (+http://search.msn.com/msnbot.htm)" 0 www.poach.org
65.55.212.125 - - [28/May/2007:23:59:56 -0400] "GET /allstate_nn4.html HTTP/1.0" 404 294 "-" "msnbot-media/1.0 (+http://search.msn.com/msnbot.htm)" 0 www.poach.org
64.246.165.200 - - [29/May/2007:09:14:26 -0400] "GET /favicon.ico HTTP/1.1" 404 300 "http://www.whois.sc/poach.org" "SurveyBot/2.3 (Whois Source)" 0 www.poach.org
66.249.66.66 - - [29/May/2007:16:49:33 -0400] "GET /robots.txt HTTP/1.1" 404 299 "-" "Mozilla/5.0 (compatible; Googlebot/2.1; +http://www.google.com/bot.html)" 0 www.poach.org
66.249.66.66 - - [29/May/2007:16:49:33 -0400] "GET /logs/access.log HTTP/1.1" 200 137671 "-" "Mozilla/5.0 (compatible; Googlebot/2.1; +http://www.google.com/bot.html)" 0 www.poach.org
89.150.197.144 - - [30/May/2007:02:10:23 -0400] "GET /robots.txt HTTP/1.0" 404 287 "-" "Speedy Spider (http://www.entireweb.com/about/search_tech/speedyspider/)" 0 www.poach.org
89.150.197.144 - - [30/May/2007:02:10:23 -0400] "GET /allstate_nn4.html HTTP/1.0" 404 294 "-" "Speedy Spider (http://www.entireweb.com/about/search_tech/speedyspider/)" 0 www.poach.org
62.149.165.16 - - [30/May/2007:06:39:16 -0400] "GET / HTTP/1.1" 200 317 "STOPalporno.net" "Mozilla/4.0 (compatible; MSIE 6.0; Windows NT 5.1; SV1)" 0 www.poach.org
63.123.238.8 - - [30/May/2007:08:49:02 -0400] "GET /robots.txt HTTP/1.1" 404 299 "-" "Mozilla/2.0 (compatible; Ask Jeeves/Teoma)" 0 www.poach.org
63.123.238.8 - - [30/May/2007:08:49:02 -0400] "GET / HTTP/1.1" 200 317 "-" "Mozilla/2.0 (compatible; Ask Jeeves/Teoma)" 0 www.poach.org
74.6.75.32 - - [30/May/2007:16:09:09 -0400] "GET /robots.txt HTTP/1.0" 404 287 "-" "Mozilla/5.0 (compatible; Yahoo! Slurp; http://help.yahoo.com/help/us/ysearch/slurp)" 0 www.poach.org
74.6.68.170 - - [30/May/2007:16:09:09 -0400] "GET / HTTP/1.0" 200 305 "-" "Mozilla/5.0 (compatible; Yahoo! Slurp; http://help.yahoo.com/help/us/ysearch/slurp)" 0 www.poach.org
74.6.85.216 - - [31/May/2007:05:45:31 -0400] "GET /robots.txt HTTP/1.0" 404 287 "-" "Mozilla/5.0 (compatible; Yahoo! Slurp; http://help.yahoo.com/help/us/ysearch/slurp)" 0 www.poach.org
74.6.86.121 - - [31/May/2007:05:46:05 -0400] "GET /allstate.html HTTP/1.0" 404 290 "-" "Mozilla/5.0 (compatible; Yahoo! Slurp; http://help.yahoo.com/help/us/ysearch/slurp)" 0 www.poach.org
74.6.75.32 - - [31/May/2007:14:27:39 -0400] "GET /robots.txt HTTP/1.0" 404 287 "-" "Mozilla/5.0 (compatible; Yahoo! Slurp; http://help.yahoo.com/help/us/ysearch/slurp)" 0 www.poach.org
74.6.70.166 - - [31/May/2007:14:27:40 -0400] "GET /allstate.html HTTP/1.0" 404 290 "-" "Mozilla/5.0 (compatible; Yahoo! Slurp; http://help.yahoo.com/help/us/ysearch/slurp)" 0 www.poach.org
64.34.145.197 - - [31/May/2007:15:05:38 -0400] "GET /robots.txt HTTP/1.0" 404 287 "-" "SBIder/SBIder-0.8.2-dev (http://www.sitesell.com/sbider.html)" 0 www.poach.org
64.34.145.197 - - [31/May/2007:15:05:38 -0400] "GET / HTTP/1.0" 200 305 "-" "SBIder/SBIder-0.8.2-dev (http://www.sitesell.com/sbider.html)" 0 www.poach.org
66.249.66.66 - - [01/Jun/2007:11:58:13 -0400] "GET /robots.txt HTTP/1.1" 404 299 "-" "Mozilla/5.0 (compatible; Googlebot/2.1; +http://www.google.com/bot.html)" 0 www.poach.org
66.249.66.66 - - [01/Jun/2007:11:58:13 -0400] "GET /logs/error.log HTTP/1.1" 200 68460 "-" "Mozilla/5.0 (compatible; Googlebot/2.1; +http://www.google.com/bot.html)" 0 www.poach.org
216.37.64.130 - - [01/Jun/2007:17:04:34 -0400] "GET / HTTP/1.1" 200 317 "-" "Mozilla/5.0 (Windows; U; Windows NT 6.0; en-US; rv:1.8.1.3) Gecko/20070309 Firefox/2.0.0.3" 0 www.poach.org
216.37.64.130 - - [01/Jun/2007:17:04:34 -0400] "GET /favicon.ico HTTP/1.1" 404 300 "-" "Mozilla/5.0 (Windows; U; Windows NT 6.0; en-US; rv:1.8.1.3) Gecko/20070309 Firefox/2.0.0.3" 0 www.poach.org
216.37.64.130 - - [01/Jun/2007:17:04:43 -0400] "GET / HTTP/1.1" 200 317 "http://www.poach.org/" "Mozilla/5.0 (Windows; U; Windows NT 6.0; en-US; rv:1.8.1.3) Gecko/20070309 Firefox/2.0.0.3" 0 www.poach.org
216.37.64.130 - - [01/Jun/2007:17:05:03 -0400] "GET /logs HTTP/1.1" 301 325 "http://www.poach.org/" "Mozilla/5.0 (Windows; U; Windows NT 6.0; en-US; rv:1.8.1.3) Gecko/20070309 Firefox/2.0.0.3" 0 www.poach.org
216.37.64.130 - - [01/Jun/2007:17:05:03 -0400] "GET /logs/ HTTP/1.1" 200 376 "http://www.poach.org/" "Mozilla/5.0 (Windows; U; Windows NT 6.0; en-US; rv:1.8.1.3) Gecko/20070309 Firefox/2.0.0.3" 0 www.poach.org
65.55.208.197 - - [02/Jun/2007:03:07:48 -0400] "GET /robots.txt HTTP/1.0" 404 287 "-" "msnbot/1.0 (+http://search.msn.com/msnbot.htm)" 0 www.poach.org
65.55.208.197 - - [02/Jun/2007:03:07:48 -0400] "GET /allstate_nn4.html HTTP/1.0" 404 294 "-" "msnbot/1.0 (+http://search.msn.com/msnbot.htm)" 0 www.poach.org
66.249.66.66 - - [02/Jun/2007:11:23:34 -0400] "GET /robots.txt HTTP/1.1" 404 299 "-" "Mozilla/5.0 (compatible; Googlebot/2.1; +http://www.google.com/bot.html)" 0 www.poach.org
66.249.66.66 - - [02/Jun/2007:11:23:34 -0400] "GET /logs/access.log HTTP/1.1" 200 141998 "-" "Mozilla/5.0 (compatible; Googlebot/2.1; +http://www.google.com/bot.html)" 0 www.poach.org
72.44.58.240 - - [02/Jun/2007:15:15:47 -0400] "GET /robots.txt HTTP/1.0" 404 287 "-" "ilial/Nutch-0.9 (Ilial, Inc. is a Los Angeles based Internet startup company. For more information please visit http://www.ilial.com/crawler; http://www.ilial.com/crawler; crawl@ilial.com)" 0 www.poach.org
72.44.58.240 - - [02/Jun/2007:15:15:47 -0400] "GET /allstate_nn4.html HTTP/1.0" 404 294 "-" "ilial/Nutch-0.9 (Ilial, Inc. is a Los Angeles based Internet startup company. For more information please visit http://www.ilial.com/crawler; http://www.ilial.com/crawler; crawl@ilial.com)" 0 www.poach.org
74.6.75.32 - - [02/Jun/2007:21:54:12 -0400] "GET /robots.txt HTTP/1.0" 404 287 "-" "Mozilla/5.0 (compatible; Yahoo! Slurp; http://help.yahoo.com/help/us/ysearch/slurp)" 0 www.poach.org
74.6.68.170 - - [02/Jun/2007:21:54:12 -0400] "GET / HTTP/1.0" 200 305 "-" "Mozilla/5.0 (compatible; Yahoo! Slurp; http://help.yahoo.com/help/us/ysearch/slurp)" 0 www.poach.org
74.6.75.32 - - [03/Jun/2007:02:28:21 -0400] "GET /robots.txt HTTP/1.0" 404 287 "-" "Mozilla/5.0 (compatible; Yahoo! Slurp; http://help.yahoo.com/help/us/ysearch/slurp)" 0 www.poach.org
74.6.71.99 - - [03/Jun/2007:02:28:21 -0400] "GET /index.htm HTTP/1.0" 404 286 "-" "Mozilla/5.0 (compatible; Yahoo! Slurp; http://help.yahoo.com/help/us/ysearch/slurp)" 0 www.poach.org
74.6.75.32 - - [03/Jun/2007:04:11:45 -0400] "GET /robots.txt HTTP/1.0" 404 287 "-" "Mozilla/5.0 (compatible; Yahoo! Slurp; http://help.yahoo.com/help/us/ysearch/slurp)" 0 www.poach.org
74.6.74.71 - - [03/Jun/2007:04:11:46 -0400] "GET /page09.htm HTTP/1.0" 404 287 "-" "Mozilla/5.0 (compatible; Yahoo! Slurp; http://help.yahoo.com/help/us/ysearch/slurp)" 0 www.poach.org
74.6.86.230 - - [03/Jun/2007:04:22:18 -0400] "GET /robots.txt HTTP/1.0" 404 287 "-" "Mozilla/5.0 (compatible; Yahoo! Slurp; http://help.yahoo.com/help/us/ysearch/slurp)" 0 www.poach.org
74.6.86.162 - - [03/Jun/2007:04:22:18 -0400] "GET /logs/access.log HTTP/1.0" 200 144059 "-" "Mozilla/5.0 (compatible; Yahoo! Slurp; http://help.yahoo.com/help/us/ysearch/slurp)" 0 www.poach.org
74.52.245.146 - - [03/Jun/2007:05:17:17 -0400] "GET / HTTP/1.0" 200 305 "-" "Mozilla/5.0 (X11; U; Linux i686; en-US; rv:1.7.5) Gecko/20041107 Firefox/1.0" 0 www.poach.org
66.249.66.66 - - [03/Jun/2007:08:54:27 -0400] "GET /robots.txt HTTP/1.1" 404 299 "-" "Mozilla/5.0 (compatible; Googlebot/2.1; +http://www.google.com/bot.html)" 0 www.poach.org
66.249.66.66 - - [03/Jun/2007:08:54:27 -0400] "GET /resume/clresume.rtf HTTP/1.1" 404 308 "-" "Mozilla/5.0 (compatible; Googlebot/2.1; +http://www.google.com/bot.html)" 0 www.poach.org
74.6.17.40 - - [03/Jun/2007:12:55:00 -0400] "GET /robots.txt HTTP/1.0" 404 287 "-" "Mozilla/5.0 (compatible; Yahoo! Slurp; http://help.yahoo.com/help/us/ysearch/slurp)" 0 www.poach.org
74.6.18.78 - - [03/Jun/2007:12:55:40 -0400] "GET /allstate_nn4.html HTTP/1.0" 404 294 "-" "Mozilla/5.0 (compatible; Yahoo! Slurp; http://help.yahoo.com/help/us/ysearch/slurp)" 0 www.poach.org
74.208.71.125 - - [03/Jun/2007:16:43:35 -0400] "GET / HTTP/1.0" 200 305 "-" "Mozilla/4.0 (compatible; MSIE 6.0; Windows NT 5.1; SV1; .NET CLR 1.1.4322; .NET CLR 2.0.50727)" 0 www.poach.org
65.54.188.97 - - [04/Jun/2007:03:54:54 -0400] "GET /robots.txt HTTP/1.0" 404 287 "-" "msnbot/1.0 (+http://search.msn.com/msnbot.htm)" 0 www.poach.org
65.54.188.97 - - [04/Jun/2007:03:54:55 -0400] "GET /allstate_nn4.html HTTP/1.0" 404 294 "-" "msnbot/1.0 (+http://search.msn.com/msnbot.htm)" 0 www.poach.org
64.246.165.170 - - [04/Jun/2007:04:05:07 -0400] "GET /robots.txt HTTP/1.0" 404 287 "http://www.whois.sc/" "SurveyBot/2.3 (Whois Source)" 0 www.poach.org
64.246.165.170 - - [04/Jun/2007:04:05:07 -0400] "GET / HTTP/1.1" 200 317 "http://www.whois.sc/poach.org" "SurveyBot/2.3 (Whois Source)" 0 www.poach.org
74.6.86.230 - - [04/Jun/2007:09:46:05 -0400] "GET /robots.txt HTTP/1.0" 404 287 "-" "Mozilla/5.0 (compatible; Yahoo! Slurp; http://help.yahoo.com/help/us/ysearch/slurp)" 0 www.poach.org
74.6.87.46 - - [04/Jun/2007:09:46:06 -0400] "GET /logs/error.log HTTP/1.0" 200 70966 "-" "Mozilla/5.0 (compatible; Yahoo! Slurp; http://help.yahoo.com/help/us/ysearch/slurp)" 0 www.poach.org
68.142.212.221 - - [04/Jun/2007:15:08:10 -0400] "GET /robots.txt HTTP/1.0" 404 287 "-" "Yahoo-MMCrawler/3.x (mms dash mmcrawler dash support at yahoo dash inc dot com)" 0 www.poach.org
74.6.19.124 - - [04/Jun/2007:23:48:23 -0400] "GET /robots.txt HTTP/1.0" 404 287 "-" "Mozilla/5.0 (compatible; Yahoo! Slurp; http://help.yahoo.com/help/us/ysearch/slurp)" 0 www.poach.org
74.6.20.123 - - [04/Jun/2007:23:48:45 -0400] "GET /page05.htm HTTP/1.0" 404 287 "-" "Mozilla/5.0 (compatible; Yahoo! Slurp; http://help.yahoo.com/help/us/ysearch/slurp)" 0 www.poach.org
66.249.66.240 - - [05/Jun/2007:04:59:33 -0400] "GET /robots.txt HTTP/1.1" 404 299 "-" "Mozilla/5.0 (compatible; Googlebot/2.1; +http://www.google.com/bot.html)" 0 www.poach.org
66.249.66.240 - - [05/Jun/2007:04:59:33 -0400] "GET /logs/error.log HTTP/1.1" 200 71463 "-" "Mozilla/5.0 (compatible; Googlebot/2.1; +http://www.google.com/bot.html)" 0 www.poach.org
74.6.75.32 - - [05/Jun/2007:10:12:45 -0400] "GET /robots.txt HTTP/1.0" 404 287 "-" "Mozilla/5.0 (compatible; Yahoo! Slurp; http://help.yahoo.com/help/us/ysearch/slurp)" 0 www.poach.org
74.6.68.170 - - [05/Jun/2007:10:12:46 -0400] "GET / HTTP/1.0" 200 305 "-" "Mozilla/5.0 (compatible; Yahoo! Slurp; http://help.yahoo.com/help/us/ysearch/slurp)" 0 www.poach.org
64.246.165.237 - - [05/Jun/2007:19:38:40 -0400] "GET / HTTP/1.0" 200 305 "-" "Mozilla/4.0 (compatible; MSIE 6.0; Windows NT 5.2; {E12EDDF0-EE40-C76D-85D0-8861BDE2E7AE}; SV1; .NET CLR 1.1.4322)" 0 www.poach.org
89.150.197.144 - - [05/Jun/2007:20:29:03 -0400] "GET /robots.txt HTTP/1.0" 404 287 "-" "Speedy Spider (http://www.entireweb.com/about/search_tech/speedyspider/)" 0 www.poach.org
89.150.197.144 - - [05/Jun/2007:20:29:04 -0400] "GET /allstate_nn4.html HTTP/1.0" 404 294 "-" "Speedy Spider (http://www.entireweb.com/about/search_tech/speedyspider/)" 0 www.poach.org
64.1.215.163 - - [05/Jun/2007:23:01:59 -0400] "GET /robots.txt HTTP/1.0" 404 287 "-" "Mozilla/5.0 (Twiceler-0.9 http://www.cuill.com/twiceler/robot.html)" 0 www.poach.org
74.6.75.46 - - [06/Jun/2007:03:14:26 -0400] "GET /robots.txt HTTP/1.0" 404 287 "-" "Mozilla/5.0 (compatible; Yahoo! Slurp; http://help.yahoo.com/help/us/ysearch/slurp)" 0 www.poach.org
74.6.18.230 - - [06/Jun/2007:03:14:32 -0400] "GET / HTTP/1.0" 200 305 "-" "Mozilla/5.0 (compatible; Yahoo! Slurp; http://help.yahoo.com/help/us/ysearch/slurp)" 0 www.poach.org
74.6.75.22 - - [06/Jun/2007:05:14:22 -0400] "GET /robots.txt HTTP/1.0" 404 283 "-" "Mozilla/5.0 (compatible; Yahoo! Slurp; http://help.yahoo.com/help/us/ysearch/slurp)" 0 www.poach.org
74.6.69.198 - - [06/Jun/2007:05:14:29 -0400] "GET / HTTP/1.0" 200 301 "-" "Mozilla/5.0 (compatible; Yahoo! Slurp; http://help.yahoo.com/help/us/ysearch/slurp)" 0 www.poach.org
66.249.66.240 - - [06/Jun/2007:05:23:13 -0400] "GET /robots.txt HTTP/1.1" 404 299 "-" "Mozilla/5.0 (compatible; Googlebot/2.1; +http://www.google.com/bot.html)" 0 www.poach.org
66.249.66.240 - - [06/Jun/2007:05:23:13 -0400] "GET /logs/access.log HTTP/1.1" 200 149261 "-" "Mozilla/5.0 (compatible; Googlebot/2.1; +http://www.google.com/bot.html)" 0 www.poach.org
63.123.238.8 - - [06/Jun/2007:08:22:16 -0400] "GET /robots.txt HTTP/1.1" 404 299 "-" "Mozilla/2.0 (compatible; Ask Jeeves/Teoma)" 0 www.poach.org
63.123.238.8 - - [06/Jun/2007:08:22:16 -0400] "GET / HTTP/1.1" 200 317 "-" "Mozilla/2.0 (compatible; Ask Jeeves/Teoma)" 0 www.poach.org
