74.6.70.221 - - [22/Jun/2007:03:49:01 -0400] "GET /page05.htm HTTP/1.0" 404 287 "-" "Mozilla/5.0 (compatible; Yahoo! Slurp; http://help.yahoo.com/help/us/ysearch/slurp)" 0 www.poach.org
74.6.75.21 - - [22/Jun/2007:07:38:20 -0400] "GET /robots.txt HTTP/1.0" 404 287 "-" "Mozilla/5.0 (compatible; Yahoo! Slurp; http://help.yahoo.com/help/us/ysearch/slurp)" 0 www.poach.org
74.6.17.75 - - [22/Jun/2007:07:39:43 -0400] "GET / HTTP/1.0" 200 305 "-" "Mozilla/5.0 (compatible; Yahoo! Slurp; http://help.yahoo.com/help/us/ysearch/slurp)" 0 www.poach.org
74.6.75.21 - - [22/Jun/2007:13:34:31 -0400] "GET /robots.txt HTTP/1.0" 404 287 "-" "Mozilla/5.0 (compatible; Yahoo! Slurp; http://help.yahoo.com/help/us/ysearch/slurp)" 0 www.poach.org
74.6.68.170 - - [22/Jun/2007:13:34:42 -0400] "GET / HTTP/1.0" 200 305 "-" "Mozilla/5.0 (compatible; Yahoo! Slurp; http://help.yahoo.com/help/us/ysearch/slurp)" 0 www.poach.org
74.6.86.207 - - [22/Jun/2007:14:52:51 -0400] "GET /robots.txt HTTP/1.0" 404 287 "-" "Mozilla/5.0 (compatible; Yahoo! Slurp; http://help.yahoo.com/help/us/ysearch/slurp)" 0 www.poach.org
74.6.85.211 - - [22/Jun/2007:14:52:58 -0400] "GET / HTTP/1.0" 200 305 "-" "Mozilla/5.0 (compatible; Yahoo! Slurp; http://help.yahoo.com/help/us/ysearch/slurp)" 0 www.poach.org
74.6.75.21 - - [22/Jun/2007:17:11:31 -0400] "GET /robots.txt HTTP/1.0" 404 287 "-" "Mozilla/5.0 (compatible; Yahoo! Slurp; http://help.yahoo.com/help/us/ysearch/slurp)" 0 www.poach.org
74.6.18.78 - - [22/Jun/2007:17:12:44 -0400] "GET /allstate_nn4.html HTTP/1.0" 404 294 "-" "Mozilla/5.0 (compatible; Yahoo! Slurp; http://help.yahoo.com/help/us/ysearch/slurp)" 0 www.poach.org
66.249.66.240 - - [23/Jun/2007:01:19:20 -0400] "GET /robots.txt HTTP/1.1" 404 299 "-" "Mozilla/5.0 (compatible; Googlebot/2.1; +http://www.google.com/bot.html)" 0 www.poach.org
66.249.66.240 - - [23/Jun/2007:01:19:20 -0400] "GET / HTTP/1.1" 200 317 "-" "Mozilla/5.0 (compatible; Googlebot/2.1; +http://www.google.com/bot.html)" 0 www.poach.org
66.249.66.240 - - [23/Jun/2007:01:19:49 -0400] "GET /logs/access.log HTTP/1.1" 200 201697 "-" "Mozilla/5.0 (compatible; Googlebot/2.1; +http://www.google.com/bot.html)" 0 www.poach.org
128.194.135.94 - - [23/Jun/2007:01:40:03 -0400] "GET /logs HTTP/1.1" 301 325 "-" "IRLbot/3.0 (compatible; MSIE 6.0; http://irl.cs.tamu.edu/crawler)" 0 www.poach.org
66.249.85.84 - - [23/Jun/2007:01:52:30 -0400] "GET /allstate_nn4.html HTTP/1.1" 404 306 "http://www.outofthedark.com/CorporateWars/WarLinks.html" "Mozilla/5.0 (Windows; U; Windows NT 5.1; en-US; rv:1.8.1.4) Gecko/20070515 Firefox/2.0.0.4" 0 www.poach.org
74.6.75.21 - - [24/Jun/2007:03:30:45 -0400] "GET /robots.txt HTTP/1.0" 404 287 "-" "Mozilla/5.0 (compatible; Yahoo! Slurp; http://help.yahoo.com/help/us/ysearch/slurp)" 0 www.poach.org
74.6.68.232 - - [24/Jun/2007:03:30:46 -0400] "GET /page02.htm HTTP/1.0" 404 287 "-" "Mozilla/5.0 (compatible; Yahoo! Slurp; http://help.yahoo.com/help/us/ysearch/slurp)" 0 www.poach.org
89.150.197.144 - - [24/Jun/2007:04:54:21 -0400] "GET /robots.txt HTTP/1.0" 404 287 "-" "Speedy Spider (http://www.entireweb.com/about/search_tech/speedyspider/)" 0 www.poach.org
89.150.197.144 - - [24/Jun/2007:04:54:21 -0400] "GET /allstate_nn4.html HTTP/1.0" 404 294 "-" "Speedy Spider (http://www.entireweb.com/about/search_tech/speedyspider/)" 0 www.poach.org
74.6.86.207 - - [24/Jun/2007:09:06:29 -0400] "GET /robots.txt HTTP/1.0" 404 287 "-" "Mozilla/5.0 (compatible; Yahoo! Slurp; http://help.yahoo.com/help/us/ysearch/slurp)" 0 www.poach.org
74.6.86.162 - - [24/Jun/2007:09:06:29 -0400] "GET /logs/access.log HTTP/1.0" 200 203222 "-" "Mozilla/5.0 (compatible; Yahoo! Slurp; http://help.yahoo.com/help/us/ysearch/slurp)" 0 www.poach.org
74.6.75.32 - - [24/Jun/2007:12:42:22 -0400] "GET /robots.txt HTTP/1.0" 404 283 "-" "Mozilla/5.0 (compatible; Yahoo! Slurp; http://help.yahoo.com/help/us/ysearch/slurp)" 0 www.poach.org
74.6.69.198 - - [24/Jun/2007:12:42:23 -0400] "GET / HTTP/1.0" 200 301 "-" "Mozilla/5.0 (compatible; Yahoo! Slurp; http://help.yahoo.com/help/us/ysearch/slurp)" 0 www.poach.org
74.6.75.21 - - [24/Jun/2007:17:36:48 -0400] "GET /robots.txt HTTP/1.0" 404 287 "-" "Mozilla/5.0 (compatible; Yahoo! Slurp; http://help.yahoo.com/help/us/ysearch/slurp)" 0 www.poach.org
74.6.68.170 - - [24/Jun/2007:17:37:05 -0400] "GET / HTTP/1.0" 200 305 "-" "Mozilla/5.0 (compatible; Yahoo! Slurp; http://help.yahoo.com/help/us/ysearch/slurp)" 0 www.poach.org
64.246.165.190 - - [25/Jun/2007:05:20:34 -0400] "GET /robots.txt HTTP/1.0" 404 287 "http://www.whois.sc/" "SurveyBot/2.3 (Whois Source)" 0 www.poach.org
64.246.165.190 - - [25/Jun/2007:05:20:35 -0400] "GET / HTTP/1.1" 200 317 "http://www.whois.sc/poach.org" "SurveyBot/2.3 (Whois Source)" 1 www.poach.org
64.1.215.163 - - [25/Jun/2007:13:18:05 -0400] "GET /robots.txt HTTP/1.0" 404 287 "-" "Mozilla/5.0 (Twiceler-0.9 http://www.cuill.com/twiceler/robot.html)" 0 www.poach.org
74.6.86.207 - - [25/Jun/2007:14:58:56 -0400] "GET /robots.txt HTTP/1.0" 404 287 "-" "Mozilla/5.0 (compatible; Yahoo! Slurp; http://help.yahoo.com/help/us/ysearch/slurp)" 0 www.poach.org
74.6.86.112 - - [25/Jun/2007:14:59:55 -0400] "GET /logs HTTP/1.0" 301 313 "-" "Mozilla/5.0 (compatible; Yahoo! Slurp; http://help.yahoo.com/help/us/ysearch/slurp)" 0 www.poach.org
74.6.86.225 - - [25/Jun/2007:15:03:17 -0400] "GET /robots.txt HTTP/1.0" 404 287 "-" "Mozilla/5.0 (compatible; Yahoo! Slurp; http://help.yahoo.com/help/us/ysearch/slurp)" 0 www.poach.org
74.6.86.112 - - [25/Jun/2007:15:04:01 -0400] "GET /logs/ HTTP/1.0" 200 364 "-" "Mozilla/5.0 (compatible; Yahoo! Slurp; http://help.yahoo.com/help/us/ysearch/slurp)" 0 www.poach.org
66.249.66.240 - - [25/Jun/2007:19:11:53 -0400] "GET /robots.txt HTTP/1.1" 404 299 "-" "Mozilla/5.0 (compatible; Googlebot/2.1; +http://www.google.com/bot.html)" 0 www.poach.org
66.249.66.240 - - [25/Jun/2007:19:11:53 -0400] "GET /logs/ HTTP/1.1" 200 376 "-" "Mozilla/5.0 (compatible; Googlebot/2.1; +http://www.google.com/bot.html)" 0 www.poach.org
66.249.66.240 - - [25/Jun/2007:19:12:08 -0400] "GET /logs/error.log HTTP/1.1" 200 93240 "-" "Mozilla/5.0 (compatible; Googlebot/2.1; +http://www.google.com/bot.html)" 0 www.poach.org
65.54.188.94 - - [25/Jun/2007:20:34:30 -0400] "GET /robots.txt HTTP/1.0" 404 287 "-" "msnbot/1.0 (+http://search.msn.com/msnbot.htm)" 0 www.poach.org
65.54.188.94 - - [25/Jun/2007:20:34:30 -0400] "GET /robots.txt HTTP/1.0" 404 287 "-" "msnbot/1.0 (+http://search.msn.com/msnbot.htm)" 0 www.poach.org
65.54.188.94 - - [25/Jun/2007:20:34:30 -0400] "GET / HTTP/1.0" 200 305 "-" "msnbot/1.0 (+http://search.msn.com/msnbot.htm)" 0 www.poach.org
65.54.188.94 - - [25/Jun/2007:20:34:30 -0400] "GET /resume/clresume.rtf HTTP/1.0" 404 296 "-" "msnbot/1.0 (+http://search.msn.com/msnbot.htm)" 0 www.poach.org
74.6.19.123 - - [26/Jun/2007:02:55:04 -0400] "GET /robots.txt HTTP/1.0" 404 287 "-" "Mozilla/5.0 (compatible; Yahoo! Slurp; http://help.yahoo.com/help/us/ysearch/slurp)" 0 www.poach.org
74.6.28.44 - - [26/Jun/2007:02:55:05 -0400] "GET /allstate_nn4.html HTTP/1.0" 404 294 "-" "Mozilla/5.0 (compatible; Yahoo! Slurp; http://help.yahoo.com/help/us/ysearch/slurp)" 0 www.poach.org
74.6.86.207 - - [26/Jun/2007:04:44:27 -0400] "GET /robots.txt HTTP/1.0" 404 287 "-" "Mozilla/5.0 (compatible; Yahoo! Slurp; http://help.yahoo.com/help/us/ysearch/slurp)" 0 www.poach.org
74.6.87.46 - - [26/Jun/2007:04:44:27 -0400] "GET /logs/error.log HTTP/1.0" 200 93996 "-" "Mozilla/5.0 (compatible; Yahoo! Slurp; http://help.yahoo.com/help/us/ysearch/slurp)" 0 www.poach.org
74.6.75.21 - - [26/Jun/2007:06:00:29 -0400] "GET /robots.txt HTTP/1.0" 404 287 "-" "Mozilla/5.0 (compatible; Yahoo! Slurp; http://help.yahoo.com/help/us/ysearch/slurp)" 0 www.poach.org
74.6.74.71 - - [26/Jun/2007:06:00:29 -0400] "GET /page09.htm HTTP/1.0" 404 287 "-" "Mozilla/5.0 (compatible; Yahoo! Slurp; http://help.yahoo.com/help/us/ysearch/slurp)" 0 www.poach.org
64.208.172.174 - - [26/Jun/2007:06:37:26 -0400] "GET /robots.txt HTTP/1.0" 404 287 "-" "ia_archiver" 0 www.poach.org
64.208.172.174 - - [26/Jun/2007:06:37:27 -0400] "GET /logs/access.log HTTP/1.0" 200 207720 "-" "ia_archiver" 1 www.poach.org
68.142.212.221 - - [26/Jun/2007:09:41:22 -0400] "GET /robots.txt HTTP/1.0" 404 287 "-" "Yahoo-MMCrawler/3.x (mms dash mmcrawler dash support at yahoo dash inc dot com)" 0 www.poach.org
74.6.75.21 - - [26/Jun/2007:17:02:18 -0400] "GET /robots.txt HTTP/1.0" 404 287 "-" "Mozilla/5.0 (compatible; Yahoo! Slurp; http://help.yahoo.com/help/us/ysearch/slurp)" 0 www.poach.org
74.6.71.99 - - [26/Jun/2007:17:02:18 -0400] "GET /index.htm HTTP/1.0" 404 286 "-" "Mozilla/5.0 (compatible; Yahoo! Slurp; http://help.yahoo.com/help/us/ysearch/slurp)" 0 www.poach.org
74.6.21.169 - - [26/Jun/2007:18:36:08 -0400] "GET /allstate_nn4.html HTTP/1.0" 404 294 "-" "Mozilla/5.0 (compatible; Yahoo! Slurp; http://help.yahoo.com/help/us/ysearch/slurp)" 0 www.poach.org
66.249.66.240 - - [26/Jun/2007:18:58:16 -0400] "GET /robots.txt HTTP/1.1" 404 299 "-" "Mozilla/5.0 (compatible; Googlebot/2.1; +http://www.google.com/bot.html)" 0 www.poach.org
66.249.66.240 - - [26/Jun/2007:18:58:17 -0400] "GET /logs/access.log HTTP/1.1" 200 208769 "-" "Mozilla/5.0 (compatible; Googlebot/2.1; +http://www.google.com/bot.html)" 1 www.poach.org
74.6.75.13 - - [27/Jun/2007:01:59:49 -0400] "GET /robots.txt HTTP/1.0" 404 283 "-" "Mozilla/5.0 (compatible; Yahoo! Slurp; http://help.yahoo.com/help/us/ysearch/slurp)" 0 www.poach.org
74.6.69.198 - - [27/Jun/2007:01:59:50 -0400] "GET / HTTP/1.0" 200 301 "-" "Mozilla/5.0 (compatible; Yahoo! Slurp; http://help.yahoo.com/help/us/ysearch/slurp)" 0 www.poach.org
74.6.86.207 - - [27/Jun/2007:04:56:24 -0400] "GET /robots.txt HTTP/1.0" 404 287 "-" "Mozilla/5.0 (compatible; Yahoo! Slurp; http://help.yahoo.com/help/us/ysearch/slurp)" 0 www.poach.org
74.6.86.210 - - [27/Jun/2007:04:57:32 -0400] "GET /allstate_nn4.html HTTP/1.0" 404 294 "-" "Mozilla/5.0 (compatible; Yahoo! Slurp; http://help.yahoo.com/help/us/ysearch/slurp)" 0 www.poach.org
82.165.182.106 - - [27/Jun/2007:08:39:23 -0400] "GET / HTTP/1.0" 200 305 "-" "Mozilla/4.0 (compatible; MSIE 6.0; Windows NT 5.1; SV1; .NET CLR 1.1.4322; .NET CLR 2.0.50727)" 0 www.poach.org
74.208.71.159 - - [27/Jun/2007:08:41:44 -0400] "GET /logs HTTP/1.0" 301 313 "-" "Mozilla/4.0 (compatible; MSIE 6.0; Windows NT 5.1; SV1; .NET CLR 1.1.4322; .NET CLR 2.0.50727)" 0 www.poach.org
64.208.172.174 - - [27/Jun/2007:11:15:03 -0400] "GET /robots.txt HTTP/1.0" 404 287 "-" "ia_archiver" 0 www.poach.org
64.208.172.174 - - [27/Jun/2007:11:15:03 -0400] "GET /logs/access.log HTTP/1.0" 200 210194 "-" "ia_archiver" 0 www.poach.org
4.175.57.71 - - [27/Jun/2007:11:25:51 -0400] "GET /favicon.ico HTTP/1.1" 404 300 "-" "Mozilla/4.0 (compatible; MSIE 7.0; Windows NT 5.1; .NET CLR 1.1.4322; MSN 9.0;MSN 9.1; MSNbMSNI; MSNmen-us; MSNcIA)" 0 www.poach.org
74.6.75.39 - - [28/Jun/2007:06:23:18 -0400] "GET /robots.txt HTTP/1.0" 404 287 "-" "Mozilla/5.0 (compatible; Yahoo! Slurp; http://help.yahoo.com/help/us/ysearch/slurp)" 0 www.poach.org
74.6.74.72 - - [28/Jun/2007:06:23:20 -0400] "GET /page10.htm HTTP/1.0" 404 287 "-" "Mozilla/5.0 (compatible; Yahoo! Slurp; http://help.yahoo.com/help/us/ysearch/slurp)" 0 www.poach.org
128.194.135.94 - - [28/Jun/2007:08:07:54 -0400] "GET /logs/ HTTP/1.1" 200 376 "-" "IRLbot/3.0 (compatible; MSIE 6.0; http://irl.cs.tamu.edu/crawler)" 0 www.poach.org
74.6.68.170 - - [28/Jun/2007:10:51:44 -0400] "GET / HTTP/1.0" 200 305 "-" "Mozilla/5.0 (compatible; Yahoo! Slurp; http://help.yahoo.com/help/us/ysearch/slurp)" 0 www.poach.org
63.123.238.8 - - [28/Jun/2007:11:20:04 -0400] "GET /robots.txt HTTP/1.1" 404 299 "-" "Mozilla/2.0 (compatible; Ask Jeeves/Teoma)" 0 www.poach.org
63.123.238.8 - - [28/Jun/2007:11:20:04 -0400] "GET / HTTP/1.1" 200 317 "-" "Mozilla/2.0 (compatible; Ask Jeeves/Teoma)" 0 www.poach.org
217.212.224.145 - - [28/Jun/2007:18:59:13 -0400] "GET /robots.txt HTTP/1.0" 404 287 "-" "psbot/0.1 (+http://www.picsearch.com/bot.html)" 0 www.poach.org
217.212.224.169 - - [28/Jun/2007:18:59:20 -0400] "GET / HTTP/1.0" 200 305 "-" "psbot/0.1 (+http://www.picsearch.com/bot.html)" 0 www.poach.org
74.6.19.123 - - [28/Jun/2007:20:46:12 -0400] "GET /robots.txt HTTP/1.0" 404 287 "-" "Mozilla/5.0 (compatible; Yahoo! Slurp; http://help.yahoo.com/help/us/ysearch/slurp)" 0 www.poach.org
74.6.20.155 - - [28/Jun/2007:20:46:12 -0400] "GET / HTTP/1.0" 200 305 "-" "Mozilla/5.0 (compatible; Yahoo! Slurp; http://help.yahoo.com/help/us/ysearch/slurp)" 0 www.poach.org
68.142.212.221 - - [28/Jun/2007:23:42:46 -0400] "GET /robots.txt HTTP/1.0" 404 287 "-" "Yahoo-MMCrawler/3.x (mms dash mmcrawler dash support at yahoo dash inc dot com)" 0 www.poach.org
74.6.19.123 - - [29/Jun/2007:01:19:28 -0400] "GET /robots.txt HTTP/1.0" 404 287 "-" "Mozilla/5.0 (compatible; Yahoo! Slurp; http://help.yahoo.com/help/us/ysearch/slurp)" 0 www.poach.org
74.6.25.203 - - [29/Jun/2007:01:19:28 -0400] "GET /allstate.html HTTP/1.0" 404 290 "-" "Mozilla/5.0 (compatible; Yahoo! Slurp; http://help.yahoo.com/help/us/ysearch/slurp)" 0 www.poach.org
66.249.65.47 - - [29/Jun/2007:12:44:10 -0400] "GET /robots.txt HTTP/1.1" 404 299 "-" "Mozilla/5.0 (compatible; Googlebot/2.1; +http://www.google.com/bot.html)" 0 www.poach.org
66.249.65.47 - - [29/Jun/2007:12:44:10 -0400] "GET /logs/error.log HTTP/1.1" 200 96732 "-" "Mozilla/5.0 (compatible; Googlebot/2.1; +http://www.google.com/bot.html)" 0 www.poach.org
74.6.75.13 - - [29/Jun/2007:13:16:31 -0400] "GET /robots.txt HTTP/1.0" 404 283 "-" "Mozilla/5.0 (compatible; Yahoo! Slurp; http://help.yahoo.com/help/us/ysearch/slurp)" 1 www.poach.org
74.6.69.198 - - [29/Jun/2007:13:16:31 -0400] "GET / HTTP/1.0" 200 301 "-" "Mozilla/5.0 (compatible; Yahoo! Slurp; http://help.yahoo.com/help/us/ysearch/slurp)" 0 www.poach.org
74.6.75.39 - - [29/Jun/2007:14:38:46 -0400] "GET /robots.txt HTTP/1.0" 404 287 "-" "Mozilla/5.0 (compatible; Yahoo! Slurp; http://help.yahoo.com/help/us/ysearch/slurp)" 0 www.poach.org
74.6.17.75 - - [29/Jun/2007:14:39:36 -0400] "GET / HTTP/1.0" 200 305 "-" "Mozilla/5.0 (compatible; Yahoo! Slurp; http://help.yahoo.com/help/us/ysearch/slurp)" 0 www.poach.org
74.6.17.165 - - [29/Jun/2007:15:06:03 -0400] "GET /logs HTTP/1.0" 301 313 "-" "Mozilla/5.0 (compatible; Yahoo! Slurp; http://help.yahoo.com/help/us/ysearch/slurp)" 0 www.poach.org
74.6.17.165 - - [29/Jun/2007:15:08:29 -0400] "GET /logs/ HTTP/1.0" 200 364 "-" "Mozilla/5.0 (compatible; Yahoo! Slurp; http://help.yahoo.com/help/us/ysearch/slurp)" 0 www.poach.org
74.6.18.78 - - [29/Jun/2007:17:28:31 -0400] "GET /allstate_nn4.html HTTP/1.0" 404 294 "-" "Mozilla/5.0 (compatible; Yahoo! Slurp; http://help.yahoo.com/help/us/ysearch/slurp)" 0 www.poach.org
139.18.2.209 - - [30/Jun/2007:00:55:07 -0400] "GET /robots.txt HTTP/1.1" 404 299 "-" "findlinks/1.1.4-beta1 (+http://wortschatz.uni-leipzig.de/findlinks/)" 0 www.poach.org
74.6.75.39 - - [30/Jun/2007:06:30:28 -0400] "GET /robots.txt HTTP/1.0" 404 287 "-" "Mozilla/5.0 (compatible; Yahoo! Slurp; http://help.yahoo.com/help/us/ysearch/slurp)" 0 www.poach.org
74.6.71.39 - - [30/Jun/2007:06:30:28 -0400] "GET /logs HTTP/1.0" 301 313 "-" "Mozilla/5.0 (compatible; Yahoo! Slurp; http://help.yahoo.com/help/us/ysearch/slurp)" 0 www.poach.org
74.6.71.39 - - [30/Jun/2007:06:30:28 -0400] "GET /logs/ HTTP/1.0" 200 364 "-" "Mozilla/5.0 (compatible; Yahoo! Slurp; http://help.yahoo.com/help/us/ysearch/slurp)" 0 www.poach.org
66.249.65.47 - - [30/Jun/2007:14:17:17 -0400] "GET /robots.txt HTTP/1.1" 404 299 "-" "Mozilla/5.0 (compatible; Googlebot/2.1; +http://www.google.com/bot.html)" 0 www.poach.org
66.249.65.47 - - [30/Jun/2007:14:17:18 -0400] "GET /logs/access.log HTTP/1.1" 200 215275 "-" "Mozilla/5.0 (compatible; Googlebot/2.1; +http://www.google.com/bot.html)" 1 www.poach.org
74.6.19.122 - - [30/Jun/2007:15:05:32 -0400] "GET /robots.txt HTTP/1.0" 404 287 "-" "Mozilla/5.0 (compatible; Yahoo! Slurp; http://help.yahoo.com/help/us/ysearch/slurp)" 0 www.poach.org
74.6.23.167 - - [30/Jun/2007:15:05:33 -0400] "GET /logs HTTP/1.0" 301 313 "-" "Mozilla/5.0 (compatible; Yahoo! Slurp; http://help.yahoo.com/help/us/ysearch/slurp)" 0 www.poach.org
74.6.23.167 - - [30/Jun/2007:15:05:33 -0400] "GET /logs/ HTTP/1.0" 200 364 "-" "Mozilla/5.0 (compatible; Yahoo! Slurp; http://help.yahoo.com/help/us/ysearch/slurp)" 0 www.poach.org
67.181.21.139 - - [30/Jun/2007:19:04:20 -0400] "GET /logs/error.log HTTP/1.1" 200 97598 "http://www.google.com/search?hl=en&q=64.208.172.174&btnG=Google+Search&aq=t&oq=" "Mozilla/5.0 (Windows; U; Windows NT 5.1; en-US; rv:1.8.1.4) Gecko/20070515 Firefox/2.0.0.4" 1 www.poach.org
67.181.21.139 - - [30/Jun/2007:19:04:20 -0400] "GET /favicon.ico HTTP/1.1" 404 300 "-" "Mozilla/4.0 (compatible; Google Desktop)" 0 www.poach.org
67.181.21.139 - - [30/Jun/2007:19:04:20 -0400] "GET /favicon.ico HTTP/1.1" 404 300 "-" "Mozilla/5.0 (Windows; U; Windows NT 5.1; en-US; rv:1.8.1.4) Gecko/20070515 Firefox/2.0.0.4" 0 www.poach.org
68.142.212.221 - - [01/Jul/2007:00:07:07 -0400] "GET /robots.txt HTTP/1.0" 404 287 "-" "Yahoo-MMCrawler/3.x (mms dash mmcrawler dash support at yahoo dash inc dot com)" 0 www.poach.org
66.249.65.47 - - [01/Jul/2007:01:08:13 -0400] "GET /robots.txt HTTP/1.1" 404 299 "-" "Mozilla/5.0 (compatible; Googlebot/2.1; +http://www.google.com/bot.html)" 0 www.poach.org
66.249.65.47 - - [01/Jul/2007:01:08:13 -0400] "GET / HTTP/1.1" 200 317 "-" "Mozilla/5.0 (compatible; Googlebot/2.1; +http://www.google.com/bot.html)" 0 www.poach.org
74.6.75.39 - - [01/Jul/2007:08:35:12 -0400] "GET /robots.txt HTTP/1.0" 404 287 "-" "Mozilla/5.0 (compatible; Yahoo! Slurp; http://help.yahoo.com/help/us/ysearch/slurp)" 0 www.poach.org
74.6.17.101 - - [01/Jul/2007:08:37:52 -0400] "GET /logs/error.log HTTP/1.0" 200 98222 "-" "Mozilla/5.0 (compatible; Yahoo! Slurp; http://help.yahoo.com/help/us/ysearch/slurp)" 0 www.poach.org
74.6.68.170 - - [01/Jul/2007:13:18:48 -0400] "GET / HTTP/1.0" 200 305 "-" "Mozilla/5.0 (compatible; Yahoo! Slurp; http://help.yahoo.com/help/us/ysearch/slurp)" 0 www.poach.org
70.85.114.58 - - [01/Jul/2007:16:52:28 -0400] "GET /robots.txt HTTP/1.1" 404 299 "www.poach.org" "Pingdom GIGRIB (http://www.pingdom.com)" 0 www.poach.org
70.85.114.58 - - [01/Jul/2007:16:55:37 -0400] "GET // HTTP/1.1" 200 317 "http://www.pingdom.com/tools/fpt/?url=www.poach.org" "Pingdom GIGRIB (http://www.pingdom.com)" 0 www.poach.org
74.6.75.39 - - [01/Jul/2007:23:03:46 -0400] "GET /robots.txt HTTP/1.0" 404 287 "-" "Mozilla/5.0 (compatible; Yahoo! Slurp; http://help.yahoo.com/help/us/ysearch/slurp)" 0 www.poach.org
74.6.70.166 - - [01/Jul/2007:23:03:49 -0400] "GET /allstate.html HTTP/1.0" 404 290 "-" "Mozilla/5.0 (compatible; Yahoo! Slurp; http://help.yahoo.com/help/us/ysearch/slurp)" 0 www.poach.org
64.1.215.163 - - [02/Jul/2007:00:18:48 -0400] "GET /robots.txt HTTP/1.0" 404 287 "-" "Mozilla/5.0 (Twiceler-0.9 http://www.cuill.com/twiceler/robot.html)" 0 www.poach.org
74.6.19.122 - - [02/Jul/2007:03:36:50 -0400] "GET /robots.txt HTTP/1.0" 404 287 "-" "Mozilla/5.0 (compatible; Yahoo! Slurp; http://help.yahoo.com/help/us/ysearch/slurp)" 0 www.poach.org
74.6.28.44 - - [02/Jul/2007:03:36:51 -0400] "GET /allstate_nn4.html HTTP/1.0" 404 294 "-" "Mozilla/5.0 (compatible; Yahoo! Slurp; http://help.yahoo.com/help/us/ysearch/slurp)" 0 www.poach.org
64.246.161.190 - - [02/Jul/2007:05:16:41 -0400] "GET /robots.txt HTTP/1.0" 404 287 "http://www.whois.sc/" "SurveyBot/2.3 (Whois Source)" 0 www.poach.org
64.246.161.190 - - [02/Jul/2007:05:16:42 -0400] "GET / HTTP/1.1" 200 317 "http://www.whois.sc/poach.org" "SurveyBot/2.3 (Whois Source)" 0 www.poach.org
74.6.19.122 - - [02/Jul/2007:13:34:40 -0400] "GET /robots.txt HTTP/1.0" 404 287 "-" "Mozilla/5.0 (compatible; Yahoo! Slurp; http://help.yahoo.com/help/us/ysearch/slurp)" 0 www.poach.org
74.6.23.19 - - [02/Jul/2007:13:34:41 -0400] "GET /logs/error.log HTTP/1.0" 200 99219 "-" "Mozilla/5.0 (compatible; Yahoo! Slurp; http://help.yahoo.com/help/us/ysearch/slurp)" 0 www.poach.org
88.241.111.3 - - [02/Jul/2007:14:45:50 -0400] "GET / HTTP/1.1" 200 317 "http://www.google.com.tr/search?q=poach&hl=tr&start=20&sa=N" "Mozilla/4.0 (compatible; MSIE 7.0; Windows NT 5.1; .NET CLR 1.1.4322)" 0 www.poach.org
88.241.111.3 - - [02/Jul/2007:14:45:50 -0400] "GET /favicon.ico HTTP/1.1" 404 300 "-" "Mozilla/4.0 (compatible; MSIE 7.0; Windows NT 5.1; .NET CLR 1.1.4322)" 0 www.poach.org
65.54.188.96 - - [02/Jul/2007:18:06:28 -0400] "GET /robots.txt HTTP/1.0" 404 287 "-" "msnbot/1.0 (+http://search.msn.com/msnbot.htm)" 0 www.poach.org
65.54.188.96 - - [02/Jul/2007:18:06:29 -0400] "GET /allstate_nn4.html HTTP/1.0" 404 294 "-" "msnbot/1.0 (+http://search.msn.com/msnbot.htm)" 0 www.poach.org
64.208.172.174 - - [03/Jul/2007:01:54:22 -0400] "GET /robots.txt HTTP/1.0" 404 287 "-" "ia_archiver" 0 www.poach.org
64.208.172.174 - - [03/Jul/2007:01:54:22 -0400] "GET /logs/error.log HTTP/1.0" 200 99725 "-" "ia_archiver" 0 www.poach.org
68.142.212.221 - - [03/Jul/2007:02:17:37 -0400] "GET /robots.txt HTTP/1.0" 404 287 "-" "Yahoo-MMCrawler/3.x (mms dash mmcrawler dash support at yahoo dash inc dot com)" 0 www.poach.org
74.6.19.122 - - [03/Jul/2007:04:10:03 -0400] "GET /robots.txt HTTP/1.0" 404 287 "-" "Mozilla/5.0 (compatible; Yahoo! Slurp; http://help.yahoo.com/help/us/ysearch/slurp)" 0 www.poach.org
74.6.23.49 - - [03/Jul/2007:04:10:04 -0400] "GET /page11.htm HTTP/1.0" 404 287 "-" "Mozilla/5.0 (compatible; Yahoo! Slurp; http://help.yahoo.com/help/us/ysearch/slurp)" 0 www.poach.org
74.6.20.155 - - [03/Jul/2007:04:56:43 -0400] "GET / HTTP/1.0" 200 305 "-" "Mozilla/5.0 (compatible; Yahoo! Slurp; http://help.yahoo.com/help/us/ysearch/slurp)" 0 www.poach.org
66.249.65.47 - - [03/Jul/2007:05:34:25 -0400] "GET /robots.txt HTTP/1.1" 404 299 "-" "Mozilla/5.0 (compatible; Googlebot/2.1; +http://www.google.com/bot.html)" 0 www.poach.org
66.249.65.47 - - [03/Jul/2007:05:34:25 -0400] "GET /logs/error.log HTTP/1.1" 200 100220 "-" "Mozilla/5.0 (compatible; Googlebot/2.1; +http://www.google.com/bot.html)" 0 www.poach.org
74.6.19.122 - - [03/Jul/2007:07:47:42 -0400] "GET /robots.txt HTTP/1.0" 404 287 "-" "Mozilla/5.0 (compatible; Yahoo! Slurp; http://help.yahoo.com/help/us/ysearch/slurp)" 0 www.poach.org
74.6.26.45 - - [03/Jul/2007:07:47:42 -0400] "GET /page03.htm HTTP/1.0" 404 287 "-" "Mozilla/5.0 (compatible; Yahoo! Slurp; http://help.yahoo.com/help/us/ysearch/slurp)" 0 www.poach.org
74.6.75.13 - - [03/Jul/2007:13:00:25 -0400] "GET /robots.txt HTTP/1.0" 404 283 "-" "Mozilla/5.0 (compatible; Yahoo! Slurp; http://help.yahoo.com/help/us/ysearch/slurp)" 0 www.poach.org
74.6.69.198 - - [03/Jul/2007:13:00:27 -0400] "GET / HTTP/1.0" 200 301 "-" "Mozilla/5.0 (compatible; Yahoo! Slurp; http://help.yahoo.com/help/us/ysearch/slurp)" 0 www.poach.org
74.6.75.39 - - [03/Jul/2007:20:20:33 -0400] "GET /robots.txt HTTP/1.0" 404 287 "-" "Mozilla/5.0 (compatible; Yahoo! Slurp; http://help.yahoo.com/help/us/ysearch/slurp)" 0 www.poach.org
74.6.74.61 - - [03/Jul/2007:20:20:35 -0400] "GET /folder.htm HTTP/1.0" 404 287 "-" "Mozilla/5.0 (compatible; Yahoo! Slurp; http://help.yahoo.com/help/us/ysearch/slurp)" 0 www.poach.org
74.6.71.151 - - [03/Jul/2007:20:21:43 -0400] "GET /resume/clresume.rtf, HTTP/1.0" 404 297 "-" "Mozilla/5.0 (compatible; Yahoo! Slurp; http://help.yahoo.com/help/us/ysearch/slurp)" 0 www.poach.org
74.6.19.122 - - [03/Jul/2007:23:42:27 -0400] "GET /robots.txt HTTP/1.0" 404 287 "-" "Mozilla/5.0 (compatible; Yahoo! Slurp; http://help.yahoo.com/help/us/ysearch/slurp)" 0 www.poach.org
74.6.20.123 - - [03/Jul/2007:23:42:27 -0400] "GET /page05.htm HTTP/1.0" 404 287 "-" "Mozilla/5.0 (compatible; Yahoo! Slurp; http://help.yahoo.com/help/us/ysearch/slurp)" 0 www.poach.org
74.6.68.170 - - [04/Jul/2007:00:37:20 -0400] "GET / HTTP/1.0" 200 305 "-" "Mozilla/5.0 (compatible; Yahoo! Slurp; http://help.yahoo.com/help/us/ysearch/slurp)" 0 www.poach.org
74.6.19.122 - - [04/Jul/2007:02:35:03 -0400] "GET /robots.txt HTTP/1.0" 404 287 "-" "Mozilla/5.0 (compatible; Yahoo! Slurp; http://help.yahoo.com/help/us/ysearch/slurp)" 0 www.poach.org
74.6.23.36 - - [04/Jul/2007:02:35:03 -0400] "GET /page06.htm HTTP/1.0" 404 287 "-" "Mozilla/5.0 (compatible; Yahoo! Slurp; http://help.yahoo.com/help/us/ysearch/slurp)" 0 www.poach.org
66.249.65.47 - - [04/Jul/2007:05:44:28 -0400] "GET /robots.txt HTTP/1.1" 404 299 "-" "Mozilla/5.0 (compatible; Googlebot/2.1; +http://www.google.com/bot.html)" 0 www.poach.org
66.249.65.47 - - [04/Jul/2007:05:44:28 -0400] "GET /logs/access.log HTTP/1.1" 200 224077 "-" "Mozilla/5.0 (compatible; Googlebot/2.1; +http://www.google.com/bot.html)" 0 www.poach.org
74.6.19.122 - - [04/Jul/2007:14:06:14 -0400] "GET /robots.txt HTTP/1.0" 404 287 "-" "Mozilla/5.0 (compatible; Yahoo! Slurp; http://help.yahoo.com/help/us/ysearch/slurp)" 0 www.poach.org
74.6.23.167 - - [04/Jul/2007:14:06:14 -0400] "GET /logs HTTP/1.0" 301 313 "-" "Mozilla/5.0 (compatible; Yahoo! Slurp; http://help.yahoo.com/help/us/ysearch/slurp)" 0 www.poach.org
74.6.23.167 - - [04/Jul/2007:14:06:15 -0400] "GET /logs/ HTTP/1.0" 200 364 "-" "Mozilla/5.0 (compatible; Yahoo! Slurp; http://help.yahoo.com/help/us/ysearch/slurp)" 0 www.poach.org
63.123.238.8 - - [04/Jul/2007:17:33:34 -0400] "GET /robots.txt HTTP/1.1" 404 299 "-" "Mozilla/2.0 (compatible; Ask Jeeves/Teoma)" 0 www.poach.org
63.123.238.8 - - [04/Jul/2007:17:33:34 -0400] "GET / HTTP/1.1" 200 317 "-" "Mozilla/2.0 (compatible; Ask Jeeves/Teoma)" 0 www.poach.org
74.6.19.122 - - [04/Jul/2007:21:14:04 -0400] "GET /robots.txt HTTP/1.0" 404 287 "-" "Mozilla/5.0 (compatible; Yahoo! Slurp; http://help.yahoo.com/help/us/ysearch/slurp)" 0 www.poach.org
74.6.23.153 - - [04/Jul/2007:21:14:04 -0400] "GET /page01.htm HTTP/1.0" 404 287 "-" "Mozilla/5.0 (compatible; Yahoo! Slurp; http://help.yahoo.com/help/us/ysearch/slurp)" 0 www.poach.org
68.142.212.221 - - [05/Jul/2007:05:34:40 -0400] "GET /robots.txt HTTP/1.0" 404 287 "-" "Yahoo-MMCrawler/3.x (mms dash mmcrawler dash support at yahoo dash inc dot com)" 0 www.poach.org
74.6.19.122 - - [05/Jul/2007:08:48:15 -0400] "GET /robots.txt HTTP/1.0" 404 287 "-" "Mozilla/5.0 (compatible; Yahoo! Slurp; http://help.yahoo.com/help/us/ysearch/slurp)" 0 www.poach.org
74.6.24.164 - - [05/Jul/2007:08:48:15 -0400] "GET /page10.htm HTTP/1.0" 404 287 "-" "Mozilla/5.0 (compatible; Yahoo! Slurp; http://help.yahoo.com/help/us/ysearch/slurp)" 0 www.poach.org
89.150.197.144 - - [05/Jul/2007:22:10:52 -0400] "GET /robots.txt HTTP/1.0" 404 287 "-" "Speedy Spider (http://www.entireweb.com/about/search_tech/speedyspider/)" 0 www.poach.org
89.150.197.144 - - [05/Jul/2007:22:10:53 -0400] "GET /allstate_nn4.html HTTP/1.0" 404 294 "-" "Speedy Spider (http://www.entireweb.com/about/search_tech/speedyspider/)" 0 www.poach.org
74.6.75.39 - - [05/Jul/2007:22:23:17 -0400] "GET /robots.txt HTTP/1.0" 404 287 "-" "Mozilla/5.0 (compatible; Yahoo! Slurp; http://help.yahoo.com/help/us/ysearch/slurp)" 0 www.poach.org
74.6.68.170 - - [05/Jul/2007:22:23:18 -0400] "GET / HTTP/1.0" 200 305 "-" "Mozilla/5.0 (compatible; Yahoo! Slurp; http://help.yahoo.com/help/us/ysearch/slurp)" 0 www.poach.org
4.175.153.186 - - [05/Jul/2007:22:45:15 -0400] "GET /favicon.ico HTTP/1.1" 404 300 "-" "Mozilla/4.0 (compatible; MSIE 7.0; Windows NT 5.1; .NET CLR 1.1.4322; MSN 9.0;MSN 9.1; MSNbMSNI; MSNmen-us; MSNcIA)" 0 www.poach.org
72.30.177.169 - - [06/Jul/2007:00:36:58 -0400] "GET /page06.htm HTTP/1.0" 404 287 "-" "Mozilla/5.0 (compatible; Yahoo! Slurp; http://help.yahoo.com/help/us/ysearch/slurp)" 0 www.poach.org
62.146.68.10 - - [06/Jul/2007:03:04:57 -0400] "GET / HTTP/1.1" 200 317 "-" "User-Agent: Mozilla/5.0 (compatible; MSIE 6.0; Windows NT 5.1; SV1; .NET CLR 1.1.9200)" 0 www.poach.org
62.146.68.10 - - [06/Jul/2007:03:05:01 -0400] "GET / HTTP/1.1" 200 317 "-" "User-Agent: Mozilla/5.0 (compatible; MSIE 6.0; Windows NT 5.1; SV1; .NET CLR 1.1.1693)" 0 www.poach.org
62.146.68.10 - - [06/Jul/2007:03:05:02 -0400] "GET / HTTP/1.1" 200 317 "-" "User-Agent: Mozilla/5.0 (compatible; MSIE 6.0; Windows NT 5.1; SV1; .NET CLR 1.1.4825)" 0 www.poach.org
74.6.19.122 - - [06/Jul/2007:03:28:52 -0400] "GET /robots.txt HTTP/1.0" 404 287 "-" "Mozilla/5.0 (compatible; Yahoo! Slurp; http://help.yahoo.com/help/us/ysearch/slurp)" 0 www.poach.org
74.6.25.203 - - [06/Jul/2007:03:28:52 -0400] "GET /allstate.html HTTP/1.0" 404 290 "-" "Mozilla/5.0 (compatible; Yahoo! Slurp; http://help.yahoo.com/help/us/ysearch/slurp)" 0 www.poach.org
74.6.75.13 - - [06/Jul/2007:08:20:53 -0400] "GET /robots.txt HTTP/1.0" 404 283 "-" "Mozilla/5.0 (compatible; Yahoo! Slurp; http://help.yahoo.com/help/us/ysearch/slurp)" 0 www.poach.org
74.6.69.198 - - [06/Jul/2007:08:20:56 -0400] "GET / HTTP/1.0" 200 301 "-" "Mozilla/5.0 (compatible; Yahoo! Slurp; http://help.yahoo.com/help/us/ysearch/slurp)" 0 www.poach.org
74.6.19.122 - - [06/Jul/2007:10:25:25 -0400] "GET /robots.txt HTTP/1.0" 404 287 "-" "Mozilla/5.0 (compatible; Yahoo! Slurp; http://help.yahoo.com/help/us/ysearch/slurp)" 0 www.poach.org
74.6.20.14 - - [06/Jul/2007:10:25:26 -0400] "GET /page09.htm HTTP/1.0" 404 287 "-" "Mozilla/5.0 (compatible; Yahoo! Slurp; http://help.yahoo.com/help/us/ysearch/slurp)" 0 www.poach.org
74.6.75.39 - - [06/Jul/2007:14:58:14 -0400] "GET /robots.txt HTTP/1.0" 404 287 "-" "Mozilla/5.0 (compatible; Yahoo! Slurp; http://help.yahoo.com/help/us/ysearch/slurp)" 0 www.poach.org
74.6.17.75 - - [06/Jul/2007:14:59:36 -0400] "GET / HTTP/1.0" 200 305 "-" "Mozilla/5.0 (compatible; Yahoo! Slurp; http://help.yahoo.com/help/us/ysearch/slurp)" 0 www.poach.org
74.6.17.165 - - [06/Jul/2007:15:12:07 -0400] "GET /logs HTTP/1.0" 301 313 "-" "Mozilla/5.0 (compatible; Yahoo! Slurp; http://help.yahoo.com/help/us/ysearch/slurp)" 0 www.poach.org
74.6.17.165 - - [06/Jul/2007:15:14:31 -0400] "GET /logs/ HTTP/1.0" 200 364 "-" "Mozilla/5.0 (compatible; Yahoo! Slurp; http://help.yahoo.com/help/us/ysearch/slurp)" 0 www.poach.org
74.6.19.122 - - [06/Jul/2007:22:12:03 -0400] "GET /robots.txt HTTP/1.0" 404 287 "-" "Mozilla/5.0 (compatible; Yahoo! Slurp; http://help.yahoo.com/help/us/ysearch/slurp)" 0 www.poach.org
74.6.25.107 - - [06/Jul/2007:22:12:04 -0400] "GET /folder.htm HTTP/1.0" 404 287 "-" "Mozilla/5.0 (compatible; Yahoo! Slurp; http://help.yahoo.com/help/us/ysearch/slurp)" 0 www.poach.org
74.6.75.39 - - [06/Jul/2007:23:39:40 -0400] "GET /robots.txt HTTP/1.0" 404 287 "-" "Mozilla/5.0 (compatible; Yahoo! Slurp; http://help.yahoo.com/help/us/ysearch/slurp)" 0 www.poach.org
74.6.18.78 - - [06/Jul/2007:23:41:25 -0400] "GET /allstate_nn4.html HTTP/1.0" 404 294 "-" "Mozilla/5.0 (compatible; Yahoo! Slurp; http://help.yahoo.com/help/us/ysearch/slurp)" 0 www.poach.org
74.6.18.230 - - [07/Jul/2007:01:05:28 -0400] "GET / HTTP/1.0" 200 305 "-" "Mozilla/5.0 (compatible; Yahoo! Slurp; http://help.yahoo.com/help/us/ysearch/slurp)" 0 www.poach.org
74.52.245.146 - - [07/Jul/2007:01:55:50 -0400] "GET / HTTP/1.0" 200 305 "-" "Mozilla/5.0 (X11; U; Linux i686; en-US; rv:1.7.5) Gecko/20041107 Firefox/1.0" 0 www.poach.org
74.6.19.122 - - [07/Jul/2007:07:28:14 -0400] "GET /robots.txt HTTP/1.0" 404 287 "-" "Mozilla/5.0 (compatible; Yahoo! Slurp; http://help.yahoo.com/help/us/ysearch/slurp)" 0 www.poach.org
74.6.20.155 - - [07/Jul/2007:07:28:14 -0400] "GET / HTTP/1.0" 200 305 "-" "Mozilla/5.0 (compatible; Yahoo! Slurp; http://help.yahoo.com/help/us/ysearch/slurp)" 0 www.poach.org
68.142.212.221 - - [07/Jul/2007:10:28:12 -0400] "GET /robots.txt HTTP/1.0" 404 287 "-" "Yahoo-MMCrawler/3.x (mms dash mmcrawler dash support at yahoo dash inc dot com)" 0 www.poach.org
128.194.135.94 - - [07/Jul/2007:10:50:04 -0400] "GET /allstate.html HTTP/1.1" 404 302 "-" "IRLbot/3.0 (compatible; MSIE 6.0; http://irl.cs.tamu.edu/crawler)" 0 www.poach.org
66.249.65.47 - - [07/Jul/2007:15:07:17 -0400] "GET /robots.txt HTTP/1.1" 404 299 "-" "Mozilla/5.0 (compatible; Googlebot/2.1; +http://www.google.com/bot.html)" 0 www.poach.org
66.249.65.47 - - [07/Jul/2007:15:07:17 -0400] "GET /logs/error.log HTTP/1.1" 200 104813 "-" "Mozilla/5.0 (compatible; Googlebot/2.1; +http://www.google.com/bot.html)" 0 www.poach.org
66.249.65.47 - - [07/Jul/2007:16:26:16 -0400] "GET /logs HTTP/1.1" 301 325 "-" "Mozilla/5.0 (compatible; Googlebot/2.1; +http://www.google.com/bot.html)" 0 www.poach.org
66.249.65.47 - - [07/Jul/2007:16:26:17 -0400] "GET /logs/ HTTP/1.1" 200 376 "-" "Mozilla/5.0 (compatible; Googlebot/2.1; +http://www.google.com/bot.html)" 0 www.poach.org
72.129.57.255 - - [07/Jul/2007:16:29:59 -0400] "GET /allstate_nn4.html HTTP/1.1" 404 306 "http://www.outofthedark.com/CorporateWars/WarLinks.html" "Mozilla/5.0 (Macintosh; U; Intel Mac OS X; en-US; rv:1.8.1.4) Gecko/20070515 Firefox/2.0.0.4" 0 www.poach.org
72.129.57.255 - - [07/Jul/2007:16:30:00 -0400] "GET /favicon.ico HTTP/1.1" 404 300 "-" "Mozilla/5.0 (Macintosh; U; Intel Mac OS X; en-US; rv:1.8.1.4) Gecko/20070515 Firefox/2.0.0.4" 0 www.poach.org
74.6.75.39 - - [07/Jul/2007:19:05:15 -0400] "GET /robots.txt HTTP/1.0" 404 287 "-" "Mozilla/5.0 (compatible; Yahoo! Slurp; http://help.yahoo.com/help/us/ysearch/slurp)" 0 www.poach.org
74.6.17.101 - - [07/Jul/2007:19:06:57 -0400] "GET /logs/error.log HTTP/1.0" 200 105193 "-" "Mozilla/5.0 (compatible; Yahoo! Slurp; http://help.yahoo.com/help/us/ysearch/slurp)" 6 www.poach.org
74.6.75.39 - - [08/Jul/2007:02:31:17 -0400] "GET /robots.txt HTTP/1.0" 404 287 "-" "Mozilla/5.0 (compatible; Yahoo! Slurp; http://help.yahoo.com/help/us/ysearch/slurp)" 0 www.poach.org
74.6.68.170 - - [08/Jul/2007:02:31:17 -0400] "GET / HTTP/1.0" 200 305 "-" "Mozilla/5.0 (compatible; Yahoo! Slurp; http://help.yahoo.com/help/us/ysearch/slurp)" 0 www.poach.org
74.6.19.122 - - [08/Jul/2007:06:09:11 -0400] "GET /robots.txt HTTP/1.0" 404 287 "-" "Mozilla/5.0 (compatible; Yahoo! Slurp; http://help.yahoo.com/help/us/ysearch/slurp)" 0 www.poach.org
74.6.23.19 - - [08/Jul/2007:06:09:11 -0400] "GET /logs/error.log HTTP/1.0" 200 105438 "-" "Mozilla/5.0 (compatible; Yahoo! Slurp; http://help.yahoo.com/help/us/ysearch/slurp)" 0 www.poach.org
66.249.65.47 - - [08/Jul/2007:08:50:32 -0400] "GET /robots.txt HTTP/1.1" 404 299 "-" "Mozilla/5.0 (compatible; Googlebot/2.1; +http://www.google.com/bot.html)" 0 www.poach.org
66.249.65.47 - - [08/Jul/2007:08:50:32 -0400] "GET /logs/access.log HTTP/1.1" 200 233787 "-" "Mozilla/5.0 (compatible; Googlebot/2.1; +http://www.google.com/bot.html)" 0 www.poach.org
74.6.75.39 - - [08/Jul/2007:11:47:49 -0400] "GET /robots.txt HTTP/1.0" 404 287 "-" "Mozilla/5.0 (compatible; Yahoo! Slurp; http://help.yahoo.com/help/us/ysearch/slurp)" 0 www.poach.org
74.6.17.17 - - [08/Jul/2007:11:48:32 -0400] "GET /logs/access.log HTTP/1.0" 200 234156 "-" "Mozilla/5.0 (compatible; Yahoo! Slurp; http://help.yahoo.com/help/us/ysearch/slurp)" 0 www.poach.org
64.1.215.163 - - [08/Jul/2007:13:46:50 -0400] "GET /logs/access.log HTTP/1.0" 200 135833 "-" "Mozilla/5.0 (Twiceler-0.9 http://www.cuill.com/twiceler/robot.html)" 1 www.poach.org
74.6.75.13 - - [08/Jul/2007:16:01:53 -0400] "GET /robots.txt HTTP/1.0" 404 283 "-" "Mozilla/5.0 (compatible; Yahoo! Slurp; http://help.yahoo.com/help/us/ysearch/slurp)" 0 www.poach.org
74.6.69.198 - - [08/Jul/2007:16:02:01 -0400] "GET / HTTP/1.0" 200 301 "-" "Mozilla/5.0 (compatible; Yahoo! Slurp; http://help.yahoo.com/help/us/ysearch/slurp)" 0 www.poach.org
85.25.138.126 - - [08/Jul/2007:23:15:01 -0400] "GET /allstate_nn4.html HTTP/1.1" 404 306 "-" "Mozilla/5.0 (Windows; U; Windows NT 5.1; de; rv:1.8.1) Gecko/20061010 Firefox/2.0" 0 www.poach.org
64.246.165.10 - - [09/Jul/2007:06:02:29 -0400] "GET /robots.txt HTTP/1.0" 404 287 "http://www.whois.sc/" "SurveyBot/2.3 (Whois Source)" 0 www.poach.org
64.246.165.10 - - [09/Jul/2007:06:02:30 -0400] "GET / HTTP/1.1" 200 317 "http://www.whois.sc/poach.org" "SurveyBot/2.3 (Whois Source)" 0 www.poach.org
74.6.19.122 - - [09/Jul/2007:13:16:24 -0400] "GET /robots.txt HTTP/1.0" 404 287 "-" "Mozilla/5.0 (compatible; Yahoo! Slurp; http://help.yahoo.com/help/us/ysearch/slurp)" 0 www.poach.org
74.6.28.172 - - [09/Jul/2007:13:16:24 -0400] "GET /page11.htm HTTP/1.0" 404 287 "-" "Mozilla/5.0 (compatible; Yahoo! Slurp; http://help.yahoo.com/help/us/ysearch/slurp)" 0 www.poach.org
74.6.28.44 - - [09/Jul/2007:13:26:44 -0400] "GET /allstate_nn4.html HTTP/1.0" 404 294 "-" "Mozilla/5.0 (compatible; Yahoo! Slurp; http://help.yahoo.com/help/us/ysearch/slurp)" 0 www.poach.org
65.222.176.123 - - [09/Jul/2007:16:09:26 -0400] "GET / HTTP/1.1" 200 317 "-" "Mozilla/4.0 (compatible; MSIE 6.0; Windows XP)" 0 www.poach.org
65.222.176.123 - - [09/Jul/2007:16:10:35 -0400] "GET /logs HTTP/1.1" 301 325 "http://www.poach.org/" "Mozilla/4.0 (compatible; MSIE 6.0; Windows XP)" 0 www.poach.org
65.222.176.123 - - [09/Jul/2007:16:11:39 -0400] "GET /logs/ HTTP/1.1" 200 376 "http://www.poach.org/logs" "Mozilla/4.0 (compatible; MSIE 6.0; Windows XP)" 0 www.poach.org
65.222.176.123 - - [09/Jul/2007:16:12:35 -0400] "GET /logs/error.log HTTP/1.1" 200 106438 "http://www.poach.org/logs/" "Mozilla/4.0 (compatible; MSIE 6.0; Windows XP)" 0 www.poach.org
65.222.176.123 - - [09/Jul/2007:16:12:39 -0400] "GET /logs/access.log HTTP/1.1" 200 140481 "http://www.poach.org/logs/" "Mozilla/4.0 (compatible; MSIE 6.0; Windows XP)" 0 www.poach.org
68.142.212.221 - - [09/Jul/2007:22:10:08 -0400] "GET /robots.txt HTTP/1.0" 404 287 "-" "Yahoo-MMCrawler/3.x (mms dash mmcrawler dash support at yahoo dash inc dot com)" 0 www.poach.org
64.1.215.163 - - [10/Jul/2007:13:33:39 -0400] "GET /robots.txt HTTP/1.0" 404 287 "-" "Mozilla/5.0 (Twiceler-0.9 http://www.cuill.com/twiceler/robot.html)" 0 www.poach.org
74.6.19.122 - - [10/Jul/2007:18:40:57 -0400] "GET /robots.txt HTTP/1.0" 404 287 "-" "Mozilla/5.0 (compatible; Yahoo! Slurp; http://help.yahoo.com/help/us/ysearch/slurp)" 0 www.poach.org
74.6.20.141 - - [10/Jul/2007:18:41:00 -0400] "GET /page02.htm HTTP/1.0" 404 287 "-" "Mozilla/5.0 (compatible; Yahoo! Slurp; http://help.yahoo.com/help/us/ysearch/slurp)" 0 www.poach.org
74.6.19.122 - - [10/Jul/2007:20:51:33 -0400] "GET /robots.txt HTTP/1.0" 404 287 "-" "Mozilla/5.0 (compatible; Yahoo! Slurp; http://help.yahoo.com/help/us/ysearch/slurp)" 0 www.poach.org
74.6.25.108 - - [10/Jul/2007:20:51:33 -0400] "GET /page07.htm HTTP/1.0" 404 287 "-" "Mozilla/5.0 (compatible; Yahoo! Slurp; http://help.yahoo.com/help/us/ysearch/slurp)" 0 www.poach.org
71.170.215.117 - - [10/Jul/2007:22:14:13 -0400] "GET /logs/error.log HTTP/1.1" 200 107180 "http://www.google.com/search?q=210.150.10.91&rls=com.microsoft:en-us&ie=UTF-8&oe=UTF-8&startIndex=&startPage=1" "Mozilla/4.0 (compatible; MSIE 7.0; Windows NT 5.1; MathPlayer 2.0; .NET CLR 1.1.4322; .NET CLR 2.0.50727)" 1 www.poach.org
74.6.75.14 - - [10/Jul/2007:22:47:30 -0400] "GET /robots.txt HTTP/1.0" 404 287 "-" "Mozilla/5.0 (compatible; Yahoo! Slurp; http://help.yahoo.com/help/us/ysearch/slurp)" 0 www.poach.org
74.6.68.170 - - [10/Jul/2007:22:47:30 -0400] "GET / HTTP/1.0" 200 305 "-" "Mozilla/5.0 (compatible; Yahoo! Slurp; http://help.yahoo.com/help/us/ysearch/slurp)" 0 www.poach.org
74.6.75.27 - - [10/Jul/2007:23:40:13 -0400] "GET /robots.txt HTTP/1.0" 404 283 "-" "Mozilla/5.0 (compatible; Yahoo! Slurp; http://help.yahoo.com/help/us/ysearch/slurp)" 0 www.poach.org
74.6.69.198 - - [10/Jul/2007:23:40:13 -0400] "GET / HTTP/1.0" 200 301 "-" "Mozilla/5.0 (compatible; Yahoo! Slurp; http://help.yahoo.com/help/us/ysearch/slurp)" 0 www.poach.org
66.249.65.47 - - [11/Jul/2007:00:14:59 -0400] "GET /robots.txt HTTP/1.1" 404 299 "-" "Mozilla/5.0 (compatible; Googlebot/2.1; +http://www.google.com/bot.html)" 0 www.poach.org
66.249.65.47 - - [11/Jul/2007:00:15:00 -0400] "GET /logs/error.log HTTP/1.1" 200 107548 "-" "Mozilla/5.0 (compatible; Googlebot/2.1; +http://www.google.com/bot.html)" 1 www.poach.org
74.6.69.198 - - [11/Jul/2007:01:15:06 -0400] "GET / HTTP/1.0" 200 301 "-" "Mozilla/5.0 (compatible; Yahoo! Slurp; http://help.yahoo.com/help/us/ysearch/slurp)" 0 www.poach.org
66.249.65.47 - - [11/Jul/2007:02:10:50 -0400] "GET /logs HTTP/1.1" 301 325 "-" "Mozilla/5.0 (compatible; Googlebot/2.1; +http://www.google.com/bot.html)" 0 www.poach.org
66.249.65.47 - - [11/Jul/2007:02:10:51 -0400] "GET /logs/ HTTP/1.1" 200 376 "-" "Mozilla/5.0 (compatible; Googlebot/2.1; +http://www.google.com/bot.html)" 0 www.poach.org
74.6.19.122 - - [11/Jul/2007:04:47:01 -0400] "GET /robots.txt HTTP/1.0" 404 287 "-" "Mozilla/5.0 (compatible; Yahoo! Slurp; http://help.yahoo.com/help/us/ysearch/slurp)" 0 www.poach.org
74.6.23.119 - - [11/Jul/2007:04:47:01 -0400] "GET /index.htm HTTP/1.0" 404 286 "-" "Mozilla/5.0 (compatible; Yahoo! Slurp; http://help.yahoo.com/help/us/ysearch/slurp)" 0 www.poach.org
74.6.75.27 - - [11/Jul/2007:09:29:08 -0400] "GET /robots.txt HTTP/1.0" 404 283 "-" "Mozilla/5.0 (compatible; Yahoo! Slurp; http://help.yahoo.com/help/us/ysearch/slurp)" 0 www.poach.org
74.6.66.9 - - [11/Jul/2007:09:29:08 -0400] "GET /logs HTTP/1.0" 301 305 "-" "Mozilla/5.0 (compatible; Yahoo! Slurp; http://help.yahoo.com/help/us/ysearch/slurp)" 0 www.poach.org
74.6.66.9 - - [11/Jul/2007:09:29:09 -0400] "GET /logs/ HTTP/1.0" 200 360 "-" "Mozilla/5.0 (compatible; Yahoo! Slurp; http://help.yahoo.com/help/us/ysearch/slurp)" 1 www.poach.org
63.123.238.8 - - [11/Jul/2007:10:12:23 -0400] "GET /robots.txt HTTP/1.1" 404 299 "-" "Mozilla/2.0 (compatible; Ask Jeeves/Teoma)" 0 www.poach.org
63.123.238.8 - - [11/Jul/2007:10:12:23 -0400] "GET / HTTP/1.1" 200 317 "-" "Mozilla/2.0 (compatible; Ask Jeeves/Teoma)" 0 www.poach.org
66.249.65.47 - - [11/Jul/2007:20:39:04 -0400] "GET /robots.txt HTTP/1.1" 404 299 "-" "Mozilla/5.0 (compatible; Googlebot/2.1; +http://www.google.com/bot.html)" 0 www.poach.org
66.249.65.47 - - [11/Jul/2007:20:39:04 -0400] "GET / HTTP/1.1" 200 317 "-" "Mozilla/5.0 (compatible; Googlebot/2.1; +http://www.google.com/bot.html)" 0 www.poach.org
66.249.65.47 - - [11/Jul/2007:20:41:04 -0400] "GET /logs/access.log HTTP/1.1" 200 241359 "-" "Mozilla/5.0 (compatible; Googlebot/2.1; +http://www.google.com/bot.html)" 1 www.poach.org
66.249.65.47 - - [11/Jul/2007:20:44:17 -0400] "GET /resume/clresume.rtf HTTP/1.1" 404 308 "-" "Mozilla/5.0 (compatible; Googlebot/2.1; +http://www.google.com/bot.html)" 0 www.poach.org
69.115.204.235 - - [11/Jul/2007:21:00:59 -0400] "GET / HTTP/1.1" 200 317 "-" "Mozilla/4.0 (compatible; MSIE 6.0; Windows NT 5.1; SV1; IEMB3; .NET CLR 1.1.4322; .NET CLR 2.0.50727)" 0 www.poach.org
74.6.75.14 - - [11/Jul/2007:21:19:35 -0400] "GET /robots.txt HTTP/1.0" 404 287 "-" "Mozilla/5.0 (compatible; Yahoo! Slurp; http://help.yahoo.com/help/us/ysearch/slurp)" 0 www.poach.org
74.6.71.99 - - [11/Jul/2007:21:19:35 -0400] "GET /index.htm HTTP/1.0" 404 286 "-" "Mozilla/5.0 (compatible; Yahoo! Slurp; http://help.yahoo.com/help/us/ysearch/slurp)" 0 www.poach.org
68.142.212.221 - - [12/Jul/2007:04:12:56 -0400] "GET /robots.txt HTTP/1.0" 404 287 "-" "Yahoo-MMCrawler/3.x (mms dash mmcrawler dash support at yahoo dash inc dot com)" 0 www.poach.org
82.165.182.106 - - [12/Jul/2007:13:25:44 -0400] "GET / HTTP/1.0" 200 305 "-" "Mozilla/4.0 (compatible; MSIE 6.0; Windows NT 5.1; SV1; .NET CLR 1.1.4322; .NET CLR 2.0.50727)" 0 www.poach.org
74.208.71.84 - - [12/Jul/2007:13:30:21 -0400] "GET /logs HTTP/1.0" 301 313 "-" "Mozilla/4.0 (compatible; MSIE 6.0; Windows NT 5.1; SV1; .NET CLR 1.1.4322; .NET CLR 2.0.50727)" 0 www.poach.org
74.6.75.14 - - [12/Jul/2007:13:42:24 -0400] "GET /robots.txt HTTP/1.0" 404 287 "-" "Mozilla/5.0 (compatible; Yahoo! Slurp; http://help.yahoo.com/help/us/ysearch/slurp)" 0 www.poach.org
74.6.71.99 - - [12/Jul/2007:13:42:24 -0400] "GET /index.htm HTTP/1.0" 404 286 "-" "Mozilla/5.0 (compatible; Yahoo! Slurp; http://help.yahoo.com/help/us/ysearch/slurp)" 0 www.poach.org
74.6.19.122 - - [13/Jul/2007:03:37:38 -0400] "GET /robots.txt HTTP/1.0" 404 287 "-" "Mozilla/5.0 (compatible; Yahoo! Slurp; http://help.yahoo.com/help/us/ysearch/slurp)" 0 www.poach.org
74.6.25.203 - - [13/Jul/2007:03:37:39 -0400] "GET /allstate.html HTTP/1.0" 404 290 "-" "Mozilla/5.0 (compatible; Yahoo! Slurp; http://help.yahoo.com/help/us/ysearch/slurp)" 0 www.poach.org
74.6.19.122 - - [13/Jul/2007:06:12:26 -0400] "GET /robots.txt HTTP/1.0" 404 287 "-" "Mozilla/5.0 (compatible; Yahoo! Slurp; http://help.yahoo.com/help/us/ysearch/slurp)" 0 www.poach.org
74.6.20.155 - - [13/Jul/2007:06:12:26 -0400] "GET / HTTP/1.0" 200 305 "-" "Mozilla/5.0 (compatible; Yahoo! Slurp; http://help.yahoo.com/help/us/ysearch/slurp)" 0 www.poach.org
202.160.178.100 - - [13/Jul/2007:07:42:58 -0400] "GET /robots.txt HTTP/1.0" 404 287 "-" "Mozilla/5.0 (compatible; Yahoo! Slurp China; http://misc.yahoo.com.cn/help.html)" 0 www.poach.org
202.160.180.191 - - [13/Jul/2007:07:43:16 -0400] "GET / HTTP/1.0" 200 305 "-" "Mozilla/5.0 (compatible; Yahoo! Slurp China; http://misc.yahoo.com.cn/help.html)" 0 www.poach.org
210.213.141.126 - - [13/Jul/2007:10:19:04 -0400] "GET / HTTP/1.1" 200 317 "http://www.aboutsociology.com/sociology/POACh" "Mozilla/4.0 (compatible; MSIE 6.0; Windows NT 5.1; .NET CLR 1.1.4322)" 0 www.poach.org
74.6.75.14 - - [13/Jul/2007:15:31:51 -0400] "GET /robots.txt HTTP/1.0" 404 287 "-" "Mozilla/5.0 (compatible; Yahoo! Slurp; http://help.yahoo.com/help/us/ysearch/slurp)" 0 www.poach.org
74.6.17.75 - - [13/Jul/2007:15:34:04 -0400] "GET / HTTP/1.0" 200 305 "-" "Mozilla/5.0 (compatible; Yahoo! Slurp; http://help.yahoo.com/help/us/ysearch/slurp)" 0 www.poach.org
74.6.17.165 - - [13/Jul/2007:15:38:53 -0400] "GET /logs HTTP/1.0" 301 313 "-" "Mozilla/5.0 (compatible; Yahoo! Slurp; http://help.yahoo.com/help/us/ysearch/slurp)" 0 www.poach.org
74.6.17.165 - - [13/Jul/2007:15:41:00 -0400] "GET /logs/ HTTP/1.0" 200 364 "-" "Mozilla/5.0 (compatible; Yahoo! Slurp; http://help.yahoo.com/help/us/ysearch/slurp)" 0 www.poach.org
74.6.68.170 - - [13/Jul/2007:18:37:21 -0400] "GET / HTTP/1.0" 200 305 "-" "Mozilla/5.0 (compatible; Yahoo! Slurp; http://help.yahoo.com/help/us/ysearch/slurp)" 0 www.poach.org
74.6.87.73 - - [13/Jul/2007:22:31:42 -0400] "GET /allstate_nn4.html HTTP/1.0" 404 294 "-" "Mozilla/5.0 (compatible; Yahoo! Slurp; http://help.yahoo.com/help/us/ysearch/slurp)" 0 www.poach.org
74.6.18.78 - - [13/Jul/2007:23:47:53 -0400] "GET /allstate_nn4.html HTTP/1.0" 404 294 "-" "Mozilla/5.0 (compatible; Yahoo! Slurp; http://help.yahoo.com/help/us/ysearch/slurp)" 0 www.poach.org
68.142.212.221 - - [14/Jul/2007:11:18:00 -0400] "GET /robots.txt HTTP/1.0" 404 287 "-" "Yahoo-MMCrawler/3.x (mms dash mmcrawler dash support at yahoo dash inc dot com)" 0 www.poach.org
70.85.114.58 - - [14/Jul/2007:14:58:11 -0400] "GET /robots.txt HTTP/1.1" 404 299 "www.poach.org" "Pingdom GIGRIB (http://www.pingdom.com)" 0 www.poach.org
70.85.114.58 - - [14/Jul/2007:15:01:20 -0400] "GET // HTTP/1.1" 200 317 "http://www.pingdom.com/tools/fpt/?url=www.poach.org" "Pingdom GIGRIB (http://www.pingdom.com)" 0 www.poach.org
66.249.65.47 - - [14/Jul/2007:16:10:23 -0400] "GET /robots.txt HTTP/1.1" 404 299 "-" "Mozilla/5.0 (compatible; Googlebot/2.1; +http://www.google.com/bot.html)" 0 www.poach.org
66.249.65.47 - - [14/Jul/2007:16:10:23 -0400] "GET /logs/error.log HTTP/1.1" 200 110161 "-" "Mozilla/5.0 (compatible; Googlebot/2.1; +http://www.google.com/bot.html)" 0 www.poach.org
74.6.75.14 - - [14/Jul/2007:21:56:50 -0400] "GET /robots.txt HTTP/1.0" 404 287 "-" "Mozilla/5.0 (compatible; Yahoo! Slurp; http://help.yahoo.com/help/us/ysearch/slurp)" 0 www.poach.org
74.6.17.17 - - [14/Jul/2007:21:58:48 -0400] "GET /logs/access.log HTTP/1.0" 200 246890 "-" "Mozilla/5.0 (compatible; Yahoo! Slurp; http://help.yahoo.com/help/us/ysearch/slurp)" 8 www.poach.org
70.82.52.106 - - [15/Jul/2007:12:09:25 -0400] "HEAD / HTTP/1.0" 200 0 "-" "PHP version tracker (http://www.nexen.net/phpversion/bot.php)" 0 www.poach.org
70.82.52.106 - - [15/Jul/2007:12:20:26 -0400] "HEAD / HTTP/1.0" 200 0 "-" "PHP version tracker (http://www.nexen.net/phpversion/bot.php)" 0 www.poach.org
74.6.75.27 - - [15/Jul/2007:14:40:30 -0400] "GET /robots.txt HTTP/1.0" 404 283 "-" "Mozilla/5.0 (compatible; Yahoo! Slurp; http://help.yahoo.com/help/us/ysearch/slurp)" 0 www.poach.org
74.6.69.198 - - [15/Jul/2007:14:40:30 -0400] "GET / HTTP/1.0" 200 301 "-" "Mozilla/5.0 (compatible; Yahoo! Slurp; http://help.yahoo.com/help/us/ysearch/slurp)" 0 www.poach.org
66.249.65.47 - - [15/Jul/2007:14:51:49 -0400] "GET /robots.txt HTTP/1.1" 404 299 "-" "Mozilla/5.0 (compatible; Googlebot/2.1; +http://www.google.com/bot.html)" 0 www.poach.org
66.249.65.47 - - [15/Jul/2007:14:51:50 -0400] "GET /logs/access.log HTTP/1.1" 200 247928 "-" "Mozilla/5.0 (compatible; Googlebot/2.1; +http://www.google.com/bot.html)" 1 www.poach.org
66.249.65.47 - - [15/Jul/2007:14:51:58 -0400] "GET / HTTP/1.1" 200 317 "-" "Mozilla/5.0 (compatible; Googlebot/2.1; +http://www.google.com/bot.html)" 0 www.poach.org
74.6.19.122 - - [15/Jul/2007:16:24:20 -0400] "GET /robots.txt HTTP/1.0" 404 287 "-" "Mozilla/5.0 (compatible; Yahoo! Slurp; http://help.yahoo.com/help/us/ysearch/slurp)" 0 www.poach.org
74.6.20.10 - - [15/Jul/2007:16:24:21 -0400] "GET /page12.htm HTTP/1.0" 404 287 "-" "Mozilla/5.0 (compatible; Yahoo! Slurp; http://help.yahoo.com/help/us/ysearch/slurp)" 0 www.poach.org
202.160.178.100 - - [16/Jul/2007:10:25:46 -0400] "GET /robots.txt HTTP/1.0" 404 287 "-" "Mozilla/5.0 (compatible; Yahoo! Slurp China; http://misc.yahoo.com.cn/help.html)" 0 www.poach.org
202.160.180.191 - - [16/Jul/2007:10:26:12 -0400] "GET / HTTP/1.0" 200 305 "-" "Mozilla/5.0 (compatible; Yahoo! Slurp China; http://misc.yahoo.com.cn/help.html)" 0 www.poach.org
74.6.75.14 - - [16/Jul/2007:14:05:04 -0400] "GET /robots.txt HTTP/1.0" 404 287 "-" "Mozilla/5.0 (compatible; Yahoo! Slurp; http://help.yahoo.com/help/us/ysearch/slurp)" 0 www.poach.org
74.6.74.217 - - [16/Jul/2007:14:05:04 -0400] "GET /page07.htm HTTP/1.0" 404 287 "-" "Mozilla/5.0 (compatible; Yahoo! Slurp; http://help.yahoo.com/help/us/ysearch/slurp)" 0 www.poach.org
64.246.178.34 - - [16/Jul/2007:14:50:21 -0400] "GET /robots.txt HTTP/1.0" 404 287 "http://www.whois.sc/" "SurveyBot/2.3 (Whois Source)" 0 www.poach.org
64.246.178.34 - - [16/Jul/2007:14:50:22 -0400] "GET / HTTP/1.1" 200 317 "http://www.whois.sc/poach.org" "SurveyBot/2.3 (Whois Source)" 0 www.poach.org
