65.214.44.118 - - [20/Sep/2007:13:28:28 -0400] "GET /robots.txt HTTP/1.0" 404 287 "-" "Mozilla/2.0 (compatible; Ask Jeeves/Teoma; +http://sp.ask.com/docs/about/tech_crawling.html)" 0 www.poach.org
65.214.44.118 - - [20/Sep/2007:13:28:28 -0400] "GET /page12.htm HTTP/1.0" 404 287 "-" "Mozilla/2.0 (compatible; Ask Jeeves/Teoma; +http://sp.ask.com/docs/about/tech_crawling.html)" 0 www.poach.org
65.214.44.118 - - [20/Sep/2007:13:30:08 -0400] "GET /page11.htm HTTP/1.0" 404 287 "-" "Mozilla/2.0 (compatible; Ask Jeeves/Teoma; +http://sp.ask.com/docs/about/tech_crawling.html)" 0 www.poach.org
65.214.45.37 - - [20/Sep/2007:20:16:54 -0400] "GET /robots.txt HTTP/1.0" 404 287 "-" "Mozilla/2.0 (compatible; Ask Jeeves/Teoma; +http://about.ask.com/en/docs/about/webmasters.shtml)" 0 www.poach.org
65.214.45.37 - - [20/Sep/2007:20:17:01 -0400] "GET / HTTP/1.0" 200 305 "-" "Mozilla/2.0 (compatible; Ask Jeeves/Teoma; +http://about.ask.com/en/docs/about/webmasters.shtml)" 0 www.poach.org
66.249.65.203 - - [21/Sep/2007:01:37:12 -0400] "GET /robots.txt HTTP/1.1" 404 299 "-" "Mozilla/5.0 (compatible; Googlebot/2.1; +http://www.google.com/bot.html)" 0 www.poach.org
66.249.65.203 - - [21/Sep/2007:01:37:12 -0400] "GET / HTTP/1.1" 200 317 "-" "Mozilla/5.0 (compatible; Googlebot/2.1; +http://www.google.com/bot.html)" 0 www.poach.org
208.70.28.46 - - [21/Sep/2007:08:38:31 -0400] "GET /robots.txt HTTP/1.1" 404 299 "-" "ia_archiver-web.archive.org" 0 www.poach.org
68.142.212.221 - - [21/Sep/2007:17:09:37 -0400] "GET /robots.txt HTTP/1.0" 404 287 "-" "Yahoo-MMCrawler/3.x (mms dash mmcrawler dash support at yahoo dash inc dot com)" 0 www.poach.org
74.6.19.121 - - [22/Sep/2007:11:59:46 -0400] "GET /robots.txt HTTP/1.0" 404 287 "-" "Mozilla/5.0 (compatible; Yahoo! Slurp; http://help.yahoo.com/help/us/ysearch/slurp)" 0 www.poach.org
74.6.25.203 - - [22/Sep/2007:11:59:46 -0400] "GET /allstate.html HTTP/1.0" 404 290 "-" "Mozilla/5.0 (compatible; Yahoo! Slurp; http://help.yahoo.com/help/us/ysearch/slurp)" 0 www.poach.org
63.123.238.8 - - [22/Sep/2007:12:57:46 -0400] "GET /robots.txt HTTP/1.1" 404 299 "-" "Mozilla/2.0 (compatible; Ask Jeeves/Teoma)" 0 www.poach.org
63.123.238.8 - - [22/Sep/2007:12:57:46 -0400] "GET / HTTP/1.1" 200 317 "-" "Mozilla/2.0 (compatible; Ask Jeeves/Teoma)" 0 www.poach.org
64.1.215.163 - - [23/Sep/2007:08:29:56 -0400] "GET /robots.txt HTTP/1.0" 404 287 "-" "Mozilla/5.0 (Twiceler-0.9 http://www.cuill.com/twiceler/robot.html)" 0 www.poach.org
74.6.19.121 - - [23/Sep/2007:17:24:36 -0400] "GET /robots.txt HTTP/1.0" 404 287 "-" "Mozilla/5.0 (compatible; Yahoo! Slurp; http://help.yahoo.com/help/us/ysearch/slurp)" 0 www.poach.org
74.6.23.19 - - [23/Sep/2007:17:24:37 -0400] "GET /logs/error.log HTTP/1.0" 200 164562 "-" "Mozilla/5.0 (compatible; Yahoo! Slurp; http://help.yahoo.com/help/us/ysearch/slurp)" 1 www.poach.org
8.3.23.197 - - [23/Sep/2007:17:34:40 -0400] "GET /allstate_nn4.html HTTP/1.1" 404 306 "-" "Missigua Locator 1.9" 0 www.poach.org
64.1.215.163 - - [23/Sep/2007:20:26:45 -0400] "GET /robots.txt HTTP/1.0" 404 287 "-" "Mozilla/5.0 (Twiceler-0.9 http://www.cuill.com/twiceler/robot.html)" 0 www.poach.org
4.175.60.83 - - [23/Sep/2007:21:22:02 -0400] "GET /favicon.ico HTTP/1.1" 404 300 "-" "Mozilla/4.0 (compatible; MSIE 7.0; Windows NT 5.1; .NET CLR 1.1.4322; MSN 9.0;MSN 9.1; MSNbMSNI; MSNmen-us; MSNcIA)" 0 www.poach.org
202.160.178.87 - - [23/Sep/2007:23:32:04 -0400] "GET /robots.txt HTTP/1.0" 404 287 "-" "Mozilla/5.0 (compatible; Yahoo! Slurp China; http://misc.yahoo.com.cn/help.html)" 0 www.poach.org
202.160.180.191 - - [23/Sep/2007:23:32:19 -0400] "GET / HTTP/1.0" 200 305 "-" "Mozilla/5.0 (compatible; Yahoo! Slurp China; http://misc.yahoo.com.cn/help.html)" 0 www.poach.org
68.142.212.221 - - [24/Sep/2007:04:11:18 -0400] "GET /robots.txt HTTP/1.0" 404 287 "-" "Yahoo-MMCrawler/3.x (mms dash mmcrawler dash support at yahoo dash inc dot com)" 0 www.poach.org
64.1.215.163 - - [24/Sep/2007:07:51:24 -0400] "GET /robots.txt HTTP/1.0" 404 287 "-" "Mozilla/5.0 (Twiceler-0.9 http://www.cuill.com/twiceler/robot.html)" 0 www.poach.org
64.246.165.50 - - [24/Sep/2007:10:36:03 -0400] "GET /robots.txt HTTP/1.0" 404 287 "http://www.whois.sc/" "SurveyBot/2.3 (Whois Source)" 0 www.poach.org
64.246.165.50 - - [24/Sep/2007:10:36:03 -0400] "GET / HTTP/1.1" 200 317 "http://www.whois.sc/poach.org" "SurveyBot/2.3 (Whois Source)" 0 www.poach.org
66.249.65.203 - - [24/Sep/2007:14:15:41 -0400] "GET /robots.txt HTTP/1.1" 404 299 "-" "Mozilla/5.0 (compatible; Googlebot/2.1; +http://www.google.com/bot.html)" 0 www.poach.org
66.249.65.203 - - [24/Sep/2007:14:15:44 -0400] "GET / HTTP/1.1" 200 317 "-" "Mozilla/5.0 (compatible; Googlebot/2.1; +http://www.google.com/bot.html)" 0 www.poach.org
66.249.65.203 - - [24/Sep/2007:14:20:26 -0400] "GET /logs/access.log HTTP/1.1" 200 453761 "-" "Mozilla/5.0 (compatible; Googlebot/2.1; +http://www.google.com/bot.html)" 0 www.poach.org
74.6.19.116 - - [24/Sep/2007:15:53:08 -0400] "GET /robots.txt HTTP/1.0" 404 283 "-" "Mozilla/5.0 (compatible; Yahoo! Slurp; http://help.yahoo.com/help/us/ysearch/slurp)" 0 www.poach.org
74.6.26.107 - - [24/Sep/2007:15:53:08 -0400] "GET /logs/error.log HTTP/1.0" 200 165688 "-" "Mozilla/5.0 (compatible; Yahoo! Slurp; http://help.yahoo.com/help/us/ysearch/slurp)" 0 www.poach.org
65.54.188.95 - - [24/Sep/2007:22:57:44 -0400] "GET /robots.txt HTTP/1.0" 404 287 "-" "msnbot/1.0 (+http://search.msn.com/msnbot.htm)" 0 www.poach.org
65.54.188.95 - - [24/Sep/2007:22:57:44 -0400] "GET /allstate_nn4.html HTTP/1.0" 404 294 "-" "msnbot/1.0 (+http://search.msn.com/msnbot.htm)" 0 www.poach.org
69.250.38.25 - - [24/Sep/2007:23:06:37 -0400] "GET /allstate_nn4.html HTTP/1.1" 404 306 "http://www.outofthedark.com/CorporateWars/WarLinks.html" "Mozilla/5.0 (Windows; U; Windows NT 6.0; en-US; rv:1.8.1.7) Gecko/20070914 Firefox/2.0.0.7" 0 www.poach.org
69.250.38.25 - - [24/Sep/2007:23:06:38 -0400] "GET /favicon.ico HTTP/1.1" 404 300 "-" "Mozilla/5.0 (Windows; U; Windows NT 6.0; en-US; rv:1.8.1.7) Gecko/20070914 Firefox/2.0.0.7" 0 www.poach.org
69.250.38.25 - - [24/Sep/2007:23:06:44 -0400] "GET / HTTP/1.1" 200 317 "-" "Mozilla/5.0 (Windows; U; Windows NT 6.0; en-US; rv:1.8.1.7) Gecko/20070914 Firefox/2.0.0.7" 0 www.poach.org
74.6.19.121 - - [25/Sep/2007:07:05:38 -0400] "GET /robots.txt HTTP/1.0" 404 287 "-" "Mozilla/5.0 (compatible; Yahoo! Slurp; http://help.yahoo.com/help/us/ysearch/slurp)" 0 www.poach.org
74.6.20.155 - - [25/Sep/2007:07:05:38 -0400] "GET / HTTP/1.0" 200 305 "-" "Mozilla/5.0 (compatible; Yahoo! Slurp; http://help.yahoo.com/help/us/ysearch/slurp)" 0 www.poach.org
64.1.215.163 - - [25/Sep/2007:15:02:39 -0400] "GET /robots.txt HTTP/1.0" 404 287 "-" "Mozilla/5.0 (Twiceler-0.9 http://www.cuill.com/twiceler/robot.html)" 0 www.poach.org
74.6.19.121 - - [25/Sep/2007:22:27:46 -0400] "GET /robots.txt HTTP/1.0" 404 287 "-" "Mozilla/5.0 (compatible; Yahoo! Slurp; http://help.yahoo.com/help/us/ysearch/slurp)" 0 www.poach.org
74.6.26.73 - - [25/Sep/2007:22:27:46 -0400] "GET /logs/ HTTP/1.0" 200 364 "-" "Mozilla/5.0 (compatible; Yahoo! Slurp; http://help.yahoo.com/help/us/ysearch/slurp)" 0 www.poach.org
64.1.215.163 - - [26/Sep/2007:06:30:57 -0400] "GET /robots.txt HTTP/1.0" 404 287 "-" "Mozilla/5.0 (Twiceler-0.9 http://www.cuill.com/twiceler/robot.html)" 0 www.poach.org
88.131.153.91 - - [26/Sep/2007:08:19:51 -0400] "GET /robots.txt HTTP/1.0" 404 287 "-" "Speedy Spider (http://www.entireweb.com/about/search_tech/speedy_spider/)" 0 www.poach.org
88.131.153.91 - - [26/Sep/2007:08:19:51 -0400] "GET /allstate_nn4.html HTTP/1.0" 404 294 "-" "Speedy Spider (http://www.entireweb.com/about/search_tech/speedy_spider/)" 0 www.poach.org
68.142.212.221 - - [26/Sep/2007:09:49:29 -0400] "GET /robots.txt HTTP/1.0" 404 287 "-" "Yahoo-MMCrawler/3.x (mms dash mmcrawler dash support at yahoo dash inc dot com)" 0 www.poach.org
74.6.19.116 - - [26/Sep/2007:16:17:35 -0400] "GET /robots.txt HTTP/1.0" 404 283 "-" "Mozilla/5.0 (compatible; Yahoo! Slurp; http://help.yahoo.com/help/us/ysearch/slurp)" 0 www.poach.org
74.6.19.161 - - [26/Sep/2007:16:17:35 -0400] "GET / HTTP/1.0" 200 301 "-" "Mozilla/5.0 (compatible; Yahoo! Slurp; http://help.yahoo.com/help/us/ysearch/slurp)" 0 www.poach.org
66.249.65.203 - - [27/Sep/2007:08:22:07 -0400] "GET /robots.txt HTTP/1.1" 404 299 "-" "Mozilla/5.0 (compatible; Googlebot/2.1; +http://www.google.com/bot.html)" 0 www.poach.org
66.249.65.203 - - [27/Sep/2007:08:22:07 -0400] "GET /logs/error.log HTTP/1.1" 200 167324 "-" "Mozilla/5.0 (compatible; Googlebot/2.1; +http://www.google.com/bot.html)" 0 www.poach.org
65.214.45.123 - - [27/Sep/2007:14:22:17 -0400] "GET /robots.txt HTTP/1.0" 404 287 "-" "Mozilla/5.0 (compatible; Ask Jeeves/Teoma; +http://about.ask.com/en/docs/about/webmasters.shtml)" 0 www.poach.org
65.214.45.123 - - [27/Sep/2007:14:22:17 -0400] "GET /page06.htm HTTP/1.0" 404 287 "-" "Mozilla/5.0 (compatible; Ask Jeeves/Teoma; +http://about.ask.com/en/docs/about/webmasters.shtml)" 0 www.poach.org
38.99.13.116 - - [27/Sep/2007:15:59:49 -0400] "GET /robots.txt HTTP/1.0" 404 287 "-" "Mozilla/5.0 (Twiceler-0.9 http://www.cuill.com/twiceler/robot.html)" 0 www.poach.org
70.82.51.98 - - [27/Sep/2007:19:45:23 -0400] "HEAD / HTTP/1.0" 200 0 "-" "PHP version tracker (http://www.nexen.net/phpversion/bot.php)" 0 www.poach.org
217.174.203.41 - - [27/Sep/2007:19:45:25 -0400] "HEAD / HTTP/1.0" 200 0 "-" "PHP version tracker (http://www.nexen.net/phpversion/bot.php)" 0 www.poach.org
65.214.45.123 - - [27/Sep/2007:22:50:14 -0400] "GET /page02.htm HTTP/1.0" 404 287 "-" "Mozilla/5.0 (compatible; Ask Jeeves/Teoma; +http://about.ask.com/en/docs/about/webmasters.shtml)" 0 www.poach.org
66.249.65.203 - - [28/Sep/2007:05:20:52 -0400] "GET /robots.txt HTTP/1.1" 404 299 "-" "Mozilla/5.0 (compatible; Googlebot/2.1; +http://www.google.com/bot.html)" 0 www.poach.org
66.249.65.203 - - [28/Sep/2007:05:20:52 -0400] "GET / HTTP/1.1" 200 317 "-" "Mozilla/5.0 (compatible; Googlebot/2.1; +http://www.google.com/bot.html)" 0 www.poach.org
4.175.60.225 - - [28/Sep/2007:12:07:45 -0400] "GET /favicon.ico HTTP/1.1" 404 300 "-" "Mozilla/4.0 (compatible; MSIE 7.0; Windows NT 5.1; .NET CLR 1.1.4322; MSN 9.0;MSN 9.1; MSNbMSNI; MSNmen-us; MSNcIA)" 0 www.poach.org
4.175.60.225 - - [28/Sep/2007:12:15:42 -0400] "GET /favicon.ico HTTP/1.1" 404 300 "-" "Mozilla/4.0 (compatible; MSIE 7.0; Windows NT 5.1; .NET CLR 1.1.4322; MSN 9.0;MSN 9.1; MSNbMSNI; MSNmen-us; MSNcIA)" 0 www.poach.org
4.175.60.225 - - [28/Sep/2007:12:25:21 -0400] "GET /favicon.ico HTTP/1.1" 404 300 "-" "Mozilla/4.0 (compatible; MSIE 7.0; Windows NT 5.1; .NET CLR 1.1.4322; MSN 9.0;MSN 9.1; MSNbMSNI; MSNmen-us; MSNcIA)" 0 www.poach.org
202.160.178.87 - - [28/Sep/2007:14:18:08 -0400] "GET /robots.txt HTTP/1.0" 404 287 "-" "Mozilla/5.0 (compatible; Yahoo! Slurp China; http://misc.yahoo.com.cn/help.html)" 0 www.poach.org
202.160.180.191 - - [28/Sep/2007:14:18:09 -0400] "GET / HTTP/1.0" 200 305 "-" "Mozilla/5.0 (compatible; Yahoo! Slurp China; http://misc.yahoo.com.cn/help.html)" 0 www.poach.org
88.229.84.161 - - [28/Sep/2007:17:13:59 -0400] "GET /logs/access.log HTTP/1.1" 200 69157 "http://www.google.com.tr/search?hl=tr&q=cs+212.175.25&meta=" "Mozilla/4.0 (compatible; MSIE 6.0; Windows NT 5.1; SV1)" 4 www.poach.org
65.214.45.123 - - [28/Sep/2007:18:05:18 -0400] "GET /robots.txt HTTP/1.0" 404 287 "-" "Mozilla/5.0 (compatible; Ask Jeeves/Teoma; +http://about.ask.com/en/docs/about/webmasters.shtml)" 0 www.poach.org
65.214.45.123 - - [28/Sep/2007:18:05:18 -0400] "GET /page10.htm HTTP/1.0" 404 287 "-" "Mozilla/5.0 (compatible; Ask Jeeves/Teoma; +http://about.ask.com/en/docs/about/webmasters.shtml)" 0 www.poach.org
38.99.13.116 - - [28/Sep/2007:23:44:28 -0400] "GET /robots.txt HTTP/1.0" 404 287 "-" "Mozilla/5.0 (Twiceler-0.9 http://www.cuill.com/twiceler/robot.html)" 0 www.poach.org
68.142.212.221 - - [29/Sep/2007:03:54:02 -0400] "GET /robots.txt HTTP/1.0" 404 287 "-" "Yahoo-MMCrawler/3.x (mms dash mmcrawler dash support at yahoo dash inc dot com)" 0 www.poach.org
74.52.245.146 - - [29/Sep/2007:08:19:32 -0400] "GET / HTTP/1.0" 200 305 "-" "Mozilla/5.0 (X11; U; Linux i686; en-US; rv:1.7.5) Gecko/20041107 Firefox/1.0" 0 www.poach.org
64.34.145.194 - - [29/Sep/2007:08:37:57 -0400] "GET /robots.txt HTTP/1.0" 404 287 "-" "SBIder/SBIder-0.8.2-dev (http://www.sitesell.com/sbider.html)" 0 www.poach.org
64.34.145.194 - - [29/Sep/2007:08:37:57 -0400] "GET / HTTP/1.0" 200 305 "-" "SBIder/SBIder-0.8.2-dev (http://www.sitesell.com/sbider.html)" 0 www.poach.org
24.59.106.144 - - [29/Sep/2007:08:42:52 -0400] "GET /favicon.ico HTTP/1.1" 404 300 "-" "Mozilla/5.0 (Windows; U; Windows NT 5.1; en-US; rv:1.8.1.7) Gecko/20070914 Firefox/2.0.0.7" 0 www.poach.org
63.123.238.8 - - [29/Sep/2007:12:57:14 -0400] "GET /robots.txt HTTP/1.1" 404 299 "-" "Mozilla/2.0 (compatible; Ask Jeeves/Teoma)" 0 www.poach.org
63.123.238.8 - - [29/Sep/2007:12:57:14 -0400] "GET / HTTP/1.1" 200 317 "-" "Mozilla/2.0 (compatible; Ask Jeeves/Teoma)" 0 www.poach.org
65.214.45.123 - - [29/Sep/2007:17:17:03 -0400] "GET /robots.txt HTTP/1.0" 404 287 "-" "Mozilla/5.0 (compatible; Ask Jeeves/Teoma; +http://about.ask.com/en/docs/about/webmasters.shtml)" 0 www.poach.org
65.214.45.123 - - [29/Sep/2007:17:17:03 -0400] "GET /page09.htm HTTP/1.0" 404 287 "-" "Mozilla/5.0 (compatible; Ask Jeeves/Teoma; +http://about.ask.com/en/docs/about/webmasters.shtml)" 0 www.poach.org
38.98.19.67 - - [29/Sep/2007:18:31:36 -0400] "GET /logs/error.log HTTP/1.1" 200 169574 "-" "Mozilla/5.0 (SnapPreviewBot) Gecko/20061206 Firefox/1.5.0.9" 0 www.poach.org
38.98.19.68 - - [29/Sep/2007:18:31:37 -0400] "GET /favicon.ico HTTP/1.1" 404 300 "-" "Mozilla/5.0 (SnapPreviewBot) Gecko/20061206 Firefox/1.5.0.9" 0 www.poach.org
38.98.19.112 - - [29/Sep/2007:18:31:37 -0400] "GET /logs/access.log HTTP/1.1" 200 462416 "-" "Mozilla/5.0 (SnapPreviewBot) Gecko/20061206 Firefox/1.5.0.9" 1 www.poach.org
38.98.19.111 - - [29/Sep/2007:18:31:37 -0400] "GET /favicon.ico HTTP/1.1" 404 300 "-" "Mozilla/5.0 (SnapPreviewBot) Gecko/20061206 Firefox/1.5.0.9" 0 www.poach.org
67.181.21.139 - - [29/Sep/2007:18:31:53 -0400] "GET /logs/error.log HTTP/1.1" 200 169823 "http://www.google.com/search?q=67.181.21.139&ie=utf-8&oe=utf-8&aq=t&rls=org.mozilla:en-US:official&client=firefox-a" "Mozilla/5.0 (Windows; U; Windows NT 5.1; en-US; rv:1.8.1.7) Gecko/20070914 Firefox/2.0.0.7" 1 www.poach.org
67.181.21.139 - - [29/Sep/2007:18:31:53 -0400] "GET /favicon.ico HTTP/1.1" 404 300 "-" "Mozilla/5.0 (compatible; Google Desktop)" 0 www.poach.org
67.181.21.139 - - [29/Sep/2007:18:31:53 -0400] "GET /favicon.ico HTTP/1.1" 404 300 "-" "Mozilla/5.0 (Windows; U; Windows NT 5.1; en-US; rv:1.8.1.7) Gecko/20070914 Firefox/2.0.0.7" 0 www.poach.org
65.214.45.123 - - [29/Sep/2007:20:07:13 -0400] "GET /page05.htm HTTP/1.0" 404 287 "-" "Mozilla/5.0 (compatible; Ask Jeeves/Teoma; +http://about.ask.com/en/docs/about/webmasters.shtml)" 0 www.poach.org
38.99.13.116 - - [29/Sep/2007:22:23:41 -0400] "GET /robots.txt HTTP/1.0" 404 287 "-" "Mozilla/5.0 (Twiceler-0.9 http://www.cuill.com/twiceler/robot.html)" 0 www.poach.org
65.214.45.123 - - [29/Sep/2007:23:03:19 -0400] "GET /page08.htm HTTP/1.0" 404 287 "-" "Mozilla/5.0 (compatible; Ask Jeeves/Teoma; +http://about.ask.com/en/docs/about/webmasters.shtml)" 0 www.poach.org
87.224.25.179 - - [30/Sep/2007:20:16:19 -0400] "GET / HTTP/1.1" 200 317 "-" "libwww-perl/5.75" 0 www.poach.org
64.1.215.163 - - [01/Oct/2007:05:40:09 -0400] "GET /robots.txt HTTP/1.0" 404 287 "-" "Mozilla/5.0 (Twiceler-0.9 http://www.cuill.com/twiceler/robot.html)" 0 www.poach.org
64.246.165.50 - - [01/Oct/2007:10:11:08 -0400] "GET /robots.txt HTTP/1.0" 404 287 "http://www.whois.sc/" "SurveyBot/2.3 (Whois Source)" 0 www.poach.org
64.246.165.50 - - [01/Oct/2007:10:11:08 -0400] "GET / HTTP/1.1" 200 317 "http://www.whois.sc/poach.org" "SurveyBot/2.3 (Whois Source)" 0 www.poach.org
66.249.65.203 - - [01/Oct/2007:13:47:22 -0400] "GET /robots.txt HTTP/1.1" 404 299 "-" "Mozilla/5.0 (compatible; Googlebot/2.1; +http://www.google.com/bot.html)" 0 www.poach.org
66.249.65.203 - - [01/Oct/2007:13:47:22 -0400] "GET / HTTP/1.1" 200 317 "-" "Mozilla/5.0 (compatible; Googlebot/2.1; +http://www.google.com/bot.html)" 0 www.poach.org
66.249.65.203 - - [01/Oct/2007:15:05:31 -0400] "GET /logs/access.log HTTP/1.1" 200 465243 "-" "Mozilla/5.0 (compatible; Googlebot/2.1; +http://www.google.com/bot.html)" 1 www.poach.org
72.20.109.36 - - [01/Oct/2007:20:53:40 -0400] "GET /robots.txt HTTP/1.1" 404 299 "-" "GurujiBot/1.0 (+http://www.guruji.com/en/WebmasterFAQ.html)" 0 www.poach.org
72.20.109.36 - - [01/Oct/2007:20:53:41 -0400] "GET / HTTP/1.1" 200 317 "-" "GurujiBot/1.0 (+http://www.guruji.com/en/WebmasterFAQ.html)" 0 www.poach.org
72.20.109.36 - - [01/Oct/2007:20:53:41 -0400] "GET / HTTP/1.1" 200 317 "-" "GurujiBot/1.0 (+http://www.guruji.com/en/WebmasterFAQ.html)" 0 www.poach.org
72.20.109.36 - - [01/Oct/2007:20:53:41 -0400] "GET /logs HTTP/1.1" 301 325 "-" "GurujiBot/1.0 (+http://www.guruji.com/en/WebmasterFAQ.html)" 0 www.poach.org
72.20.109.36 - - [01/Oct/2007:20:53:41 -0400] "GET /logs/ HTTP/1.1" 200 376 "-" "GurujiBot/1.0 (+http://www.guruji.com/en/WebmasterFAQ.html)" 0 www.poach.org
64.208.172.174 - - [01/Oct/2007:21:51:00 -0400] "GET /robots.txt HTTP/1.0" 404 287 "-" "ia_archiver" 0 www.poach.org
64.208.172.174 - - [01/Oct/2007:21:51:00 -0400] "GET /logs/error.log HTTP/1.0" 200 171073 "-" "ia_archiver" 0 www.poach.org
68.186.66.207 - - [02/Oct/2007:03:31:49 -0400] "GET /robots.txt HTTP/1.0" 404 287 "http://majestic12.co.uk/bot.php?I=B718ECF057127BBFD2C30E93F3D5D9D4-BD84208CC46561A6-000060691631C953-www.poach.org" "MJ12bot/v1.2.0 (http://majestic12.co.uk/bot.php?+)" 0 www.poach.org
68.186.66.207 - - [02/Oct/2007:03:32:01 -0400] "GET / HTTP/1.0" 200 305 "-" "MJ12bot/v1.2.0 (http://majestic12.co.uk/bot.php?+)" 0 www.poach.org
68.186.66.207 - - [02/Oct/2007:03:32:17 -0400] "GET /allstate.html HTTP/1.0" 404 290 "-" "MJ12bot/v1.2.0 (http://majestic12.co.uk/bot.php?+)" 0 www.poach.org
82.45.163.18 - - [02/Oct/2007:03:38:31 -0400] "GET /logs/access.log HTTP/1.1" 200 467024 "http://www.google.com/search?q=82.45.163.18&ie=utf-8&oe=utf-8&aq=t&rls=org.debian:en-US:unofficial&client=iceweasel-a" "Mozilla/5.0 (X11; U; Linux i686; en-US; rv:1.8.1.5) Gecko/20070719 IceWeasel/2.0.0.5 Debian 2.0.0.5" 2 www.poach.org
82.45.163.18 - - [02/Oct/2007:03:38:31 -0400] "GET /favicon.ico HTTP/1.1" 404 300 "-" "Mozilla/5.0 (X11; U; Linux i686; en-US; rv:1.8.1.5) Gecko/20070719 IceWeasel/2.0.0.5 Debian 2.0.0.5" 0 www.poach.org
82.45.163.18 - - [02/Oct/2007:03:38:34 -0400] "GET /favicon.ico HTTP/1.1" 404 300 "-" "Mozilla/5.0 (X11; U; Linux i686; en-US; rv:1.8.1.5) Gecko/20070719 IceWeasel/2.0.0.5 Debian 2.0.0.5" 0 www.poach.org
82.45.163.18 - - [02/Oct/2007:03:38:39 -0400] "GET / HTTP/1.1" 200 317 "-" "Mozilla/5.0 (X11; U; Linux i686; en-US; rv:1.8.1.5) Gecko/20070719 IceWeasel/2.0.0.5 Debian 2.0.0.5" 0 www.poach.org
82.45.163.18 - - [02/Oct/2007:03:38:43 -0400] "GET / HTTP/1.1" 200 317 "http://www.poach.org/" "Mozilla/5.0 (X11; U; Linux i686; en-US; rv:1.8.1.5) Gecko/20070719 IceWeasel/2.0.0.5 Debian 2.0.0.5" 0 www.poach.org
82.45.163.18 - - [02/Oct/2007:03:38:45 -0400] "GET /logs HTTP/1.1" 301 325 "http://www.poach.org/" "Mozilla/5.0 (X11; U; Linux i686; en-US; rv:1.8.1.5) Gecko/20070719 IceWeasel/2.0.0.5 Debian 2.0.0.5" 0 www.poach.org
82.45.163.18 - - [02/Oct/2007:03:38:45 -0400] "GET /logs/ HTTP/1.1" 200 376 "http://www.poach.org/" "Mozilla/5.0 (X11; U; Linux i686; en-US; rv:1.8.1.5) Gecko/20070719 IceWeasel/2.0.0.5 Debian 2.0.0.5" 0 www.poach.org
82.45.163.18 - - [02/Oct/2007:03:38:48 -0400] "GET /logs/error.log HTTP/1.1" 200 171576 "http://www.poach.org/logs/" "Mozilla/5.0 (X11; U; Linux i686; en-US; rv:1.8.1.5) Gecko/20070719 IceWeasel/2.0.0.5 Debian 2.0.0.5" 1 www.poach.org
82.45.163.18 - - [02/Oct/2007:03:38:54 -0400] "GET /logs/access.log HTTP/1.1" 200 468835 "http://www.poach.org/logs/" "Mozilla/5.0 (X11; U; Linux i686; en-US; rv:1.8.1.5) Gecko/20070719 IceWeasel/2.0.0.5 Debian 2.0.0.5" 2 www.poach.org
65.55.235.141 - - [02/Oct/2007:05:08:15 -0400] "GET /robots.txt HTTP/1.0" 404 287 "-" "msnbot-media/1.0 (+http://search.msn.com/msnbot.htm)" 0 www.poach.org
65.55.235.141 - - [02/Oct/2007:05:08:15 -0400] "GET /allstate_nn4.html HTTP/1.0" 404 294 "-" "msnbot-media/1.0 (+http://search.msn.com/msnbot.htm)" 0 www.poach.org
202.160.178.87 - - [02/Oct/2007:05:12:27 -0400] "GET /robots.txt HTTP/1.0" 404 287 "-" "Mozilla/5.0 (compatible; Yahoo! Slurp China; http://misc.yahoo.com.cn/help.html)" 0 www.poach.org
202.160.180.191 - - [02/Oct/2007:05:12:32 -0400] "GET / HTTP/1.0" 200 305 "-" "Mozilla/5.0 (compatible; Yahoo! Slurp China; http://misc.yahoo.com.cn/help.html)" 0 www.poach.org
65.55.235.141 - - [02/Oct/2007:15:53:59 -0400] "GET /robots.txt HTTP/1.0" 404 287 "-" "msnbot-media/1.0 (+http://search.msn.com/msnbot.htm)" 0 www.poach.org
65.55.235.141 - - [02/Oct/2007:15:53:59 -0400] "GET /allstate_nn4.html HTTP/1.0" 404 294 "-" "msnbot-media/1.0 (+http://search.msn.com/msnbot.htm)" 0 www.poach.org
65.214.45.123 - - [02/Oct/2007:16:05:33 -0400] "GET /robots.txt HTTP/1.0" 404 287 "-" "Mozilla/5.0 (compatible; Ask Jeeves/Teoma; +http://about.ask.com/en/docs/about/webmasters.shtml)" 0 www.poach.org
65.214.45.123 - - [02/Oct/2007:16:05:33 -0400] "GET /page01.htm HTTP/1.0" 404 287 "-" "Mozilla/5.0 (compatible; Ask Jeeves/Teoma; +http://about.ask.com/en/docs/about/webmasters.shtml)" 0 www.poach.org
70.85.114.58 - - [02/Oct/2007:16:10:04 -0400] "GET /robots.txt HTTP/1.1" 404 299 "www.poach.org" "Pingdom GIGRIB (http://www.pingdom.com)" 0 www.poach.org
70.85.114.58 - - [02/Oct/2007:16:13:11 -0400] "GET / HTTP/1.1" 200 317 "http://www.pingdom.com/tools/fpt/?url=www.poach.org" "Pingdom GIGRIB (http://www.pingdom.com)" 0 www.poach.org
64.1.215.163 - - [02/Oct/2007:17:29:24 -0400] "GET /robots.txt HTTP/1.0" 404 287 "-" "Mozilla/5.0 (Twiceler-0.9 http://www.cuill.com/twiceler/robot.html)" 0 www.poach.org
74.6.19.123 - - [02/Oct/2007:18:41:20 -0400] "GET /robots.txt HTTP/1.0" 404 287 "-" "Mozilla/5.0 (compatible; Yahoo! Slurp; http://help.yahoo.com/help/us/ysearch/slurp)" 0 www.poach.org
74.6.23.19 - - [02/Oct/2007:18:41:20 -0400] "GET /logs/error.log HTTP/1.0" 200 172837 "-" "Mozilla/5.0 (compatible; Yahoo! Slurp; http://help.yahoo.com/help/us/ysearch/slurp)" 0 www.poach.org
64.34.145.200 - - [02/Oct/2007:23:45:55 -0400] "GET /robots.txt HTTP/1.0" 404 287 "-" "SBIder/SBIder-0.8.2-dev (http://www.sitesell.com/sbider.html)" 0 www.poach.org
64.34.145.200 - - [02/Oct/2007:23:45:55 -0400] "GET / HTTP/1.0" 200 305 "-" "SBIder/SBIder-0.8.2-dev (http://www.sitesell.com/sbider.html)" 0 www.poach.org
74.6.19.123 - - [03/Oct/2007:02:13:04 -0400] "GET /robots.txt HTTP/1.0" 404 287 "-" "Mozilla/5.0 (compatible; Yahoo! Slurp; http://help.yahoo.com/help/us/ysearch/slurp)" 0 www.poach.org
74.6.28.44 - - [03/Oct/2007:02:13:04 -0400] "GET /allstate_nn4.html HTTP/1.0" 404 294 "-" "Mozilla/5.0 (compatible; Yahoo! Slurp; http://help.yahoo.com/help/us/ysearch/slurp)" 0 www.poach.org
74.6.19.123 - - [03/Oct/2007:09:38:03 -0400] "GET /robots.txt HTTP/1.0" 404 287 "-" "Mozilla/5.0 (compatible; Yahoo! Slurp; http://help.yahoo.com/help/us/ysearch/slurp)" 0 www.poach.org
74.6.26.73 - - [03/Oct/2007:09:38:03 -0400] "GET /logs/ HTTP/1.0" 200 364 "-" "Mozilla/5.0 (compatible; Yahoo! Slurp; http://help.yahoo.com/help/us/ysearch/slurp)" 0 www.poach.org
74.6.19.118 - - [03/Oct/2007:18:13:32 -0400] "GET /robots.txt HTTP/1.0" 404 283 "-" "Mozilla/5.0 (compatible; Yahoo! Slurp; http://help.yahoo.com/help/us/ysearch/slurp)" 0 www.poach.org
74.6.19.161 - - [03/Oct/2007:18:13:32 -0400] "GET / HTTP/1.0" 200 301 "-" "Mozilla/5.0 (compatible; Yahoo! Slurp; http://help.yahoo.com/help/us/ysearch/slurp)" 0 www.poach.org
74.6.24.29 - - [03/Oct/2007:18:54:51 -0400] "GET /logs HTTP/1.0" 301 305 "-" "Mozilla/5.0 (compatible; Yahoo! Slurp; http://help.yahoo.com/help/us/ysearch/slurp)" 0 www.poach.org
74.6.24.29 - - [03/Oct/2007:18:54:51 -0400] "GET /logs/ HTTP/1.0" 200 360 "-" "Mozilla/5.0 (compatible; Yahoo! Slurp; http://help.yahoo.com/help/us/ysearch/slurp)" 0 www.poach.org
4.175.153.165 - - [03/Oct/2007:21:40:27 -0400] "GET /favicon.ico HTTP/1.1" 404 300 "-" "Mozilla/4.0 (compatible; MSIE 7.0; Windows NT 5.1; .NET CLR 1.1.4322; MSN 9.0;MSN 9.1; MSNbMSNI; MSNmen-us; MSNcIA)" 0 www.poach.org
66.249.65.203 - - [04/Oct/2007:04:50:36 -0400] "GET /robots.txt HTTP/1.1" 404 299 "-" "Mozilla/5.0 (compatible; Googlebot/2.1; +http://www.google.com/bot.html)" 0 www.poach.org
66.249.65.203 - - [04/Oct/2007:04:50:36 -0400] "GET /logs/error.log HTTP/1.1" 200 173711 "-" "Mozilla/5.0 (compatible; Googlebot/2.1; +http://www.google.com/bot.html)" 0 www.poach.org
64.208.172.174 - - [04/Oct/2007:10:02:42 -0400] "GET /robots.txt HTTP/1.0" 404 287 "-" "ia_archiver" 0 www.poach.org
64.208.172.174 - - [04/Oct/2007:10:02:43 -0400] "GET /logs/error.log HTTP/1.0" 200 173837 "-" "ia_archiver" 1 www.poach.org
217.174.203.41 - - [04/Oct/2007:10:56:42 -0400] "HEAD / HTTP/1.0" 200 0 "-" "PHP version tracker (http://www.nexen.net/phpversion/bot.php)" 0 www.poach.org
66.249.65.203 - - [05/Oct/2007:03:44:34 -0400] "GET /robots.txt HTTP/1.1" 404 299 "-" "Mozilla/5.0 (compatible; Googlebot/2.1; +http://www.google.com/bot.html)" 0 www.poach.org
66.249.65.203 - - [05/Oct/2007:03:44:34 -0400] "GET / HTTP/1.1" 200 317 "-" "Mozilla/5.0 (compatible; Googlebot/2.1; +http://www.google.com/bot.html)" 0 www.poach.org
74.6.19.123 - - [05/Oct/2007:04:09:11 -0400] "GET /robots.txt HTTP/1.0" 404 287 "-" "Mozilla/5.0 (compatible; Yahoo! Slurp; http://help.yahoo.com/help/us/ysearch/slurp)" 0 www.poach.org
74.6.20.141 - - [05/Oct/2007:04:09:11 -0400] "GET /page02.htm HTTP/1.0" 404 287 "-" "Mozilla/5.0 (compatible; Yahoo! Slurp; http://help.yahoo.com/help/us/ysearch/slurp)" 0 www.poach.org
65.214.45.123 - - [05/Oct/2007:14:34:09 -0400] "GET /robots.txt HTTP/1.0" 404 287 "-" "Mozilla/5.0 (compatible; Ask Jeeves/Teoma; +http://about.ask.com/en/docs/about/webmasters.shtml)" 0 www.poach.org
65.214.45.123 - - [05/Oct/2007:14:34:09 -0400] "GET / HTTP/1.0" 200 305 "-" "Mozilla/5.0 (compatible; Ask Jeeves/Teoma; +http://about.ask.com/en/docs/about/webmasters.shtml)" 0 www.poach.org
64.208.172.174 - - [05/Oct/2007:15:47:04 -0400] "GET /robots.txt HTTP/1.0" 404 287 "-" "ia_archiver" 0 www.poach.org
64.208.172.174 - - [05/Oct/2007:15:47:05 -0400] "GET /logs/error.log HTTP/1.0" 200 174459 "-" "ia_archiver" 1 www.poach.org
65.214.45.123 - - [05/Oct/2007:17:02:32 -0400] "GET /allstate_nn4.html HTTP/1.0" 404 294 "-" "Mozilla/5.0 (compatible; Ask Jeeves/Teoma; +http://about.ask.com/en/docs/about/webmasters.shtml)" 0 www.poach.org
64.1.215.163 - - [05/Oct/2007:17:50:49 -0400] "GET /robots.txt HTTP/1.0" 404 287 "-" "Mozilla/5.0 (Twiceler-0.9 http://www.cuill.com/twiceler/robot.html)" 0 www.poach.org
65.54.155.57 - - [05/Oct/2007:23:42:10 -0400] "GET /favicon.ico HTTP/1.0" 404 288 "-" "Mozilla/4.0 (compatible; MSIE 7.0; Windows NT 5.1; .NET CLR 1.1.4322; MSN 9.0;MSN 9.1; MSNbMSNI; MSNmen-us; MSNcIA)" 0 www.poach.org
63.123.238.8 - - [06/Oct/2007:13:32:14 -0400] "GET /robots.txt HTTP/1.1" 404 299 "-" "Mozilla/2.0 (compatible; Ask Jeeves/Teoma)" 0 www.poach.org
63.123.238.8 - - [06/Oct/2007:13:32:14 -0400] "GET / HTTP/1.1" 200 317 "-" "Mozilla/2.0 (compatible; Ask Jeeves/Teoma)" 0 www.poach.org
74.6.19.123 - - [06/Oct/2007:16:39:03 -0400] "GET /robots.txt HTTP/1.0" 404 287 "-" "Mozilla/5.0 (compatible; Yahoo! Slurp; http://help.yahoo.com/help/us/ysearch/slurp)" 0 www.poach.org
74.6.20.155 - - [06/Oct/2007:16:39:03 -0400] "GET / HTTP/1.0" 200 305 "-" "Mozilla/5.0 (compatible; Yahoo! Slurp; http://help.yahoo.com/help/us/ysearch/slurp)" 0 www.poach.org
64.208.172.174 - - [06/Oct/2007:21:15:16 -0400] "GET /robots.txt HTTP/1.0" 404 287 "-" "ia_archiver" 0 www.poach.org
64.208.172.174 - - [06/Oct/2007:21:15:16 -0400] "GET /logs/error.log HTTP/1.0" 200 175213 "-" "ia_archiver" 0 www.poach.org
74.6.19.123 - - [06/Oct/2007:22:37:41 -0400] "GET /robots.txt HTTP/1.0" 404 287 "-" "Mozilla/5.0 (compatible; Yahoo! Slurp; http://help.yahoo.com/help/us/ysearch/slurp)" 0 www.poach.org
74.6.25.203 - - [06/Oct/2007:22:37:41 -0400] "GET /allstate.html HTTP/1.0" 404 290 "-" "Mozilla/5.0 (compatible; Yahoo! Slurp; http://help.yahoo.com/help/us/ysearch/slurp)" 0 www.poach.org
202.160.178.87 - - [06/Oct/2007:23:25:23 -0400] "GET /robots.txt HTTP/1.0" 404 287 "-" "Mozilla/5.0 (compatible; Yahoo! Slurp China; http://misc.yahoo.com.cn/help.html)" 0 www.poach.org
202.160.180.191 - - [06/Oct/2007:23:25:45 -0400] "GET / HTTP/1.0" 200 305 "-" "Mozilla/5.0 (compatible; Yahoo! Slurp China; http://misc.yahoo.com.cn/help.html)" 0 www.poach.org
65.54.155.58 - - [07/Oct/2007:11:18:16 -0400] "GET /favicon.ico HTTP/1.0" 404 288 "-" "Mozilla/4.0 (compatible; MSIE 7.0; Windows NT 5.1; .NET CLR 1.1.4322; MSN 9.0;MSN 9.1; MSNbMSNI; MSNmen-us; MSNcIA)" 0 www.poach.org
64.208.172.174 - - [08/Oct/2007:03:08:47 -0400] "GET /robots.txt HTTP/1.0" 404 287 "-" "ia_archiver" 0 www.poach.org
64.208.172.174 - - [08/Oct/2007:03:08:47 -0400] "GET /logs/error.log HTTP/1.0" 200 175839 "-" "ia_archiver" 0 www.poach.org
63.74.208.100 - - [08/Oct/2007:09:10:26 -0400] "GET /page01.htm HTTP/1.1" 404 299 "http://www.ask.com/web?q=Why+do+people+need+lawyers&search=&qsrc=0&o=0&l=dir" "Mozilla/4.0 (compatible; MSIE 6.0; Windows NT 5.1; .NET CLR 1.1.4322)" 0 www.poach.org
64.246.161.30 - - [08/Oct/2007:11:23:15 -0400] "GET /robots.txt HTTP/1.0" 404 287 "http://www.whois.sc/" "SurveyBot/2.3 (Whois Source)" 0 www.poach.org
64.246.161.30 - - [08/Oct/2007:11:23:15 -0400] "GET / HTTP/1.1" 200 317 "http://www.whois.sc/poach.org" "SurveyBot/2.3 (Whois Source)" 0 www.poach.org
66.249.65.203 - - [08/Oct/2007:13:06:00 -0400] "GET /robots.txt HTTP/1.1" 404 299 "-" "Mozilla/5.0 (compatible; Googlebot/2.1; +http://www.google.com/bot.html)" 0 www.poach.org
66.249.65.203 - - [08/Oct/2007:13:06:00 -0400] "GET / HTTP/1.1" 200 317 "-" "Mozilla/5.0 (compatible; Googlebot/2.1; +http://www.google.com/bot.html)" 0 www.poach.org
66.249.65.203 - - [08/Oct/2007:14:20:52 -0400] "GET /logs/access.log HTTP/1.1" 200 479062 "-" "Mozilla/5.0 (compatible; Googlebot/2.1; +http://www.google.com/bot.html)" 0 www.poach.org
74.6.19.123 - - [08/Oct/2007:15:56:15 -0400] "GET /robots.txt HTTP/1.0" 404 287 "-" "Mozilla/5.0 (compatible; Yahoo! Slurp; http://help.yahoo.com/help/us/ysearch/slurp)" 0 www.poach.org
74.6.20.10 - - [08/Oct/2007:15:56:16 -0400] "GET /page12.htm HTTP/1.0" 404 287 "-" "Mozilla/5.0 (compatible; Yahoo! Slurp; http://help.yahoo.com/help/us/ysearch/slurp)" 0 www.poach.org
64.34.145.201 - - [09/Oct/2007:01:22:21 -0400] "GET /robots.txt HTTP/1.0" 404 287 "-" "SBIder/SBIder-0.8.2-dev (http://www.sitesell.com/sbider.html)" 0 www.poach.org
64.34.145.201 - - [09/Oct/2007:01:22:21 -0400] "GET / HTTP/1.0" 200 305 "-" "SBIder/SBIder-0.8.2-dev (http://www.sitesell.com/sbider.html)" 0 www.poach.org
74.6.19.118 - - [09/Oct/2007:02:02:58 -0400] "GET /robots.txt HTTP/1.0" 404 283 "-" "Mozilla/5.0 (compatible; Yahoo! Slurp; http://help.yahoo.com/help/us/ysearch/slurp)" 0 www.poach.org
74.6.26.107 - - [09/Oct/2007:02:02:58 -0400] "GET /logs/error.log HTTP/1.0" 200 176707 "-" "Mozilla/5.0 (compatible; Yahoo! Slurp; http://help.yahoo.com/help/us/ysearch/slurp)" 0 www.poach.org
65.214.44.118 - - [09/Oct/2007:05:15:22 -0400] "GET /robots.txt HTTP/1.0" 404 287 "-" "Mozilla/2.0 (compatible; Ask Jeeves/Teoma; +http://sp.ask.com/docs/about/tech_crawling.html)" 0 www.poach.org
65.214.44.118 - - [09/Oct/2007:05:15:25 -0400] "GET /page12.htm HTTP/1.0" 404 287 "-" "Mozilla/2.0 (compatible; Ask Jeeves/Teoma; +http://sp.ask.com/docs/about/tech_crawling.html)" 0 www.poach.org
65.214.44.118 - - [09/Oct/2007:05:17:10 -0400] "GET /page11.htm HTTP/1.0" 404 287 "-" "Mozilla/2.0 (compatible; Ask Jeeves/Teoma; +http://sp.ask.com/docs/about/tech_crawling.html)" 0 www.poach.org
65.54.188.95 - - [09/Oct/2007:06:50:16 -0400] "GET /robots.txt HTTP/1.0" 404 287 "-" "msnbot/1.0 (+http://search.msn.com/msnbot.htm)" 0 www.poach.org
65.54.188.95 - - [09/Oct/2007:06:50:17 -0400] "GET /allstate_nn4.html HTTP/1.0" 404 294 "-" "msnbot/1.0 (+http://search.msn.com/msnbot.htm)" 0 www.poach.org
64.208.172.174 - - [09/Oct/2007:08:58:46 -0400] "GET /robots.txt HTTP/1.0" 404 287 "-" "ia_archiver" 0 www.poach.org
64.208.172.174 - - [09/Oct/2007:08:58:47 -0400] "GET /logs/error.log HTTP/1.0" 200 177463 "-" "ia_archiver" 1 www.poach.org
84.163.62.203 - - [09/Oct/2007:10:28:56 -0400] "GET / HTTP/1.1" 200 317 "http://www.google.com/search?q=poach&ie=utf-8&oe=utf-8&aq=t&rls=org.mozilla:de:official&client=firefox-a" "Mozilla/5.0 (Windows; U; Windows NT 5.1; de; rv:1.8.1.7) Gecko/20070914 Firefox/2.0.0.7" 0 www.poach.org
84.163.62.203 - - [09/Oct/2007:10:28:56 -0400] "GET /favicon.ico HTTP/1.1" 404 300 "-" "Mozilla/5.0 (Windows; U; Windows NT 5.1; de; rv:1.8.1.7) Gecko/20070914 Firefox/2.0.0.7" 0 www.poach.org
84.163.62.203 - - [09/Oct/2007:10:28:58 -0400] "GET / HTTP/1.1" 200 317 "http://www.poach.org/" "Mozilla/5.0 (Windows; U; Windows NT 5.1; de; rv:1.8.1.7) Gecko/20070914 Firefox/2.0.0.7" 0 www.poach.org
84.163.62.203 - - [09/Oct/2007:10:28:59 -0400] "GET /logs HTTP/1.1" 301 325 "http://www.poach.org/" "Mozilla/5.0 (Windows; U; Windows NT 5.1; de; rv:1.8.1.7) Gecko/20070914 Firefox/2.0.0.7" 0 www.poach.org
84.163.62.203 - - [09/Oct/2007:10:29:00 -0400] "GET /logs/ HTTP/1.1" 200 376 "http://www.poach.org/" "Mozilla/5.0 (Windows; U; Windows NT 5.1; de; rv:1.8.1.7) Gecko/20070914 Firefox/2.0.0.7" 0 www.poach.org
24.121.118.153 - - [09/Oct/2007:12:06:24 -0400] "GET / HTTP/1.1" 200 317 "-" "Net Probe" 0 www.poach.org
216.56.44.50 - - [09/Oct/2007:14:18:00 -0400] "GET / HTTP/1.1" 200 313 "-" "Mozilla/4.0 (compatible; MSIE 6.0; Windows NT 5.1; SV1)" 0 www.poach.org
216.56.44.50 - - [09/Oct/2007:14:18:05 -0400] "GET / HTTP/1.1" 200 313 "http://poach.org/" "Mozilla/4.0 (compatible; MSIE 6.0; Windows NT 5.1; SV1)" 0 www.poach.org
64.1.215.163 - - [09/Oct/2007:17:32:59 -0400] "GET /robots.txt HTTP/1.0" 404 287 "-" "Mozilla/5.0 (Twiceler-0.9 http://www.cuill.com/twiceler/robot.html)" 0 www.poach.org
65.94.173.194 - - [10/Oct/2007:00:10:53 -0400] "GET / HTTP/1.0" 200 305 "-" "Mozilla/4.0 (compatible; MSIE 6.0; Windows NT 5.0)" 0 www.poach.org
65.94.173.194 - - [10/Oct/2007:00:10:53 -0400] "GET / HTTP/1.0" 200 301 "-" "Mozilla/4.0 (compatible; MSIE 6.0; Windows NT 5.0)" 0 www.poach.org
74.6.19.123 - - [10/Oct/2007:08:37:35 -0400] "GET /robots.txt HTTP/1.0" 404 287 "-" "Mozilla/5.0 (compatible; Yahoo! Slurp; http://help.yahoo.com/help/us/ysearch/slurp)" 0 www.poach.org
74.6.25.74 - - [10/Oct/2007:08:37:35 -0400] "GET /logs/access.log HTTP/1.0" 200 483617 "-" "Mozilla/5.0 (compatible; Yahoo! Slurp; http://help.yahoo.com/help/us/ysearch/slurp)" 0 www.poach.org
74.6.26.73 - - [10/Oct/2007:09:43:03 -0400] "GET /logs/ HTTP/1.0" 200 364 "-" "Mozilla/5.0 (compatible; Yahoo! Slurp; http://help.yahoo.com/help/us/ysearch/slurp)" 0 www.poach.org
69.36.158.40 - - [10/Oct/2007:11:34:14 -0400] "GET /robots.txt HTTP/1.1" 404 299 "-" "Mozilla/5.0 (X11; U; Linux i686; en-US; rv:1.7.12; ips-agent) Gecko/20050922 Fedora/1.0.7-1.1.fc4 Firefox/1.0.7" 0 www.poach.org
69.36.158.40 - - [10/Oct/2007:11:34:14 -0400] "GET / HTTP/1.1" 200 317 "-" "Mozilla/5.0 (X11; U; Linux i686; en-US; rv:1.7.12; ips-agent) Gecko/20050922 Fedora/1.0.7-1.1.fc4 Firefox/1.0.7" 0 www.poach.org
69.36.158.40 - - [10/Oct/2007:11:34:15 -0400] "GET /logs HTTP/1.1" 301 325 "-" "Mozilla/5.0 (X11; U; Linux i686; en-US; rv:1.7.12; ips-agent) Gecko/20050922 Fedora/1.0.7-1.1.fc4 Firefox/1.0.7" 0 www.poach.org
69.36.158.40 - - [10/Oct/2007:11:34:15 -0400] "GET /logs/ HTTP/1.1" 200 376 "-" "Mozilla/5.0 (X11; U; Linux i686; en-US; rv:1.7.12; ips-agent) Gecko/20050922 Fedora/1.0.7-1.1.fc4 Firefox/1.0.7" 0 www.poach.org
69.36.158.40 - - [10/Oct/2007:11:34:15 -0400] "GET /logs/access.log HTTP/1.1" 200 361464 "-" "Mozilla/5.0 (X11; U; Linux i686; en-US; rv:1.7.12; ips-agent) Gecko/20050922 Fedora/1.0.7-1.1.fc4 Firefox/1.0.7" 0 www.poach.org
69.36.158.40 - - [10/Oct/2007:11:34:15 -0400] "GET /logs/error.log HTTP/1.1" 200 177960 "-" "Mozilla/5.0 (X11; U; Linux i686; en-US; rv:1.7.12; ips-agent) Gecko/20050922 Fedora/1.0.7-1.1.fc4 Firefox/1.0.7" 0 www.poach.org
64.34.145.197 - - [10/Oct/2007:13:03:33 -0400] "GET /robots.txt HTTP/1.0" 404 287 "-" "SBIder/SBIder-0.8.2-dev (http://www.sitesell.com/sbider.html)" 0 www.poach.org
64.34.145.197 - - [10/Oct/2007:13:03:33 -0400] "GET / HTTP/1.0" 200 305 "-" "SBIder/SBIder-0.8.2-dev (http://www.sitesell.com/sbider.html)" 0 www.poach.org
205.178.184.189 - - [10/Oct/2007:14:26:48 -0400] "GET / HTTP/1.1" 200 313 "-" "Mozilla/4.0 (compatible; MSIE 6.0; Windows NT 5.2; SV1; .NET CLR 1.1.4322; .NET CLR 2.0.50727)" 0 www.poach.org
205.178.184.189 - - [10/Oct/2007:14:27:22 -0400] "GET / HTTP/1.1" 200 313 "-" "User-Agent:Mozilla/4.0 (compatible; MSIE 6.0; Windows NT 5.1; SV1; .NET CLR 2.0.50727)" 0 www.poach.org
205.178.184.189 - - [10/Oct/2007:14:27:22 -0400] "GET /robots.txt HTTP/1.1" 404 295 "-" "User-Agent:Mozilla/4.0 (compatible; MSIE 6.0; Windows NT 5.1; SV1; .NET CLR 2.0.50727)" 0 www.poach.org
65.214.45.123 - - [10/Oct/2007:17:27:34 -0400] "GET /robots.txt HTTP/1.0" 404 287 "-" "Mozilla/5.0 (compatible; Ask Jeeves/Teoma; +http://about.ask.com/en/docs/about/webmasters.shtml)" 0 www.poach.org
65.214.45.123 - - [10/Oct/2007:17:27:34 -0400] "GET /page08.htm HTTP/1.0" 404 287 "-" "Mozilla/5.0 (compatible; Ask Jeeves/Teoma; +http://about.ask.com/en/docs/about/webmasters.shtml)" 0 www.poach.org
65.222.176.124 - - [10/Oct/2007:17:47:41 -0400] "GET / HTTP/1.1" 200 317 "-" "Mozilla/4.0 (compatible; MSIE 6.0; Windows XP)" 0 www.poach.org
65.222.176.124 - - [10/Oct/2007:17:48:12 -0400] "GET /logs HTTP/1.1" 301 325 "http://www.poach.org/" "Mozilla/4.0 (compatible; MSIE 6.0; Windows XP)" 0 www.poach.org
65.222.176.124 - - [10/Oct/2007:17:48:50 -0400] "GET /logs/ HTTP/1.1" 200 376 "http://www.poach.org/logs" "Mozilla/4.0 (compatible; MSIE 6.0; Windows XP)" 0 www.poach.org
65.222.176.124 - - [10/Oct/2007:17:49:24 -0400] "GET /logs/access.log HTTP/1.1" 200 53541 "http://www.poach.org/logs/" "Mozilla/4.0 (compatible; MSIE 6.0; Windows XP)" 0 www.poach.org
65.222.176.124 - - [10/Oct/2007:17:49:25 -0400] "GET /logs/error.log HTTP/1.1" 200 178462 "http://www.poach.org/logs/" "Mozilla/4.0 (compatible; MSIE 6.0; Windows XP)" 0 www.poach.org
74.6.19.118 - - [10/Oct/2007:18:23:38 -0400] "GET /robots.txt HTTP/1.0" 404 283 "-" "Mozilla/5.0 (compatible; Yahoo! Slurp; http://help.yahoo.com/help/us/ysearch/slurp)" 0 www.poach.org
74.6.19.161 - - [10/Oct/2007:18:23:38 -0400] "GET / HTTP/1.0" 200 301 "-" "Mozilla/5.0 (compatible; Yahoo! Slurp; http://help.yahoo.com/help/us/ysearch/slurp)" 0 www.poach.org
74.6.24.29 - - [10/Oct/2007:18:57:39 -0400] "GET /logs HTTP/1.0" 301 305 "-" "Mozilla/5.0 (compatible; Yahoo! Slurp; http://help.yahoo.com/help/us/ysearch/slurp)" 0 www.poach.org
74.6.24.29 - - [10/Oct/2007:18:57:39 -0400] "GET /logs/ HTTP/1.0" 200 360 "-" "Mozilla/5.0 (compatible; Yahoo! Slurp; http://help.yahoo.com/help/us/ysearch/slurp)" 0 www.poach.org
65.214.45.123 - - [11/Oct/2007:01:33:11 -0400] "GET /page02.htm HTTP/1.0" 404 287 "-" "Mozilla/5.0 (compatible; Ask Jeeves/Teoma; +http://about.ask.com/en/docs/about/webmasters.shtml)" 0 www.poach.org
66.249.65.203 - - [11/Oct/2007:08:55:39 -0400] "GET /robots.txt HTTP/1.1" 404 299 "-" "Mozilla/5.0 (compatible; Googlebot/2.1; +http://www.google.com/bot.html)" 0 www.poach.org
66.249.65.203 - - [11/Oct/2007:08:55:39 -0400] "GET /logs/error.log HTTP/1.1" 200 178835 "-" "Mozilla/5.0 (compatible; Googlebot/2.1; +http://www.google.com/bot.html)" 0 www.poach.org
65.214.45.123 - - [11/Oct/2007:11:06:30 -0400] "GET /robots.txt HTTP/1.0" 404 287 "-" "Mozilla/5.0 (compatible; Ask Jeeves/Teoma; +http://about.ask.com/en/docs/about/webmasters.shtml)" 0 www.poach.org
65.214.45.123 - - [11/Oct/2007:11:06:30 -0400] "GET /page03.htm HTTP/1.0" 404 287 "-" "Mozilla/5.0 (compatible; Ask Jeeves/Teoma; +http://about.ask.com/en/docs/about/webmasters.shtml)" 0 www.poach.org
65.214.45.123 - - [11/Oct/2007:11:30:24 -0400] "GET /page07.htm HTTP/1.0" 404 287 "-" "Mozilla/5.0 (compatible; Ask Jeeves/Teoma; +http://about.ask.com/en/docs/about/webmasters.shtml)" 0 www.poach.org
202.160.178.87 - - [11/Oct/2007:13:37:56 -0400] "GET /robots.txt HTTP/1.0" 404 287 "-" "Mozilla/5.0 (compatible; Yahoo! Slurp China; http://misc.yahoo.com.cn/help.html)" 0 www.poach.org
202.160.180.191 - - [11/Oct/2007:13:38:27 -0400] "GET / HTTP/1.0" 200 305 "-" "Mozilla/5.0 (compatible; Yahoo! Slurp China; http://misc.yahoo.com.cn/help.html)" 0 www.poach.org
65.214.45.123 - - [11/Oct/2007:14:03:27 -0400] "GET /page06.htm HTTP/1.0" 404 287 "-" "Mozilla/5.0 (compatible; Ask Jeeves/Teoma; +http://about.ask.com/en/docs/about/webmasters.shtml)" 0 www.poach.org
88.131.153.91 - - [11/Oct/2007:14:35:58 -0400] "GET /robots.txt HTTP/1.0" 404 287 "-" "Speedy Spider (http://www.entireweb.com/about/search_tech/speedy_spider/)" 0 www.poach.org
88.131.153.91 - - [11/Oct/2007:14:35:58 -0400] "GET /allstate_nn4.html HTTP/1.0" 404 294 "-" "Speedy Spider (http://www.entireweb.com/about/search_tech/speedy_spider/)" 0 www.poach.org
65.214.45.123 - - [11/Oct/2007:22:10:19 -0400] "GET /page01.htm HTTP/1.0" 404 287 "-" "Mozilla/5.0 (compatible; Ask Jeeves/Teoma; +http://about.ask.com/en/docs/about/webmasters.shtml)" 0 www.poach.org
74.6.19.124 - - [11/Oct/2007:23:00:46 -0400] "GET /robots.txt HTTP/1.0" 404 287 "-" "Mozilla/5.0 (compatible; Yahoo! Slurp; http://help.yahoo.com/help/us/ysearch/slurp)" 0 www.poach.org
74.6.23.19 - - [11/Oct/2007:23:00:46 -0400] "GET /logs/error.log HTTP/1.0" 200 179966 "-" "Mozilla/5.0 (compatible; Yahoo! Slurp; http://help.yahoo.com/help/us/ysearch/slurp)" 0 www.poach.org
65.214.45.123 - - [12/Oct/2007:05:56:46 -0400] "GET /robots.txt HTTP/1.0" 404 287 "-" "Mozilla/5.0 (compatible; Ask Jeeves/Teoma; +http://about.ask.com/en/docs/about/webmasters.shtml)" 0 www.poach.org
65.214.45.123 - - [12/Oct/2007:05:56:46 -0400] "GET /page05.htm HTTP/1.0" 404 287 "-" "Mozilla/5.0 (compatible; Ask Jeeves/Teoma; +http://about.ask.com/en/docs/about/webmasters.shtml)" 0 www.poach.org
66.249.65.203 - - [12/Oct/2007:07:45:55 -0400] "GET /robots.txt HTTP/1.1" 404 299 "-" "Mozilla/5.0 (compatible; Googlebot/2.1; +http://www.google.com/bot.html)" 0 www.poach.org
66.249.65.203 - - [12/Oct/2007:07:45:55 -0400] "GET / HTTP/1.1" 200 317 "-" "Mozilla/5.0 (compatible; Googlebot/2.1; +http://www.google.com/bot.html)" 0 www.poach.org
65.214.45.123 - - [12/Oct/2007:08:37:10 -0400] "GET /page12.htm HTTP/1.0" 404 287 "-" "Mozilla/5.0 (compatible; Ask Jeeves/Teoma; +http://about.ask.com/en/docs/about/webmasters.shtml)" 0 www.poach.org
65.214.45.123 - - [12/Oct/2007:16:20:10 -0400] "GET /page10.htm HTTP/1.0" 404 287 "-" "Mozilla/5.0 (compatible; Ask Jeeves/Teoma; +http://about.ask.com/en/docs/about/webmasters.shtml)" 0 www.poach.org
66.249.65.203 - - [12/Oct/2007:18:38:10 -0400] "GET /allstate_nn4.html HTTP/1.1" 404 306 "-" "Mozilla/5.0 (compatible; Googlebot/2.1; +http://www.google.com/bot.html)" 0 www.poach.org
64.1.215.163 - - [12/Oct/2007:22:04:08 -0400] "GET /robots.txt HTTP/1.0" 404 287 "-" "Mozilla/5.0 (Twiceler-0.9 http://www.cuill.com/twiceler/robot.html)" 0 www.poach.org
75.71.49.67 - - [12/Oct/2007:22:18:20 -0400] "GET / HTTP/1.1" 200 317 "http://www.classreport.org/usa/hi/kailua/khs/1964/" "Mozilla/4.0 (compatible; MSIE 6.0; Windows 98; Compaq)" 0 www.poach.org
75.71.49.67 - - [12/Oct/2007:22:18:29 -0400] "GET /resume/clresume.rtf HTTP/1.1" 404 308 "http://www.classreport.org/usa/hi/kailua/khs/1964/" "Mozilla/4.0 (compatible; MSIE 6.0; Windows 98; Compaq)" 0 www.poach.org
66.249.65.203 - - [13/Oct/2007:08:07:21 -0400] "GET /robots.txt HTTP/1.1" 404 299 "-" "Mozilla/5.0 (compatible; Googlebot/2.1; +http://www.google.com/bot.html)" 0 www.poach.org
66.249.65.203 - - [13/Oct/2007:08:07:21 -0400] "GET /allstate.html HTTP/1.1" 404 302 "-" "Mozilla/5.0 (compatible; Googlebot/2.1; +http://www.google.com/bot.html)" 0 www.poach.org
63.123.238.8 - - [13/Oct/2007:13:24:16 -0400] "GET /robots.txt HTTP/1.1" 404 299 "-" "Mozilla/2.0 (compatible; Ask Jeeves/Teoma)" 0 www.poach.org
63.123.238.8 - - [13/Oct/2007:13:24:16 -0400] "GET / HTTP/1.1" 200 317 "-" "Mozilla/2.0 (compatible; Ask Jeeves/Teoma)" 0 www.poach.org
64.34.145.196 - - [14/Oct/2007:05:13:40 -0400] "GET /robots.txt HTTP/1.0" 404 287 "-" "SBIder/SBIder-0.8.2-dev (http://www.sitesell.com/sbider.html)" 0 www.poach.org
64.34.145.196 - - [14/Oct/2007:05:13:40 -0400] "GET / HTTP/1.0" 200 305 "-" "SBIder/SBIder-0.8.2-dev (http://www.sitesell.com/sbider.html)" 0 www.poach.org
68.142.212.221 - - [15/Oct/2007:09:08:14 -0400] "GET /robots.txt HTTP/1.0" 404 287 "-" "Yahoo-MMCrawler/3.x (mms dash mmcrawler dash support at yahoo dash inc dot com)" 0 www.poach.org
216.145.14.142 - - [15/Oct/2007:14:56:09 -0400] "GET /robots.txt HTTP/1.0" 404 287 "http://www.whois.sc/" "SurveyBot/2.3 (Whois Source)" 0 www.poach.org
216.145.14.142 - - [15/Oct/2007:14:56:10 -0400] "GET / HTTP/1.1" 200 317 "http://www.whois.sc/poach.org" "SurveyBot/2.3 (Whois Source)" 0 www.poach.org
65.55.212.124 - - [15/Oct/2007:17:10:32 -0400] "GET /robots.txt HTTP/1.0" 404 287 "-" "msnbot-media/1.0 (+http://search.msn.com/msnbot.htm)" 0 www.poach.org
65.55.212.124 - - [15/Oct/2007:17:10:32 -0400] "GET / HTTP/1.0" 200 305 "-" "msnbot-media/1.0 (+http://search.msn.com/msnbot.htm)" 0 www.poach.org
66.249.65.203 - - [15/Oct/2007:19:45:30 -0400] "GET /robots.txt HTTP/1.1" 404 299 "-" "Mozilla/5.0 (compatible; Googlebot/2.1; +http://www.google.com/bot.html)" 0 www.poach.org
66.249.65.203 - - [15/Oct/2007:19:45:30 -0400] "GET / HTTP/1.1" 200 317 "-" "Mozilla/5.0 (compatible; Googlebot/2.1; +http://www.google.com/bot.html)" 0 www.poach.org
66.249.65.203 - - [15/Oct/2007:20:03:01 -0400] "GET /logs/access.log HTTP/1.1" 200 494817 "-" "Mozilla/5.0 (compatible; Googlebot/2.1; +http://www.google.com/bot.html)" 0 www.poach.org
65.55.212.124 - - [16/Oct/2007:17:04:07 -0400] "GET /robots.txt HTTP/1.0" 404 287 "-" "msnbot-media/1.0 (+http://search.msn.com/msnbot.htm)" 0 www.poach.org
65.55.212.124 - - [16/Oct/2007:17:04:07 -0400] "GET /logs HTTP/1.0" 301 313 "-" "msnbot-media/1.0 (+http://search.msn.com/msnbot.htm)" 0 www.poach.org
65.55.212.124 - - [16/Oct/2007:17:24:44 -0400] "GET /robots.txt HTTP/1.0" 404 287 "-" "msnbot-media/1.0 (+http://search.msn.com/msnbot.htm)" 0 www.poach.org
65.55.212.124 - - [16/Oct/2007:17:24:45 -0400] "GET /logs/ HTTP/1.0" 200 364 "-" "msnbot-media/1.0 (+http://search.msn.com/msnbot.htm)" 0 www.poach.org
202.160.178.87 - - [16/Oct/2007:21:32:51 -0400] "GET /robots.txt HTTP/1.0" 404 287 "-" "Mozilla/5.0 (compatible; Yahoo! Slurp China; http://misc.yahoo.com.cn/help.html)" 0 www.poach.org
202.160.180.191 - - [16/Oct/2007:21:32:53 -0400] "GET / HTTP/1.0" 200 305 "-" "Mozilla/5.0 (compatible; Yahoo! Slurp China; http://misc.yahoo.com.cn/help.html)" 1 www.poach.org
67.68.174.212 - - [17/Oct/2007:15:47:42 -0400] "HEAD / HTTP/1.1" 200 0 "http://www.searchevolution.com" "Mozilla/4.0 (compatible; Synapse)" 0 www.poach.org
68.142.212.221 - - [17/Oct/2007:18:31:16 -0400] "GET /robots.txt HTTP/1.0" 404 287 "-" "Yahoo-MMCrawler/3.x (mms dash mmcrawler dash support at yahoo dash inc dot com)" 0 www.poach.org
64.34.145.197 - - [17/Oct/2007:19:04:50 -0400] "GET /robots.txt HTTP/1.0" 404 287 "-" "SBIder/SBIder-0.8.2-dev (http://www.sitesell.com/sbider.html)" 0 www.poach.org
64.34.145.197 - - [17/Oct/2007:19:04:50 -0400] "GET / HTTP/1.0" 200 305 "-" "SBIder/SBIder-0.8.2-dev (http://www.sitesell.com/sbider.html)" 0 www.poach.org
74.6.19.119 - - [17/Oct/2007:22:12:58 -0400] "GET /robots.txt HTTP/1.0" 404 283 "-" "Mozilla/5.0 (compatible; Yahoo! Slurp; http://help.yahoo.com/help/us/ysearch/slurp)" 0 www.poach.org
74.6.19.161 - - [17/Oct/2007:22:12:59 -0400] "GET / HTTP/1.0" 200 301 "-" "Mozilla/5.0 (compatible; Yahoo! Slurp; http://help.yahoo.com/help/us/ysearch/slurp)" 0 www.poach.org
74.52.245.146 - - [17/Oct/2007:23:42:50 -0400] "GET / HTTP/1.0" 200 305 "-" "Mozilla/5.0 (X11; U; Linux i686; en-US; rv:1.7.5) Gecko/20041107 Firefox/1.0" 0 www.poach.org
74.6.19.124 - - [18/Oct/2007:04:48:51 -0400] "GET /robots.txt HTTP/1.0" 404 287 "-" "Mozilla/5.0 (compatible; Yahoo! Slurp; http://help.yahoo.com/help/us/ysearch/slurp)" 0 www.poach.org
74.6.20.123 - - [18/Oct/2007:04:48:51 -0400] "GET /page05.htm HTTP/1.0" 404 287 "-" "Mozilla/5.0 (compatible; Yahoo! Slurp; http://help.yahoo.com/help/us/ysearch/slurp)" 0 www.poach.org
74.6.20.155 - - [18/Oct/2007:08:26:49 -0400] "GET / HTTP/1.0" 200 305 "-" "Mozilla/5.0 (compatible; Yahoo! Slurp; http://help.yahoo.com/help/us/ysearch/slurp)" 0 www.poach.org
216.145.16.236 - - [18/Oct/2007:10:55:10 -0400] "GET / HTTP/1.0" 200 305 "-" "Mozilla/4.0 (compatible; MSIE 6.0; Windows NT 5.2; {E12EDDF0-EE40-C76D-85D0-8861BDE2E7AE}; SV1; .NET CLR 1.1.4322)" 0 www.poach.org
66.249.65.203 - - [18/Oct/2007:15:11:40 -0400] "GET /robots.txt HTTP/1.1" 404 299 "-" "Mozilla/5.0 (compatible; Googlebot/2.1; +http://www.google.com/bot.html)" 0 www.poach.org
66.249.65.203 - - [18/Oct/2007:15:11:40 -0400] "GET /logs/error.log HTTP/1.1" 200 183104 "-" "Mozilla/5.0 (compatible; Googlebot/2.1; +http://www.google.com/bot.html)" 0 www.poach.org
221.194.136.32 - - [18/Oct/2007:18:24:27 -0400] "GET / HTTP/1.1" 200 317 "-" "Mozilla/4.0 (compatible; MSIE 6.0; Windows NT 5.1; QihooBot 1.0 qihoobot@qihoo.net)" 0 www.poach.org
66.249.65.203 - - [18/Oct/2007:18:26:13 -0400] "GET /robots.txt HTTP/1.1" 404 295 "-" "Mozilla/5.0 (compatible; Googlebot/2.1; +http://www.google.com/bot.html)" 0 www.poach.org
66.249.65.203 - - [18/Oct/2007:18:26:13 -0400] "GET / HTTP/1.1" 200 313 "-" "Mozilla/5.0 (compatible; Googlebot/2.1; +http://www.google.com/bot.html)" 0 www.poach.org
65.196.71.100 - - [18/Oct/2007:23:04:30 -0400] "GET / HTTP/1.0" 200 305 "-" "Mnogosearch-3.1.21" 0 www.poach.org
