74.6.86.207 - - [06/Jun/2007:15:00:10 -0400] "GET /robots.txt HTTP/1.0" 404 287 "-" "Mozilla/5.0 (compatible; Yahoo! Slurp; http://help.yahoo.com/help/us/ysearch/slurp)" 0 www.poach.org
74.6.85.154 - - [06/Jun/2007:15:00:10 -0400] "GET /allstate_nn4.html HTTP/1.0" 404 294 "-" "Mozilla/5.0 (compatible; Yahoo! Slurp; http://help.yahoo.com/help/us/ysearch/slurp)" 0 www.poach.org
72.45.165.106 - - [07/Jun/2007:16:22:36 -0400] "GET /logs/error.log HTTP/1.1" 200 72714 "http://www.google.com/search?q=74.6.87.30&hl=en&rls=com.microsoft:en-us&start=10&sa=N" "Mozilla/4.0 (compatible; MSIE 7.0; Windows NT 5.1; Mailinfo [551164])" 0 www.poach.org
74.6.75.46 - - [07/Jun/2007:19:01:38 -0400] "GET /robots.txt HTTP/1.0" 404 287 "-" "Mozilla/5.0 (compatible; Yahoo! Slurp; http://help.yahoo.com/help/us/ysearch/slurp)" 0 www.poach.org
74.6.68.170 - - [07/Jun/2007:19:01:40 -0400] "GET / HTTP/1.0" 200 305 "-" "Mozilla/5.0 (compatible; Yahoo! Slurp; http://help.yahoo.com/help/us/ysearch/slurp)" 0 www.poach.org
74.6.75.46 - - [08/Jun/2007:00:14:55 -0400] "GET /robots.txt HTTP/1.0" 404 287 "-" "Mozilla/5.0 (compatible; Yahoo! Slurp; http://help.yahoo.com/help/us/ysearch/slurp)" 0 www.poach.org
74.6.17.75 - - [08/Jun/2007:00:14:57 -0400] "GET / HTTP/1.0" 200 305 "-" "Mozilla/5.0 (compatible; Yahoo! Slurp; http://help.yahoo.com/help/us/ysearch/slurp)" 0 www.poach.org
74.6.19.124 - - [08/Jun/2007:00:40:45 -0400] "GET /robots.txt HTTP/1.0" 404 287 "-" "Mozilla/5.0 (compatible; Yahoo! Slurp; http://help.yahoo.com/help/us/ysearch/slurp)" 0 www.poach.org
68.142.212.221 - - [08/Jun/2007:01:25:35 -0400] "GET /robots.txt HTTP/1.0" 404 287 "-" "Yahoo-MMCrawler/3.x (mms dash mmcrawler dash support at yahoo dash inc dot com)" 0 www.poach.org
74.6.19.124 - - [09/Jun/2007:03:03:36 -0400] "GET /robots.txt HTTP/1.0" 404 287 "-" "Mozilla/5.0 (compatible; Yahoo! Slurp; http://help.yahoo.com/help/us/ysearch/slurp)" 0 www.poach.org
74.6.28.44 - - [09/Jun/2007:03:06:29 -0400] "GET /allstate_nn4.html HTTP/1.0" 404 294 "-" "Mozilla/5.0 (compatible; Yahoo! Slurp; http://help.yahoo.com/help/us/ysearch/slurp)" 0 www.poach.org
65.214.45.100 - - [09/Jun/2007:03:09:46 -0400] "GET /robots.txt HTTP/1.0" 404 287 "-" "Mozilla/5.0 (compatible; Ask Jeeves/Teoma; +http://about.ask.com/en/docs/about/webmasters.shtml)" 0 www.poach.org
65.214.45.100 - - [09/Jun/2007:03:09:46 -0400] "GET / HTTP/1.0" 200 305 "-" "Mozilla/5.0 (compatible; Ask Jeeves/Teoma; +http://about.ask.com/en/docs/about/webmasters.shtml)" 0 www.poach.org
74.6.25.108 - - [09/Jun/2007:03:31:38 -0400] "GET /page07.htm HTTP/1.0" 404 287 "-" "Mozilla/5.0 (compatible; Yahoo! Slurp; http://help.yahoo.com/help/us/ysearch/slurp)" 0 www.poach.org
74.6.19.124 - - [09/Jun/2007:10:58:04 -0400] "GET /robots.txt HTTP/1.0" 404 287 "-" "Mozilla/5.0 (compatible; Yahoo! Slurp; http://help.yahoo.com/help/us/ysearch/slurp)" 0 www.poach.org
74.6.23.49 - - [09/Jun/2007:11:03:55 -0400] "GET /page11.htm HTTP/1.0" 404 287 "-" "Mozilla/5.0 (compatible; Yahoo! Slurp; http://help.yahoo.com/help/us/ysearch/slurp)" 0 www.poach.org
66.249.66.240 - - [09/Jun/2007:13:37:45 -0400] "GET /robots.txt HTTP/1.1" 404 299 "-" "Mozilla/5.0 (compatible; Googlebot/2.1; +http://www.google.com/bot.html)" 0 www.poach.org
66.249.66.240 - - [09/Jun/2007:13:37:45 -0400] "GET /logs/error.log HTTP/1.1" 200 74077 "-" "Mozilla/5.0 (compatible; Googlebot/2.1; +http://www.google.com/bot.html)" 0 www.poach.org
74.6.19.124 - - [09/Jun/2007:19:14:09 -0400] "GET /robots.txt HTTP/1.0" 404 287 "-" "Mozilla/5.0 (compatible; Yahoo! Slurp; http://help.yahoo.com/help/us/ysearch/slurp)" 0 www.poach.org
74.6.26.45 - - [09/Jun/2007:19:23:17 -0400] "GET /page03.htm HTTP/1.0" 404 287 "-" "Mozilla/5.0 (compatible; Yahoo! Slurp; http://help.yahoo.com/help/us/ysearch/slurp)" 0 www.poach.org
74.6.75.22 - - [09/Jun/2007:22:50:34 -0400] "GET /robots.txt HTTP/1.0" 404 283 "-" "Mozilla/5.0 (compatible; Yahoo! Slurp; http://help.yahoo.com/help/us/ysearch/slurp)" 0 www.poach.org
74.6.69.198 - - [09/Jun/2007:22:50:35 -0400] "GET / HTTP/1.0" 200 301 "-" "Mozilla/5.0 (compatible; Yahoo! Slurp; http://help.yahoo.com/help/us/ysearch/slurp)" 0 www.poach.org
64.1.215.163 - - [10/Jun/2007:00:43:11 -0400] "GET /robots.txt HTTP/1.0" 404 287 "-" "Mozilla/5.0 (Twiceler-0.9 http://www.cuill.com/twiceler/robot.html)" 0 www.poach.org
74.6.86.207 - - [10/Jun/2007:04:23:30 -0400] "GET /robots.txt HTTP/1.0" 404 287 "-" "Mozilla/5.0 (compatible; Yahoo! Slurp; http://help.yahoo.com/help/us/ysearch/slurp)" 0 www.poach.org
74.6.86.162 - - [10/Jun/2007:04:23:30 -0400] "GET /logs/access.log HTTP/1.0" 200 154239 "-" "Mozilla/5.0 (compatible; Yahoo! Slurp; http://help.yahoo.com/help/us/ysearch/slurp)" 0 www.poach.org
74.6.86.230 - - [10/Jun/2007:05:53:47 -0400] "GET /robots.txt HTTP/1.0" 404 287 "-" "Mozilla/5.0 (compatible; Yahoo! Slurp; http://help.yahoo.com/help/us/ysearch/slurp)" 0 www.poach.org
74.6.85.211 - - [10/Jun/2007:05:55:21 -0400] "GET / HTTP/1.0" 200 305 "-" "Mozilla/5.0 (compatible; Yahoo! Slurp; http://help.yahoo.com/help/us/ysearch/slurp)" 0 www.poach.org
65.222.176.123 - - [10/Jun/2007:07:49:26 -0400] "GET / HTTP/1.1" 200 317 "-" "Mozilla/4.0 (compatible; MSIE 6.0; Windows XP)" 0 www.poach.org
65.222.176.123 - - [10/Jun/2007:07:50:22 -0400] "GET /logs HTTP/1.1" 301 325 "http://www.poach.org/" "Mozilla/4.0 (compatible; MSIE 6.0; Windows XP)" 0 www.poach.org
65.222.176.123 - - [10/Jun/2007:07:51:42 -0400] "GET /logs/ HTTP/1.1" 200 376 "http://www.poach.org/logs" "Mozilla/4.0 (compatible; MSIE 6.0; Windows XP)" 0 www.poach.org
65.222.176.123 - - [10/Jun/2007:07:52:54 -0400] "GET /logs/access.log HTTP/1.1" 200 155274 "http://www.poach.org/logs/" "Mozilla/4.0 (compatible; MSIE 6.0; Windows XP)" 0 www.poach.org
65.222.176.123 - - [10/Jun/2007:07:52:57 -0400] "GET /logs/error.log HTTP/1.1" 200 74814 "http://www.poach.org/logs/" "Mozilla/4.0 (compatible; MSIE 6.0; Windows XP)" 0 www.poach.org
65.214.45.100 - - [10/Jun/2007:09:19:07 -0400] "GET /robots.txt HTTP/1.0" 404 287 "-" "Mozilla/5.0 (compatible; Ask Jeeves/Teoma; +http://about.ask.com/en/docs/about/webmasters.shtml)" 0 www.poach.org
65.214.45.100 - - [10/Jun/2007:09:19:07 -0400] "GET /page07.htm HTTP/1.0" 404 287 "-" "Mozilla/5.0 (compatible; Ask Jeeves/Teoma; +http://about.ask.com/en/docs/about/webmasters.shtml)" 0 www.poach.org
65.214.45.100 - - [10/Jun/2007:09:30:08 -0400] "GET /page01.htm HTTP/1.0" 404 287 "-" "Mozilla/5.0 (compatible; Ask Jeeves/Teoma; +http://about.ask.com/en/docs/about/webmasters.shtml)" 0 www.poach.org
66.249.66.240 - - [10/Jun/2007:11:43:07 -0400] "GET /robots.txt HTTP/1.1" 404 299 "-" "Mozilla/5.0 (compatible; Googlebot/2.1; +http://www.google.com/bot.html)" 0 www.poach.org
66.249.66.240 - - [10/Jun/2007:11:43:07 -0400] "GET /logs/access.log HTTP/1.1" 200 156422 "-" "Mozilla/5.0 (compatible; Googlebot/2.1; +http://www.google.com/bot.html)" 0 www.poach.org
128.194.135.94 - - [10/Jun/2007:16:46:03 -0400] "GET /robots.txt HTTP/1.1" 404 299 "-" "IRLbot/3.0 (compatible; MSIE 6.0; http://irl.cs.tamu.edu/crawler)" 0 www.poach.org
217.212.224.145 - - [10/Jun/2007:17:01:54 -0400] "GET /robots.txt HTTP/1.0" 404 287 "-" "psbot/0.1 (+http://www.picsearch.com/bot.html)" 0 www.poach.org
217.212.224.170 - - [10/Jun/2007:17:01:55 -0400] "GET / HTTP/1.0" 200 305 "-" "psbot/0.1 (+http://www.picsearch.com/bot.html)" 0 www.poach.org
71.231.2.182 - - [10/Jun/2007:18:54:04 -0400] "GET / HTTP/1.0" 200 305 "-" "Mozilla/4.0 (compatible; MSIE 6.0; Windows NT 5.1; SV1; .NET CLR 1.1.4322; .NET CLR 2.0.50727)" 0 www.poach.org
74.6.87.40 - - [10/Jun/2007:19:44:10 -0400] "GET /robots.txt HTTP/1.0" 404 287 "-" "Mozilla/5.0 (compatible; Yahoo! Slurp; http://help.yahoo.com/help/us/ysearch/slurp)" 0 www.poach.org
74.6.86.112 - - [10/Jun/2007:19:45:44 -0400] "GET /logs HTTP/1.0" 301 313 "-" "Mozilla/5.0 (compatible; Yahoo! Slurp; http://help.yahoo.com/help/us/ysearch/slurp)" 0 www.poach.org
74.6.85.162 - - [10/Jun/2007:19:47:47 -0400] "GET /robots.txt HTTP/1.0" 404 287 "-" "Mozilla/5.0 (compatible; Yahoo! Slurp; http://help.yahoo.com/help/us/ysearch/slurp)" 0 www.poach.org
74.6.86.112 - - [10/Jun/2007:19:48:34 -0400] "GET /logs/ HTTP/1.0" 200 364 "-" "Mozilla/5.0 (compatible; Yahoo! Slurp; http://help.yahoo.com/help/us/ysearch/slurp)" 0 www.poach.org
128.194.135.94 - - [10/Jun/2007:20:23:45 -0400] "GET /allstate_nn4.html HTTP/1.1" 404 306 "-" "IRLbot/3.0 (compatible; MSIE 6.0; http://irl.cs.tamu.edu/crawler)" 0 www.poach.org
74.6.75.46 - - [10/Jun/2007:21:32:26 -0400] "GET /robots.txt HTTP/1.0" 404 287 "-" "Mozilla/5.0 (compatible; Yahoo! Slurp; http://help.yahoo.com/help/us/ysearch/slurp)" 0 www.poach.org
74.6.68.170 - - [10/Jun/2007:21:32:27 -0400] "GET / HTTP/1.0" 200 305 "-" "Mozilla/5.0 (compatible; Yahoo! Slurp; http://help.yahoo.com/help/us/ysearch/slurp)" 0 www.poach.org
74.6.75.46 - - [10/Jun/2007:22:39:37 -0400] "GET /robots.txt HTTP/1.0" 404 287 "-" "Mozilla/5.0 (compatible; Yahoo! Slurp; http://help.yahoo.com/help/us/ysearch/slurp)" 0 www.poach.org
74.6.71.99 - - [10/Jun/2007:22:39:37 -0400] "GET /index.htm HTTP/1.0" 404 286 "-" "Mozilla/5.0 (compatible; Yahoo! Slurp; http://help.yahoo.com/help/us/ysearch/slurp)" 0 www.poach.org
65.54.188.94 - - [11/Jun/2007:03:24:31 -0400] "GET /robots.txt HTTP/1.0" 404 287 "-" "msnbot/1.0 (+http://search.msn.com/msnbot.htm)" 0 www.poach.org
65.54.188.94 - - [11/Jun/2007:03:24:31 -0400] "GET / HTTP/1.0" 200 305 "-" "msnbot/1.0 (+http://search.msn.com/msnbot.htm)" 0 www.poach.org
65.54.188.94 - - [11/Jun/2007:03:58:46 -0400] "GET /resume/clresume.rtf HTTP/1.0" 404 296 "-" "msnbot/1.0 (+http://search.msn.com/msnbot.htm)" 0 www.poach.org
64.246.165.200 - - [11/Jun/2007:04:33:05 -0400] "GET /robots.txt HTTP/1.0" 404 287 "http://www.whois.sc/" "SurveyBot/2.3 (Whois Source)" 0 www.poach.org
64.246.165.200 - - [11/Jun/2007:04:33:05 -0400] "GET / HTTP/1.1" 200 317 "http://www.whois.sc/poach.org" "SurveyBot/2.3 (Whois Source)" 0 www.poach.org
68.142.212.221 - - [11/Jun/2007:04:45:56 -0400] "GET /robots.txt HTTP/1.0" 404 287 "-" "Yahoo-MMCrawler/3.x (mms dash mmcrawler dash support at yahoo dash inc dot com)" 0 www.poach.org
64.154.26.251 - - [11/Jun/2007:11:55:45 -0400] "GET / HTTP/1.1" 200 317 "http://www.google.com/search?hl=en&q=poach" "Mozilla/4.0 (compatible; MSIE 6.0; Windows NT 5.1; SV1; .NET CLR 1.1.4322; InfoPath.1; .NET CLR 2.0.50727)" 0 www.poach.org
64.154.26.251 - - [11/Jun/2007:11:55:48 -0400] "GET / HTTP/1.1" 200 317 "http://www.poach.org/" "Mozilla/4.0 (compatible; MSIE 6.0; Windows NT 5.1; SV1; .NET CLR 1.1.4322; InfoPath.1; .NET CLR 2.0.50727)" 0 www.poach.org
89.150.197.144 - - [11/Jun/2007:18:14:42 -0400] "GET /robots.txt HTTP/1.0" 404 287 "-" "Speedy Spider (http://www.entireweb.com/about/search_tech/speedyspider/)" 0 www.poach.org
89.150.197.144 - - [11/Jun/2007:18:14:43 -0400] "GET /allstate_nn4.html HTTP/1.0" 404 294 "-" "Speedy Spider (http://www.entireweb.com/about/search_tech/speedyspider/)" 0 www.poach.org
74.6.75.46 - - [11/Jun/2007:23:11:55 -0400] "GET /robots.txt HTTP/1.0" 404 287 "-" "Mozilla/5.0 (compatible; Yahoo! Slurp; http://help.yahoo.com/help/us/ysearch/slurp)" 0 www.poach.org
74.6.17.165 - - [11/Jun/2007:23:12:30 -0400] "GET /logs HTTP/1.0" 301 313 "-" "Mozilla/5.0 (compatible; Yahoo! Slurp; http://help.yahoo.com/help/us/ysearch/slurp)" 0 www.poach.org
74.6.17.165 - - [11/Jun/2007:23:13:28 -0400] "GET /logs/ HTTP/1.0" 200 364 "-" "Mozilla/5.0 (compatible; Yahoo! Slurp; http://help.yahoo.com/help/us/ysearch/slurp)" 0 www.poach.org
74.6.75.22 - - [11/Jun/2007:23:30:06 -0400] "GET /robots.txt HTTP/1.0" 404 283 "-" "Mozilla/5.0 (compatible; Yahoo! Slurp; http://help.yahoo.com/help/us/ysearch/slurp)" 0 www.poach.org
74.6.69.198 - - [11/Jun/2007:23:30:06 -0400] "GET / HTTP/1.0" 200 301 "-" "Mozilla/5.0 (compatible; Yahoo! Slurp; http://help.yahoo.com/help/us/ysearch/slurp)" 0 www.poach.org
74.6.19.124 - - [12/Jun/2007:01:13:52 -0400] "GET /robots.txt HTTP/1.0" 404 287 "-" "Mozilla/5.0 (compatible; Yahoo! Slurp; http://help.yahoo.com/help/us/ysearch/slurp)" 0 www.poach.org
74.6.23.36 - - [12/Jun/2007:01:14:17 -0400] "GET /page06.htm HTTP/1.0" 404 287 "-" "Mozilla/5.0 (compatible; Yahoo! Slurp; http://help.yahoo.com/help/us/ysearch/slurp)" 0 www.poach.org
74.6.19.124 - - [12/Jun/2007:02:02:15 -0400] "GET /robots.txt HTTP/1.0" 404 287 "-" "Mozilla/5.0 (compatible; Yahoo! Slurp; http://help.yahoo.com/help/us/ysearch/slurp)" 0 www.poach.org
74.6.28.44 - - [12/Jun/2007:02:02:16 -0400] "GET /allstate_nn4.html HTTP/1.0" 404 294 "-" "Mozilla/5.0 (compatible; Yahoo! Slurp; http://help.yahoo.com/help/us/ysearch/slurp)" 0 www.poach.org
74.6.75.46 - - [12/Jun/2007:02:46:47 -0400] "GET /robots.txt HTTP/1.0" 404 287 "-" "Mozilla/5.0 (compatible; Yahoo! Slurp; http://help.yahoo.com/help/us/ysearch/slurp)" 0 www.poach.org
72.30.177.169 - - [12/Jun/2007:02:46:47 -0400] "GET /page06.htm HTTP/1.0" 404 287 "-" "Mozilla/5.0 (compatible; Yahoo! Slurp; http://help.yahoo.com/help/us/ysearch/slurp)" 0 www.poach.org
74.6.86.207 - - [12/Jun/2007:04:13:06 -0400] "GET /robots.txt HTTP/1.0" 404 287 "-" "Mozilla/5.0 (compatible; Yahoo! Slurp; http://help.yahoo.com/help/us/ysearch/slurp)" 0 www.poach.org
74.6.87.46 - - [12/Jun/2007:04:13:06 -0400] "GET /logs/error.log HTTP/1.0" 200 78189 "-" "Mozilla/5.0 (compatible; Yahoo! Slurp; http://help.yahoo.com/help/us/ysearch/slurp)" 0 www.poach.org
217.174.203.41 - - [12/Jun/2007:09:19:06 -0400] "HEAD / HTTP/1.0" 200 0 "-" "PHP version tracker (http://www.nexen.net/phpversion/bot.php)" 0 www.poach.org
217.174.203.41 - - [12/Jun/2007:09:25:45 -0400] "HEAD / HTTP/1.0" 200 0 "-" "PHP version tracker (http://www.nexen.net/phpversion/bot.php)" 0 www.poach.org
65.214.45.100 - - [12/Jun/2007:12:34:17 -0400] "GET /robots.txt HTTP/1.0" 404 287 "-" "Mozilla/5.0 (compatible; Ask Jeeves/Teoma; +http://about.ask.com/en/docs/about/webmasters.shtml)" 0 www.poach.org
65.214.45.100 - - [12/Jun/2007:12:34:17 -0400] "GET /page10.htm HTTP/1.0" 404 287 "-" "Mozilla/5.0 (compatible; Ask Jeeves/Teoma; +http://about.ask.com/en/docs/about/webmasters.shtml)" 0 www.poach.org
74.6.75.46 - - [12/Jun/2007:16:56:27 -0400] "GET /robots.txt HTTP/1.0" 404 287 "-" "Mozilla/5.0 (compatible; Yahoo! Slurp; http://help.yahoo.com/help/us/ysearch/slurp)" 0 www.poach.org
74.6.18.78 - - [12/Jun/2007:16:57:21 -0400] "GET /allstate_nn4.html HTTP/1.0" 404 294 "-" "Mozilla/5.0 (compatible; Yahoo! Slurp; http://help.yahoo.com/help/us/ysearch/slurp)" 0 www.poach.org
65.54.155.54 - - [12/Jun/2007:23:59:05 -0400] "GET /favicon.ico HTTP/1.0" 404 288 "-" "Mozilla/4.0 (compatible; MSIE 7.0; Windows NT 5.1; .NET CLR 1.1.4322; MSN 9.0;MSN 9.1; MSNbMSNI; MSNmen-us; MSNcIA)" 0 www.poach.org
74.6.19.124 - - [13/Jun/2007:05:44:43 -0400] "GET /robots.txt HTTP/1.0" 404 287 "-" "Mozilla/5.0 (compatible; Yahoo! Slurp; http://help.yahoo.com/help/us/ysearch/slurp)" 0 www.poach.org
74.6.24.164 - - [13/Jun/2007:05:52:04 -0400] "GET /page10.htm HTTP/1.0" 404 287 "-" "Mozilla/5.0 (compatible; Yahoo! Slurp; http://help.yahoo.com/help/us/ysearch/slurp)" 0 www.poach.org
68.142.212.221 - - [13/Jun/2007:07:04:33 -0400] "GET /robots.txt HTTP/1.0" 404 287 "-" "Yahoo-MMCrawler/3.x (mms dash mmcrawler dash support at yahoo dash inc dot com)" 0 www.poach.org
63.123.238.8 - - [13/Jun/2007:13:06:25 -0400] "GET /robots.txt HTTP/1.1" 404 299 "-" "Mozilla/2.0 (compatible; Ask Jeeves/Teoma)" 0 www.poach.org
63.123.238.8 - - [13/Jun/2007:13:06:25 -0400] "GET / HTTP/1.1" 200 317 "-" "Mozilla/2.0 (compatible; Ask Jeeves/Teoma)" 0 www.poach.org
60.28.164.121 - - [13/Jun/2007:14:39:09 -0400] "GET /robots.txt HTTP/1.0" 404 287 "-" "-" 0 www.poach.org
74.6.19.124 - - [13/Jun/2007:14:46:10 -0400] "GET /robots.txt HTTP/1.0" 404 287 "-" "Mozilla/5.0 (compatible; Yahoo! Slurp; http://help.yahoo.com/help/us/ysearch/slurp)" 0 www.poach.org
74.6.23.153 - - [13/Jun/2007:14:47:30 -0400] "GET /page01.htm HTTP/1.0" 404 287 "-" "Mozilla/5.0 (compatible; Yahoo! Slurp; http://help.yahoo.com/help/us/ysearch/slurp)" 0 www.poach.org
74.6.19.124 - - [13/Jun/2007:18:31:53 -0400] "GET /robots.txt HTTP/1.0" 404 287 "-" "Mozilla/5.0 (compatible; Yahoo! Slurp; http://help.yahoo.com/help/us/ysearch/slurp)" 0 www.poach.org
66.249.66.240 - - [13/Jun/2007:22:02:34 -0400] "GET /robots.txt HTTP/1.1" 404 299 "-" "Mozilla/5.0 (compatible; Googlebot/2.1; +http://www.google.com/bot.html)" 0 www.poach.org
66.249.66.240 - - [13/Jun/2007:22:02:34 -0400] "GET /logs/error.log HTTP/1.1" 200 79930 "-" "Mozilla/5.0 (compatible; Googlebot/2.1; +http://www.google.com/bot.html)" 0 www.poach.org
66.249.66.240 - - [13/Jun/2007:22:07:43 -0400] "GET /logs/ HTTP/1.1" 200 376 "-" "Mozilla/5.0 (compatible; Googlebot/2.1; +http://www.google.com/bot.html)" 0 www.poach.org
75.138.116.64 - - [13/Jun/2007:22:35:34 -0400] "GET /page08.htm HTTP/1.1" 404 299 "http://www.ask.com/web?q=durable+clause&qsrc=0&o=0&l=dir" "Mozilla/4.0 (compatible; MSIE 7.0; Windows NT 5.1; MRA 4.8 (build 01709); .NET CLR 2.0.50727)" 0 www.poach.org
66.249.66.240 - - [13/Jun/2007:23:30:11 -0400] "GET /logs HTTP/1.1" 301 325 "-" "Mozilla/5.0 (compatible; Googlebot/2.1; +http://www.google.com/bot.html)" 0 www.poach.org
74.6.19.124 - - [14/Jun/2007:01:19:15 -0400] "GET /robots.txt HTTP/1.0" 404 287 "-" "Mozilla/5.0 (compatible; Yahoo! Slurp; http://help.yahoo.com/help/us/ysearch/slurp)" 0 www.poach.org
74.6.28.44 - - [14/Jun/2007:01:31:43 -0400] "GET /allstate_nn4.html HTTP/1.0" 404 294 "-" "Mozilla/5.0 (compatible; Yahoo! Slurp; http://help.yahoo.com/help/us/ysearch/slurp)" 0 www.poach.org
74.6.25.203 - - [14/Jun/2007:01:49:28 -0400] "GET /allstate.html HTTP/1.0" 404 290 "-" "Mozilla/5.0 (compatible; Yahoo! Slurp; http://help.yahoo.com/help/us/ysearch/slurp)" 0 www.poach.org
65.214.45.35 - - [14/Jun/2007:03:32:37 -0400] "GET /robots.txt HTTP/1.0" 404 287 "-" "Mozilla/2.0 (compatible; Ask Jeeves/Teoma; +http://about.ask.com/en/docs/about/webmasters.shtml)" 0 www.poach.org
65.214.45.35 - - [14/Jun/2007:03:32:53 -0400] "GET / HTTP/1.0" 200 305 "-" "Mozilla/2.0 (compatible; Ask Jeeves/Teoma; +http://about.ask.com/en/docs/about/webmasters.shtml)" 0 www.poach.org
74.6.19.124 - - [14/Jun/2007:07:56:05 -0400] "GET /robots.txt HTTP/1.0" 404 287 "-" "Mozilla/5.0 (compatible; Yahoo! Slurp; http://help.yahoo.com/help/us/ysearch/slurp)" 0 www.poach.org
74.6.20.14 - - [14/Jun/2007:08:00:57 -0400] "GET /page09.htm HTTP/1.0" 404 287 "-" "Mozilla/5.0 (compatible; Yahoo! Slurp; http://help.yahoo.com/help/us/ysearch/slurp)" 0 www.poach.org
74.6.20.155 - - [14/Jun/2007:08:31:07 -0400] "GET / HTTP/1.0" 200 305 "-" "Mozilla/5.0 (compatible; Yahoo! Slurp; http://help.yahoo.com/help/us/ysearch/slurp)" 0 www.poach.org
74.6.75.46 - - [14/Jun/2007:12:38:01 -0400] "GET /robots.txt HTTP/1.0" 404 287 "-" "Mozilla/5.0 (compatible; Yahoo! Slurp; http://help.yahoo.com/help/us/ysearch/slurp)" 0 www.poach.org
74.6.68.170 - - [14/Jun/2007:12:38:02 -0400] "GET / HTTP/1.0" 200 305 "-" "Mozilla/5.0 (compatible; Yahoo! Slurp; http://help.yahoo.com/help/us/ysearch/slurp)" 0 www.poach.org
74.6.19.124 - - [14/Jun/2007:13:27:48 -0400] "GET /robots.txt HTTP/1.0" 404 287 "-" "Mozilla/5.0 (compatible; Yahoo! Slurp; http://help.yahoo.com/help/us/ysearch/slurp)" 0 www.poach.org
74.6.25.107 - - [14/Jun/2007:13:28:54 -0400] "GET /folder.htm HTTP/1.0" 404 287 "-" "Mozilla/5.0 (compatible; Yahoo! Slurp; http://help.yahoo.com/help/us/ysearch/slurp)" 0 www.poach.org
64.1.215.163 - - [14/Jun/2007:16:59:01 -0400] "GET /robots.txt HTTP/1.0" 404 287 "-" "Mozilla/5.0 (Twiceler-0.9 http://www.cuill.com/twiceler/robot.html)" 0 www.poach.org
68.142.212.221 - - [14/Jun/2007:17:49:16 -0400] "GET /Foldin.jpg HTTP/1.0" 404 287 "-" "Yahoo-MMCrawler/3.x (mms dash mmcrawler dash support at yahoo dash inc dot com)" 0 www.poach.org
68.142.212.221 - - [14/Jun/2007:17:49:35 -0400] "GET /Foldout.jpg HTTP/1.0" 404 288 "-" "Yahoo-MMCrawler/3.x (mms dash mmcrawler dash support at yahoo dash inc dot com)" 0 www.poach.org
66.249.66.240 - - [15/Jun/2007:02:41:07 -0400] "GET /robots.txt HTTP/1.1" 404 299 "-" "Mozilla/5.0 (compatible; Googlebot/2.1; +http://www.google.com/bot.html)" 0 www.poach.org
66.249.66.240 - - [15/Jun/2007:02:41:07 -0400] "GET /logs/access.log HTTP/1.1" 200 169800 "-" "Mozilla/5.0 (compatible; Googlebot/2.1; +http://www.google.com/bot.html)" 0 www.poach.org
64.1.215.163 - - [15/Jun/2007:04:09:51 -0400] "GET /robots.txt HTTP/1.0" 404 287 "-" "Mozilla/5.0 (Twiceler-0.9 http://www.cuill.com/twiceler/robot.html)" 0 www.poach.org
74.6.75.46 - - [15/Jun/2007:07:31:09 -0400] "GET /robots.txt HTTP/1.0" 404 287 "-" "Mozilla/5.0 (compatible; Yahoo! Slurp; http://help.yahoo.com/help/us/ysearch/slurp)" 0 www.poach.org
74.6.17.75 - - [15/Jun/2007:07:32:41 -0400] "GET / HTTP/1.0" 200 305 "-" "Mozilla/5.0 (compatible; Yahoo! Slurp; http://help.yahoo.com/help/us/ysearch/slurp)" 0 www.poach.org
65.54.188.94 - - [15/Jun/2007:08:11:30 -0400] "GET /robots.txt HTTP/1.0" 404 287 "-" "msnbot/1.0 (+http://search.msn.com/msnbot.htm)" 0 www.poach.org
65.54.188.94 - - [15/Jun/2007:08:11:31 -0400] "GET / HTTP/1.0" 200 305 "-" "msnbot/1.0 (+http://search.msn.com/msnbot.htm)" 0 www.poach.org
65.54.188.94 - - [15/Jun/2007:08:42:59 -0400] "GET /resume/clresume.rtf HTTP/1.0" 404 296 "-" "msnbot/1.0 (+http://search.msn.com/msnbot.htm)" 0 www.poach.org
74.6.19.124 - - [15/Jun/2007:14:47:49 -0400] "GET /robots.txt HTTP/1.0" 404 287 "-" "Mozilla/5.0 (compatible; Yahoo! Slurp; http://help.yahoo.com/help/us/ysearch/slurp)" 0 www.poach.org
74.6.19.124 - - [15/Jun/2007:16:27:54 -0400] "GET /robots.txt HTTP/1.0" 404 287 "-" "Mozilla/5.0 (compatible; Yahoo! Slurp; http://help.yahoo.com/help/us/ysearch/slurp)" 0 www.poach.org
74.6.23.119 - - [15/Jun/2007:16:30:50 -0400] "GET /index.htm HTTP/1.0" 404 286 "-" "Mozilla/5.0 (compatible; Yahoo! Slurp; http://help.yahoo.com/help/us/ysearch/slurp)" 0 www.poach.org
74.6.75.46 - - [15/Jun/2007:17:02:22 -0400] "GET /robots.txt HTTP/1.0" 404 287 "-" "Mozilla/5.0 (compatible; Yahoo! Slurp; http://help.yahoo.com/help/us/ysearch/slurp)" 0 www.poach.org
74.6.18.78 - - [15/Jun/2007:17:03:50 -0400] "GET /allstate_nn4.html HTTP/1.0" 404 294 "-" "Mozilla/5.0 (compatible; Yahoo! Slurp; http://help.yahoo.com/help/us/ysearch/slurp)" 0 www.poach.org
74.6.75.22 - - [15/Jun/2007:19:10:26 -0400] "GET /robots.txt HTTP/1.0" 404 283 "-" "Mozilla/5.0 (compatible; Yahoo! Slurp; http://help.yahoo.com/help/us/ysearch/slurp)" 0 www.poach.org
74.6.69.198 - - [15/Jun/2007:19:10:26 -0400] "GET / HTTP/1.0" 200 301 "-" "Mozilla/5.0 (compatible; Yahoo! Slurp; http://help.yahoo.com/help/us/ysearch/slurp)" 0 www.poach.org
64.1.215.163 - - [15/Jun/2007:22:45:52 -0400] "GET /allstate_nn4.html HTTP/1.0" 404 294 "-" "Mozilla/5.0 (Twiceler-0.9 http://www.cuill.com/twiceler/robot.html)" 0 www.poach.org
74.6.75.46 - - [16/Jun/2007:15:45:04 -0400] "GET /robots.txt HTTP/1.0" 404 287 "-" "Mozilla/5.0 (compatible; Yahoo! Slurp; http://help.yahoo.com/help/us/ysearch/slurp)" 0 www.poach.org
74.6.68.170 - - [16/Jun/2007:15:45:05 -0400] "GET / HTTP/1.0" 200 305 "-" "Mozilla/5.0 (compatible; Yahoo! Slurp; http://help.yahoo.com/help/us/ysearch/slurp)" 0 www.poach.org
66.249.66.240 - - [16/Jun/2007:18:53:49 -0400] "GET /robots.txt HTTP/1.1" 404 299 "-" "Mozilla/5.0 (compatible; Googlebot/2.1; +http://www.google.com/bot.html)" 0 www.poach.org
66.249.66.240 - - [16/Jun/2007:18:53:49 -0400] "GET /page03.htm HTTP/1.1" 404 299 "-" "Mozilla/5.0 (compatible; Googlebot/2.1; +http://www.google.com/bot.html)" 0 www.poach.org
64.142.68.40 - - [16/Jun/2007:23:06:56 -0400] "GET /logs/ HTTP/1.1" 200 376 "http://www.google.com/search?q=%22Index+of+/logs%22&hl=en&start=270&sa=N" "Mozilla/5.0 (X11; U; Linux i686; en-US; rv:1.8.1.2) Gecko/20070220 Firefox/2.0.0.2" 0 www.poach.org
64.142.68.40 - - [16/Jun/2007:23:06:57 -0400] "GET /favicon.ico HTTP/1.1" 404 300 "-" "Mozilla/5.0 (X11; U; Linux i686; en-US; rv:1.8.1.2) Gecko/20070220 Firefox/2.0.0.2" 0 www.poach.org
64.142.68.40 - - [16/Jun/2007:23:07:01 -0400] "GET /logs/access.log HTTP/1.1" 200 173592 "http://www.poach.org/logs/" "Mozilla/5.0 (X11; U; Linux i686; en-US; rv:1.8.1.2) Gecko/20070220 Firefox/2.0.0.2" 1 www.poach.org
64.142.68.40 - - [16/Jun/2007:23:07:17 -0400] "GET /logs/error.log HTTP/1.1" 200 83544 "http://www.poach.org/logs/" "Mozilla/5.0 (X11; U; Linux i686; en-US; rv:1.8.1.2) Gecko/20070220 Firefox/2.0.0.2" 1 www.poach.org
64.142.68.40 - - [16/Jun/2007:23:07:26 -0400] "GET / HTTP/1.1" 200 317 "http://www.poach.org/logs/" "Mozilla/5.0 (X11; U; Linux i686; en-US; rv:1.8.1.2) Gecko/20070220 Firefox/2.0.0.2" 0 www.poach.org
64.142.68.40 - - [16/Jun/2007:23:07:28 -0400] "GET /logs HTTP/1.1" 301 325 "http://www.poach.org/" "Mozilla/5.0 (X11; U; Linux i686; en-US; rv:1.8.1.2) Gecko/20070220 Firefox/2.0.0.2" 0 www.poach.org
64.142.68.40 - - [16/Jun/2007:23:07:28 -0400] "GET /logs/ HTTP/1.1" 200 376 "http://www.poach.org/" "Mozilla/5.0 (X11; U; Linux i686; en-US; rv:1.8.1.2) Gecko/20070220 Firefox/2.0.0.2" 0 www.poach.org
74.6.19.120 - - [17/Jun/2007:02:07:44 -0400] "GET /robots.txt HTTP/1.0" 404 287 "-" "Mozilla/5.0 (compatible; Yahoo! Slurp; http://help.yahoo.com/help/us/ysearch/slurp)" 0 www.poach.org
74.6.28.44 - - [17/Jun/2007:02:07:45 -0400] "GET /allstate_nn4.html HTTP/1.0" 404 294 "-" "Mozilla/5.0 (compatible; Yahoo! Slurp; http://help.yahoo.com/help/us/ysearch/slurp)" 0 www.poach.org
64.1.215.163 - - [17/Jun/2007:02:09:06 -0400] "GET /robots.txt HTTP/1.0" 404 287 "-" "Mozilla/5.0 (Twiceler-0.9 http://www.cuill.com/twiceler/robot.html)" 0 www.poach.org
65.214.45.100 - - [17/Jun/2007:03:40:39 -0400] "GET /robots.txt HTTP/1.0" 404 287 "-" "Mozilla/5.0 (compatible; Ask Jeeves/Teoma; +http://about.ask.com/en/docs/about/webmasters.shtml)" 0 www.poach.org
65.214.45.100 - - [17/Jun/2007:03:40:39 -0400] "GET /page12.htm HTTP/1.0" 404 287 "-" "Mozilla/5.0 (compatible; Ask Jeeves/Teoma; +http://about.ask.com/en/docs/about/webmasters.shtml)" 0 www.poach.org
74.6.86.207 - - [17/Jun/2007:04:39:53 -0400] "GET /robots.txt HTTP/1.0" 404 287 "-" "Mozilla/5.0 (compatible; Yahoo! Slurp; http://help.yahoo.com/help/us/ysearch/slurp)" 0 www.poach.org
74.6.86.162 - - [17/Jun/2007:04:39:54 -0400] "GET /logs/access.log HTTP/1.0" 200 175767 "-" "Mozilla/5.0 (compatible; Yahoo! Slurp; http://help.yahoo.com/help/us/ysearch/slurp)" 1 www.poach.org
212.95.252.16 - - [17/Jun/2007:06:22:51 -0400] "GET / HTTP/1.0" 200 305 "-" "Mozilla/4.0 (compatible; MSIE 6.0; Windows NT 5.1)" 0 www.poach.org
65.214.45.100 - - [17/Jun/2007:07:53:40 -0400] "GET /page06.htm HTTP/1.0" 404 287 "-" "Mozilla/5.0 (compatible; Ask Jeeves/Teoma; +http://about.ask.com/en/docs/about/webmasters.shtml)" 0 www.poach.org
65.214.45.100 - - [17/Jun/2007:09:49:39 -0400] "GET /page08.htm HTTP/1.0" 404 287 "-" "Mozilla/5.0 (compatible; Ask Jeeves/Teoma; +http://about.ask.com/en/docs/about/webmasters.shtml)" 0 www.poach.org
66.249.66.240 - - [17/Jun/2007:17:53:55 -0400] "GET /robots.txt HTTP/1.1" 404 299 "-" "Mozilla/5.0 (compatible; Googlebot/2.1; +http://www.google.com/bot.html)" 0 www.poach.org
66.249.66.240 - - [17/Jun/2007:17:53:56 -0400] "GET /logs/error.log HTTP/1.1" 200 84668 "-" "Mozilla/5.0 (compatible; Googlebot/2.1; +http://www.google.com/bot.html)" 1 www.poach.org
74.6.75.13 - - [17/Jun/2007:18:14:52 -0400] "GET /robots.txt HTTP/1.0" 404 287 "-" "Mozilla/5.0 (compatible; Yahoo! Slurp; http://help.yahoo.com/help/us/ysearch/slurp)" 0 www.poach.org
74.6.17.165 - - [17/Jun/2007:18:14:53 -0400] "GET /logs HTTP/1.0" 301 313 "-" "Mozilla/5.0 (compatible; Yahoo! Slurp; http://help.yahoo.com/help/us/ysearch/slurp)" 0 www.poach.org
74.6.17.165 - - [17/Jun/2007:18:17:21 -0400] "GET /logs/ HTTP/1.0" 200 364 "-" "Mozilla/5.0 (compatible; Yahoo! Slurp; http://help.yahoo.com/help/us/ysearch/slurp)" 0 www.poach.org
74.6.86.207 - - [17/Jun/2007:18:50:53 -0400] "GET /robots.txt HTTP/1.0" 404 287 "-" "Mozilla/5.0 (compatible; Yahoo! Slurp; http://help.yahoo.com/help/us/ysearch/slurp)" 0 www.poach.org
74.6.85.225 - - [17/Jun/2007:18:50:53 -0400] "GET /logs/ HTTP/1.0" 200 364 "-" "Mozilla/5.0 (compatible; Yahoo! Slurp; http://help.yahoo.com/help/us/ysearch/slurp)" 0 www.poach.org
74.208.71.159 - - [17/Jun/2007:22:09:29 -0400] "GET / HTTP/1.0" 200 305 "-" "Mozilla/4.0 (compatible; MSIE 6.0; Windows NT 5.1; SV1; .NET CLR 1.1.4322; .NET CLR 2.0.50727)" 0 www.poach.org
74.6.75.13 - - [18/Jun/2007:03:07:45 -0400] "GET /robots.txt HTTP/1.0" 404 287 "-" "Mozilla/5.0 (compatible; Yahoo! Slurp; http://help.yahoo.com/help/us/ysearch/slurp)" 0 www.poach.org
74.6.71.99 - - [18/Jun/2007:03:07:50 -0400] "GET /index.htm HTTP/1.0" 404 286 "-" "Mozilla/5.0 (compatible; Yahoo! Slurp; http://help.yahoo.com/help/us/ysearch/slurp)" 0 www.poach.org
74.6.75.13 - - [18/Jun/2007:03:58:07 -0400] "GET /robots.txt HTTP/1.0" 404 287 "-" "Mozilla/5.0 (compatible; Yahoo! Slurp; http://help.yahoo.com/help/us/ysearch/slurp)" 0 www.poach.org
74.6.73.215 - - [18/Jun/2007:03:58:08 -0400] "GET /allstate_nn4.html HTTP/1.0" 404 294 "-" "Mozilla/5.0 (compatible; Yahoo! Slurp; http://help.yahoo.com/help/us/ysearch/slurp)" 0 www.poach.org
64.246.161.190 - - [18/Jun/2007:05:24:50 -0400] "GET /robots.txt HTTP/1.0" 404 287 "http://www.whois.sc/" "SurveyBot/2.3 (Whois Source)" 0 www.poach.org
64.246.161.190 - - [18/Jun/2007:05:24:50 -0400] "GET / HTTP/1.1" 200 317 "http://www.whois.sc/poach.org" "SurveyBot/2.3 (Whois Source)" 0 www.poach.org
66.249.66.240 - - [18/Jun/2007:20:30:42 -0400] "GET /robots.txt HTTP/1.1" 404 299 "-" "Mozilla/5.0 (compatible; Googlebot/2.1; +http://www.google.com/bot.html)" 0 www.poach.org
66.249.66.240 - - [18/Jun/2007:20:30:43 -0400] "GET /logs/access.log HTTP/1.1" 200 179199 "-" "Mozilla/5.0 (compatible; Googlebot/2.1; +http://www.google.com/bot.html)" 1 www.poach.org
66.249.66.240 - - [18/Jun/2007:20:34:35 -0400] "GET /allstate_nn4.html HTTP/1.1" 404 306 "-" "Mozilla/5.0 (compatible; Googlebot/2.1; +http://www.google.com/bot.html)" 0 www.poach.org
74.6.86.207 - - [19/Jun/2007:04:34:09 -0400] "GET /robots.txt HTTP/1.0" 404 287 "-" "Mozilla/5.0 (compatible; Yahoo! Slurp; http://help.yahoo.com/help/us/ysearch/slurp)" 0 www.poach.org
74.6.87.46 - - [19/Jun/2007:04:34:10 -0400] "GET /logs/error.log HTTP/1.0" 200 85914 "-" "Mozilla/5.0 (compatible; Yahoo! Slurp; http://help.yahoo.com/help/us/ysearch/slurp)" 0 www.poach.org
66.249.66.240 - - [19/Jun/2007:07:30:24 -0400] "GET /robots.txt HTTP/1.1" 404 299 "-" "Mozilla/5.0 (compatible; Googlebot/2.1; +http://www.google.com/bot.html)" 0 www.poach.org
66.249.66.240 - - [19/Jun/2007:07:30:24 -0400] "GET / HTTP/1.1" 200 317 "-" "Mozilla/5.0 (compatible; Googlebot/2.1; +http://www.google.com/bot.html)" 0 www.poach.org
65.103.5.86 - - [19/Jun/2007:08:21:47 -0400] "GET /logs/access.log HTTP/1.1" 200 180289 "http://www.google.com/search?q=64.208.172.174&rls=com.microsoft:en-us:IE-SearchBox&ie=UTF-8&oe=UTF-8&sourceid=ie7&rlz=1I7GGLD" "Mozilla/4.0 (compatible; MSIE 7.0; Windows NT 5.1; YComp 5.0.0.0; .NET CLR 1.0.3705; .NET CLR 2.0.50727)" 4 www.poach.org
65.103.5.86 - - [19/Jun/2007:08:24:10 -0400] "GET /logs/error.log HTTP/1.1" 200 86039 "http://www.google.com/search?q=64.208.172.174&rls=com.microsoft:en-us:IE-SearchBox&ie=UTF-8&oe=UTF-8&sourceid=ie7&rlz=1I7GGLD" "Mozilla/4.0 (compatible; MSIE 7.0; Windows NT 5.1; YComp 5.0.0.0; .NET CLR 1.0.3705; .NET CLR 2.0.50727)" 2 www.poach.org
74.6.19.124 - - [19/Jun/2007:11:21:12 -0400] "GET /robots.txt HTTP/1.0" 404 287 "-" "Mozilla/5.0 (compatible; Yahoo! Slurp; http://help.yahoo.com/help/us/ysearch/slurp)" 0 www.poach.org
74.6.20.141 - - [19/Jun/2007:11:21:13 -0400] "GET /page02.htm HTTP/1.0" 404 287 "-" "Mozilla/5.0 (compatible; Yahoo! Slurp; http://help.yahoo.com/help/us/ysearch/slurp)" 0 www.poach.org
74.6.75.46 - - [19/Jun/2007:13:57:45 -0400] "GET /robots.txt HTTP/1.0" 404 287 "-" "Mozilla/5.0 (compatible; Yahoo! Slurp; http://help.yahoo.com/help/us/ysearch/slurp)" 0 www.poach.org
74.6.68.170 - - [19/Jun/2007:13:57:46 -0400] "GET / HTTP/1.0" 200 305 "-" "Mozilla/5.0 (compatible; Yahoo! Slurp; http://help.yahoo.com/help/us/ysearch/slurp)" 0 www.poach.org
70.85.114.58 - - [19/Jun/2007:14:23:52 -0400] "GET /robots.txt HTTP/1.1" 404 299 "www.poach.org" "Pingdom GIGRIB (http://www.pingdom.com)" 0 www.poach.org
70.85.114.58 - - [19/Jun/2007:14:26:59 -0400] "GET // HTTP/1.1" 200 317 "http://www.pingdom.com/tools/fpt/?url=www.poach.org" "Pingdom GIGRIB (http://www.pingdom.com)" 0 www.poach.org
128.194.135.94 - - [19/Jun/2007:20:01:33 -0400] "GET / HTTP/1.1" 200 317 "-" "IRLbot/3.0 (compatible; MSIE 6.0; http://irl.cs.tamu.edu/crawler)" 0 www.poach.org
74.6.75.46 - - [20/Jun/2007:04:47:20 -0400] "GET /robots.txt HTTP/1.0" 404 287 "-" "Mozilla/5.0 (compatible; Yahoo! Slurp; http://help.yahoo.com/help/us/ysearch/slurp)" 0 www.poach.org
74.6.71.187 - - [20/Jun/2007:04:47:33 -0400] "GET /page11.htm HTTP/1.0" 404 287 "-" "Mozilla/5.0 (compatible; Yahoo! Slurp; http://help.yahoo.com/help/us/ysearch/slurp)" 0 www.poach.org
74.6.19.124 - - [20/Jun/2007:10:26:40 -0400] "GET /robots.txt HTTP/1.0" 404 287 "-" "Mozilla/5.0 (compatible; Yahoo! Slurp; http://help.yahoo.com/help/us/ysearch/slurp)" 0 www.poach.org
74.6.20.204 - - [20/Jun/2007:10:26:55 -0400] "GET /page04.htm HTTP/1.0" 404 287 "-" "Mozilla/5.0 (compatible; Yahoo! Slurp; http://help.yahoo.com/help/us/ysearch/slurp)" 0 www.poach.org
65.54.154.25 - - [20/Jun/2007:11:03:23 -0400] "GET /favicon.ico HTTP/1.0" 404 288 "-" "Mozilla/4.0 (compatible; MSIE 7.0; Windows NT 5.1; .NET CLR 1.1.4322; MSN 9.0;MSN 9.1; MSNbMSNI; MSNmen-us; MSNcIA)" 0 www.poach.org
64.1.215.163 - - [20/Jun/2007:11:06:23 -0400] "GET /allstate.html HTTP/1.0" 404 290 "-" "Mozilla/5.0 (Twiceler-0.9 http://www.cuill.com/twiceler/robot.html)" 0 www.poach.org
74.6.19.124 - - [20/Jun/2007:12:28:17 -0400] "GET /robots.txt HTTP/1.0" 404 287 "-" "Mozilla/5.0 (compatible; Yahoo! Slurp; http://help.yahoo.com/help/us/ysearch/slurp)" 0 www.poach.org
74.6.20.10 - - [20/Jun/2007:12:28:27 -0400] "GET /page12.htm HTTP/1.0" 404 287 "-" "Mozilla/5.0 (compatible; Yahoo! Slurp; http://help.yahoo.com/help/us/ysearch/slurp)" 0 www.poach.org
64.1.215.163 - - [20/Jun/2007:14:16:36 -0400] "GET /robots.txt HTTP/1.0" 404 287 "-" "Mozilla/5.0 (Twiceler-0.9 http://www.cuill.com/twiceler/robot.html)" 0 www.poach.org
63.123.238.8 - - [20/Jun/2007:14:21:34 -0400] "GET /robots.txt HTTP/1.1" 404 299 "-" "Mozilla/2.0 (compatible; Ask Jeeves/Teoma)" 0 www.poach.org
63.123.238.8 - - [20/Jun/2007:14:21:34 -0400] "GET / HTTP/1.1" 200 317 "-" "Mozilla/2.0 (compatible; Ask Jeeves/Teoma)" 0 www.poach.org
74.6.19.124 - - [21/Jun/2007:02:33:06 -0400] "GET /robots.txt HTTP/1.0" 404 287 "-" "Mozilla/5.0 (compatible; Yahoo! Slurp; http://help.yahoo.com/help/us/ysearch/slurp)" 0 www.poach.org
74.6.28.44 - - [21/Jun/2007:02:33:07 -0400] "GET /allstate_nn4.html HTTP/1.0" 404 294 "-" "Mozilla/5.0 (compatible; Yahoo! Slurp; http://help.yahoo.com/help/us/ysearch/slurp)" 0 www.poach.org
74.6.75.21 - - [21/Jun/2007:11:35:47 -0400] "GET /robots.txt HTTP/1.0" 404 287 "-" "Mozilla/5.0 (compatible; Yahoo! Slurp; http://help.yahoo.com/help/us/ysearch/slurp)" 0 www.poach.org
74.6.18.230 - - [21/Jun/2007:11:35:47 -0400] "GET / HTTP/1.0" 200 305 "-" "Mozilla/5.0 (compatible; Yahoo! Slurp; http://help.yahoo.com/help/us/ysearch/slurp)" 0 www.poach.org
69.87.157.4 - - [21/Jun/2007:14:38:17 -0400] "GET /logs/access.log HTTP/1.1" 200 184899 "http://www.google.com/search?num=50&hl=en&safe=off&client=firefox-a&rls=org.mozilla%3Aen-US%3Aofficial&hs=zLR&q=64.208.172.174&btnG=Search" "Mozilla/5.0 (Macintosh; U; Intel Mac OS X; en-US; rv:1.8.1.4) Gecko/20070515 Firefox/2.0.0.4" 3 www.poach.org
69.87.157.4 - - [21/Jun/2007:14:38:18 -0400] "GET /favicon.ico HTTP/1.1" 404 300 "-" "Mozilla/5.0 (Macintosh; U; Intel Mac OS X; en-US; rv:1.8.1.4) Gecko/20070515 Firefox/2.0.0.4" 0 www.poach.org
64.140.49.69 - - [21/Jun/2007:17:45:36 -0400] "GET /robots.txt HTTP/1.0" 404 287 "-" "TurnitinBot/2.1 (http://www.turnitin.com/robot/crawlerinfo.html)" 0 www.poach.org
64.140.49.69 - - [21/Jun/2007:17:46:21 -0400] "GET /allstate.html HTTP/1.0" 404 290 "-" "TurnitinBot/2.1 (http://www.turnitin.com/robot/crawlerinfo.html)" 0 www.poach.org
64.140.49.69 - - [21/Jun/2007:17:46:55 -0400] "GET /page12.htm HTTP/1.0" 404 287 "-" "TurnitinBot/2.1 (http://www.turnitin.com/robot/crawlerinfo.html)" 0 www.poach.org
64.140.49.69 - - [21/Jun/2007:17:47:25 -0400] "GET /page11.htm HTTP/1.0" 404 287 "-" "TurnitinBot/2.1 (http://www.turnitin.com/robot/crawlerinfo.html)" 0 www.poach.org
64.140.49.69 - - [21/Jun/2007:17:47:55 -0400] "GET /page10.htm HTTP/1.0" 404 287 "-" "TurnitinBot/2.1 (http://www.turnitin.com/robot/crawlerinfo.html)" 0 www.poach.org
64.140.49.69 - - [21/Jun/2007:17:48:25 -0400] "GET /page09.htm HTTP/1.0" 404 287 "-" "TurnitinBot/2.1 (http://www.turnitin.com/robot/crawlerinfo.html)" 0 www.poach.org
64.140.49.69 - - [21/Jun/2007:17:49:12 -0400] "GET /page08.htm HTTP/1.0" 404 287 "-" "TurnitinBot/2.1 (http://www.turnitin.com/robot/crawlerinfo.html)" 0 www.poach.org
64.140.49.69 - - [21/Jun/2007:17:49:49 -0400] "GET /page07.htm HTTP/1.0" 404 287 "-" "TurnitinBot/2.1 (http://www.turnitin.com/robot/crawlerinfo.html)" 0 www.poach.org
64.140.49.69 - - [21/Jun/2007:17:50:17 -0400] "GET /page06.htm HTTP/1.0" 404 287 "-" "TurnitinBot/2.1 (http://www.turnitin.com/robot/crawlerinfo.html)" 0 www.poach.org
64.140.49.69 - - [21/Jun/2007:17:50:47 -0400] "GET /page05.htm HTTP/1.0" 404 287 "-" "TurnitinBot/2.1 (http://www.turnitin.com/robot/crawlerinfo.html)" 0 www.poach.org
64.140.49.69 - - [21/Jun/2007:17:51:17 -0400] "GET /page04.htm HTTP/1.0" 404 287 "-" "TurnitinBot/2.1 (http://www.turnitin.com/robot/crawlerinfo.html)" 0 www.poach.org
64.140.49.69 - - [21/Jun/2007:17:52:05 -0400] "GET /page03.htm HTTP/1.0" 404 287 "-" "TurnitinBot/2.1 (http://www.turnitin.com/robot/crawlerinfo.html)" 0 www.poach.org
64.140.49.69 - - [21/Jun/2007:17:52:49 -0400] "GET /page02.htm HTTP/1.0" 404 287 "-" "TurnitinBot/2.1 (http://www.turnitin.com/robot/crawlerinfo.html)" 0 www.poach.org
64.140.49.69 - - [21/Jun/2007:17:53:50 -0400] "GET /page01.htm HTTP/1.0" 404 287 "-" "TurnitinBot/2.1 (http://www.turnitin.com/robot/crawlerinfo.html)" 0 www.poach.org
64.140.49.69 - - [21/Jun/2007:17:54:34 -0400] "GET / HTTP/1.0" 200 305 "-" "TurnitinBot/2.1 (http://www.turnitin.com/robot/crawlerinfo.html)" 0 www.poach.org
64.140.49.69 - - [21/Jun/2007:17:56:01 -0400] "GET / HTTP/1.0" 200 305 "-" "TurnitinBot/2.1 (http://www.turnitin.com/robot/crawlerinfo.html)" 0 www.poach.org
64.140.49.69 - - [21/Jun/2007:17:58:14 -0400] "GET / HTTP/1.0" 200 305 "-" "TurnitinBot/2.1 (http://www.turnitin.com/robot/crawlerinfo.html)" 0 www.poach.org
64.140.49.69 - - [21/Jun/2007:18:02:16 -0400] "GET / HTTP/1.0" 200 305 "-" "TurnitinBot/2.1 (http://www.turnitin.com/robot/crawlerinfo.html)" 0 www.poach.org
64.140.49.69 - - [21/Jun/2007:18:02:49 -0400] "GET / HTTP/1.0" 200 305 "-" "TurnitinBot/2.1 (http://www.turnitin.com/robot/crawlerinfo.html)" 0 www.poach.org
64.140.49.69 - - [21/Jun/2007:18:03:36 -0400] "GET / HTTP/1.0" 200 305 "-" "TurnitinBot/2.1 (http://www.turnitin.com/robot/crawlerinfo.html)" 0 www.poach.org
64.140.49.69 - - [21/Jun/2007:18:06:24 -0400] "GET / HTTP/1.0" 200 305 "-" "TurnitinBot/2.1 (http://www.turnitin.com/robot/crawlerinfo.html)" 0 www.poach.org
64.140.49.69 - - [21/Jun/2007:18:08:30 -0400] "GET / HTTP/1.0" 200 305 "-" "TurnitinBot/2.1 (http://www.turnitin.com/robot/crawlerinfo.html)" 0 www.poach.org
64.140.49.69 - - [21/Jun/2007:18:10:32 -0400] "GET / HTTP/1.0" 200 305 "-" "TurnitinBot/2.1 (http://www.turnitin.com/robot/crawlerinfo.html)" 0 www.poach.org
64.140.49.69 - - [21/Jun/2007:18:11:02 -0400] "GET / HTTP/1.0" 200 305 "-" "TurnitinBot/2.1 (http://www.turnitin.com/robot/crawlerinfo.html)" 0 www.poach.org
64.140.49.69 - - [21/Jun/2007:18:14:33 -0400] "GET / HTTP/1.0" 200 305 "-" "TurnitinBot/2.1 (http://www.turnitin.com/robot/crawlerinfo.html)" 0 www.poach.org
64.140.49.69 - - [21/Jun/2007:18:15:03 -0400] "GET / HTTP/1.0" 200 305 "-" "TurnitinBot/2.1 (http://www.turnitin.com/robot/crawlerinfo.html)" 0 www.poach.org
64.140.49.69 - - [21/Jun/2007:18:15:32 -0400] "GET / HTTP/1.0" 200 305 "-" "TurnitinBot/2.1 (http://www.turnitin.com/robot/crawlerinfo.html)" 0 www.poach.org
64.140.49.69 - - [21/Jun/2007:18:18:22 -0400] "GET / HTTP/1.0" 200 305 "-" "TurnitinBot/2.1 (http://www.turnitin.com/robot/crawlerinfo.html)" 0 www.poach.org
64.140.49.69 - - [21/Jun/2007:18:18:52 -0400] "GET / HTTP/1.0" 200 305 "-" "TurnitinBot/2.1 (http://www.turnitin.com/robot/crawlerinfo.html)" 0 www.poach.org
64.140.49.69 - - [21/Jun/2007:18:19:21 -0400] "GET / HTTP/1.0" 200 305 "-" "TurnitinBot/2.1 (http://www.turnitin.com/robot/crawlerinfo.html)" 0 www.poach.org
64.140.49.69 - - [21/Jun/2007:18:22:31 -0400] "GET / HTTP/1.0" 200 305 "-" "TurnitinBot/2.1 (http://www.turnitin.com/robot/crawlerinfo.html)" 0 www.poach.org
64.140.49.69 - - [21/Jun/2007:18:23:04 -0400] "GET / HTTP/1.0" 200 305 "-" "TurnitinBot/2.1 (http://www.turnitin.com/robot/crawlerinfo.html)" 0 www.poach.org
64.140.49.69 - - [21/Jun/2007:18:23:33 -0400] "GET / HTTP/1.0" 200 305 "-" "TurnitinBot/2.1 (http://www.turnitin.com/robot/crawlerinfo.html)" 0 www.poach.org
64.140.49.69 - - [21/Jun/2007:18:26:33 -0400] "GET / HTTP/1.0" 200 305 "-" "TurnitinBot/2.1 (http://www.turnitin.com/robot/crawlerinfo.html)" 0 www.poach.org
64.140.49.69 - - [21/Jun/2007:18:27:36 -0400] "GET / HTTP/1.0" 200 305 "-" "TurnitinBot/2.1 (http://www.turnitin.com/robot/crawlerinfo.html)" 0 www.poach.org
64.140.49.69 - - [21/Jun/2007:18:30:32 -0400] "GET / HTTP/1.0" 200 305 "-" "TurnitinBot/2.1 (http://www.turnitin.com/robot/crawlerinfo.html)" 0 www.poach.org
64.140.49.69 - - [21/Jun/2007:18:31:03 -0400] "GET / HTTP/1.0" 200 305 "-" "TurnitinBot/2.1 (http://www.turnitin.com/robot/crawlerinfo.html)" 0 www.poach.org
64.140.49.69 - - [21/Jun/2007:18:31:32 -0400] "GET / HTTP/1.0" 200 305 "-" "TurnitinBot/2.1 (http://www.turnitin.com/robot/crawlerinfo.html)" 0 www.poach.org
64.140.49.69 - - [21/Jun/2007:18:34:31 -0400] "GET / HTTP/1.0" 200 305 "-" "TurnitinBot/2.1 (http://www.turnitin.com/robot/crawlerinfo.html)" 0 www.poach.org
64.140.49.69 - - [21/Jun/2007:18:35:03 -0400] "GET / HTTP/1.0" 200 305 "-" "TurnitinBot/2.1 (http://www.turnitin.com/robot/crawlerinfo.html)" 0 www.poach.org
64.140.49.69 - - [21/Jun/2007:18:35:31 -0400] "GET / HTTP/1.0" 200 305 "-" "TurnitinBot/2.1 (http://www.turnitin.com/robot/crawlerinfo.html)" 0 www.poach.org
64.140.49.69 - - [21/Jun/2007:18:37:23 -0400] "GET / HTTP/1.0" 200 305 "-" "TurnitinBot/2.1 (http://www.turnitin.com/robot/crawlerinfo.html)" 0 www.poach.org
64.140.49.69 - - [21/Jun/2007:18:38:00 -0400] "GET / HTTP/1.0" 200 305 "-" "TurnitinBot/2.1 (http://www.turnitin.com/robot/crawlerinfo.html)" 0 www.poach.org
64.140.49.69 - - [21/Jun/2007:18:38:29 -0400] "GET / HTTP/1.0" 200 305 "-" "TurnitinBot/2.1 (http://www.turnitin.com/robot/crawlerinfo.html)" 0 www.poach.org
64.140.49.69 - - [21/Jun/2007:18:40:26 -0400] "GET / HTTP/1.0" 200 305 "-" "TurnitinBot/2.1 (http://www.turnitin.com/robot/crawlerinfo.html)" 0 www.poach.org
64.140.49.69 - - [21/Jun/2007:18:40:56 -0400] "GET / HTTP/1.0" 200 305 "-" "TurnitinBot/2.1 (http://www.turnitin.com/robot/crawlerinfo.html)" 0 www.poach.org
64.140.49.69 - - [21/Jun/2007:18:41:26 -0400] "GET / HTTP/1.0" 200 305 "-" "TurnitinBot/2.1 (http://www.turnitin.com/robot/crawlerinfo.html)" 0 www.poach.org
64.140.49.69 - - [21/Jun/2007:18:43:15 -0400] "GET / HTTP/1.0" 200 305 "-" "TurnitinBot/2.1 (http://www.turnitin.com/robot/crawlerinfo.html)" 0 www.poach.org
64.140.49.69 - - [21/Jun/2007:18:43:50 -0400] "GET / HTTP/1.0" 200 305 "-" "TurnitinBot/2.1 (http://www.turnitin.com/robot/crawlerinfo.html)" 0 www.poach.org
64.140.49.69 - - [21/Jun/2007:18:44:19 -0400] "GET / HTTP/1.0" 200 305 "-" "TurnitinBot/2.1 (http://www.turnitin.com/robot/crawlerinfo.html)" 0 www.poach.org
64.140.49.69 - - [21/Jun/2007:18:45:00 -0400] "GET / HTTP/1.0" 200 305 "-" "TurnitinBot/2.1 (http://www.turnitin.com/robot/crawlerinfo.html)" 0 www.poach.org
64.140.49.69 - - [21/Jun/2007:18:45:50 -0400] "GET / HTTP/1.0" 200 305 "-" "TurnitinBot/2.1 (http://www.turnitin.com/robot/crawlerinfo.html)" 0 www.poach.org
64.140.49.69 - - [21/Jun/2007:18:45:59 -0400] "GET / HTTP/1.0" 200 305 "-" "TurnitinBot/2.1 (http://www.turnitin.com/robot/crawlerinfo.html)" 0 www.poach.org
64.140.49.69 - - [21/Jun/2007:18:46:42 -0400] "GET / HTTP/1.0" 200 305 "-" "TurnitinBot/2.1 (http://www.turnitin.com/robot/crawlerinfo.html)" 0 www.poach.org
64.140.49.69 - - [21/Jun/2007:18:47:15 -0400] "GET / HTTP/1.0" 200 305 "-" "TurnitinBot/2.1 (http://www.turnitin.com/robot/crawlerinfo.html)" 0 www.poach.org
64.140.49.69 - - [21/Jun/2007:18:47:44 -0400] "GET / HTTP/1.0" 200 305 "-" "TurnitinBot/2.1 (http://www.turnitin.com/robot/crawlerinfo.html)" 0 www.poach.org
64.140.49.69 - - [21/Jun/2007:18:49:17 -0400] "GET / HTTP/1.0" 200 305 "-" "TurnitinBot/2.1 (http://www.turnitin.com/robot/crawlerinfo.html)" 0 www.poach.org
64.140.49.69 - - [21/Jun/2007:18:49:47 -0400] "GET / HTTP/1.0" 200 305 "-" "TurnitinBot/2.1 (http://www.turnitin.com/robot/crawlerinfo.html)" 0 www.poach.org
64.140.49.69 - - [21/Jun/2007:18:50:17 -0400] "GET / HTTP/1.0" 200 305 "-" "TurnitinBot/2.1 (http://www.turnitin.com/robot/crawlerinfo.html)" 0 www.poach.org
64.140.49.69 - - [21/Jun/2007:18:51:00 -0400] "GET / HTTP/1.0" 200 305 "-" "TurnitinBot/2.1 (http://www.turnitin.com/robot/crawlerinfo.html)" 0 www.poach.org
64.140.49.69 - - [21/Jun/2007:18:51:31 -0400] "GET / HTTP/1.0" 200 305 "-" "TurnitinBot/2.1 (http://www.turnitin.com/robot/crawlerinfo.html)" 0 www.poach.org
64.140.49.69 - - [21/Jun/2007:18:52:01 -0400] "GET / HTTP/1.0" 200 305 "-" "TurnitinBot/2.1 (http://www.turnitin.com/robot/crawlerinfo.html)" 0 www.poach.org
64.140.49.69 - - [21/Jun/2007:18:53:14 -0400] "GET / HTTP/1.0" 200 305 "-" "TurnitinBot/2.1 (http://www.turnitin.com/robot/crawlerinfo.html)" 0 www.poach.org
64.140.49.69 - - [21/Jun/2007:18:53:46 -0400] "GET / HTTP/1.0" 200 305 "-" "TurnitinBot/2.1 (http://www.turnitin.com/robot/crawlerinfo.html)" 0 www.poach.org
64.140.49.69 - - [21/Jun/2007:18:54:16 -0400] "GET / HTTP/1.0" 200 305 "-" "TurnitinBot/2.1 (http://www.turnitin.com/robot/crawlerinfo.html)" 0 www.poach.org
64.140.49.69 - - [21/Jun/2007:18:54:57 -0400] "GET / HTTP/1.0" 200 305 "-" "TurnitinBot/2.1 (http://www.turnitin.com/robot/crawlerinfo.html)" 0 www.poach.org
64.140.49.69 - - [21/Jun/2007:18:55:29 -0400] "GET / HTTP/1.0" 200 305 "-" "TurnitinBot/2.1 (http://www.turnitin.com/robot/crawlerinfo.html)" 0 www.poach.org
64.140.49.69 - - [21/Jun/2007:18:55:58 -0400] "GET / HTTP/1.0" 200 305 "-" "TurnitinBot/2.1 (http://www.turnitin.com/robot/crawlerinfo.html)" 0 www.poach.org
64.140.49.69 - - [21/Jun/2007:18:56:44 -0400] "GET / HTTP/1.0" 200 305 "-" "TurnitinBot/2.1 (http://www.turnitin.com/robot/crawlerinfo.html)" 0 www.poach.org
64.140.49.69 - - [21/Jun/2007:18:57:16 -0400] "GET / HTTP/1.0" 200 305 "-" "TurnitinBot/2.1 (http://www.turnitin.com/robot/crawlerinfo.html)" 0 www.poach.org
64.140.49.69 - - [21/Jun/2007:18:57:46 -0400] "GET / HTTP/1.0" 200 305 "-" "TurnitinBot/2.1 (http://www.turnitin.com/robot/crawlerinfo.html)" 0 www.poach.org
64.140.49.69 - - [21/Jun/2007:18:58:26 -0400] "GET / HTTP/1.0" 200 305 "-" "TurnitinBot/2.1 (http://www.turnitin.com/robot/crawlerinfo.html)" 0 www.poach.org
64.140.49.69 - - [21/Jun/2007:18:59:00 -0400] "GET / HTTP/1.0" 200 305 "-" "TurnitinBot/2.1 (http://www.turnitin.com/robot/crawlerinfo.html)" 0 www.poach.org
64.140.49.69 - - [21/Jun/2007:18:59:30 -0400] "GET / HTTP/1.0" 200 305 "-" "TurnitinBot/2.1 (http://www.turnitin.com/robot/crawlerinfo.html)" 0 www.poach.org
64.140.49.69 - - [21/Jun/2007:19:00:19 -0400] "GET / HTTP/1.0" 200 305 "-" "TurnitinBot/2.1 (http://www.turnitin.com/robot/crawlerinfo.html)" 0 www.poach.org
64.140.49.69 - - [21/Jun/2007:19:00:49 -0400] "GET / HTTP/1.0" 200 305 "-" "TurnitinBot/2.1 (http://www.turnitin.com/robot/crawlerinfo.html)" 0 www.poach.org
64.140.49.69 - - [21/Jun/2007:19:01:19 -0400] "GET / HTTP/1.0" 200 305 "-" "TurnitinBot/2.1 (http://www.turnitin.com/robot/crawlerinfo.html)" 0 www.poach.org
64.140.49.69 - - [21/Jun/2007:19:02:04 -0400] "GET / HTTP/1.0" 200 305 "-" "TurnitinBot/2.1 (http://www.turnitin.com/robot/crawlerinfo.html)" 0 www.poach.org
74.6.75.32 - - [21/Jun/2007:19:54:14 -0400] "GET /robots.txt HTTP/1.0" 404 283 "-" "Mozilla/5.0 (compatible; Yahoo! Slurp; http://help.yahoo.com/help/us/ysearch/slurp)" 0 www.poach.org
74.6.69.198 - - [21/Jun/2007:19:54:14 -0400] "GET / HTTP/1.0" 200 301 "-" "Mozilla/5.0 (compatible; Yahoo! Slurp; http://help.yahoo.com/help/us/ysearch/slurp)" 0 www.poach.org
74.6.75.21 - - [21/Jun/2007:20:51:01 -0400] "GET /robots.txt HTTP/1.0" 404 287 "-" "Mozilla/5.0 (compatible; Yahoo! Slurp; http://help.yahoo.com/help/us/ysearch/slurp)" 0 www.poach.org
74.6.71.43 - - [21/Jun/2007:20:51:02 -0400] "GET /page12.htm HTTP/1.0" 404 287 "-" "Mozilla/5.0 (compatible; Yahoo! Slurp; http://help.yahoo.com/help/us/ysearch/slurp)" 0 www.poach.org
66.249.66.240 - - [21/Jun/2007:23:40:40 -0400] "GET /robots.txt HTTP/1.1" 404 299 "-" "Mozilla/5.0 (compatible; Googlebot/2.1; +http://www.google.com/bot.html)" 0 www.poach.org
66.249.66.240 - - [21/Jun/2007:23:40:40 -0400] "GET /resume/clresume.rtf HTTP/1.1" 404 308 "-" "Mozilla/5.0 (compatible; Googlebot/2.1; +http://www.google.com/bot.html)" 0 www.poach.org
66.249.66.240 - - [22/Jun/2007:01:08:35 -0400] "GET /logs HTTP/1.1" 301 325 "-" "Mozilla/5.0 (compatible; Googlebot/2.1; +http://www.google.com/bot.html)" 0 www.poach.org
66.249.66.240 - - [22/Jun/2007:01:08:50 -0400] "GET /logs/ HTTP/1.1" 200 376 "-" "Mozilla/5.0 (compatible; Googlebot/2.1; +http://www.google.com/bot.html)" 0 www.poach.org
66.249.66.240 - - [22/Jun/2007:01:10:29 -0400] "GET /logs/error.log HTTP/1.1" 200 90629 "-" "Mozilla/5.0 (compatible; Googlebot/2.1; +http://www.google.com/bot.html)" 0 www.poach.org
74.6.75.21 - - [22/Jun/2007:03:49:01 -0400] "GET /robots.txt HTTP/1.0" 404 287 "-" "Mozilla/5.0 (compatible; Yahoo! Slurp; http://help.yahoo.com/help/us/ysearch/slurp)" 0 www.poach.org
