74.6.70.166 - - [15/Apr/2007:13:30:20 -0400] "GET /allstate.html HTTP/1.0" 404 290 "-" "Mozilla/5.0 (compatible; Yahoo! Slurp; http://help.yahoo.com/help/us/ysearch/slurp)" 0 www.poach.org
66.131.70.243 - - [15/Apr/2007:14:16:10 -0400] "GET / HTTP/1.0" 200 305 "-" "Mozilla/4.0 (compatible; MSIE 6.0; Windows NT 5.0)" 0 www.poach.org
66.131.70.243 - - [15/Apr/2007:14:16:10 -0400] "GET / HTTP/1.0" 200 301 "-" "Mozilla/4.0 (compatible; MSIE 6.0; Windows NT 5.0)" 0 www.poach.org
65.55.208.191 - - [15/Apr/2007:17:15:45 -0400] "GET /robots.txt HTTP/1.0" 404 287 "-" "msnbot/1.0 (+http://search.msn.com/msnbot.htm)" 0 www.poach.org
65.55.208.191 - - [15/Apr/2007:17:15:45 -0400] "GET /allstate_nn4.html HTTP/1.0" 404 294 "-" "msnbot/1.0 (+http://search.msn.com/msnbot.htm)" 0 www.poach.org
74.6.75.32 - - [16/Apr/2007:00:33:36 -0400] "GET /robots.txt HTTP/1.0" 404 287 "-" "Mozilla/5.0 (compatible; Yahoo! Slurp; http://help.yahoo.com/help/us/ysearch/slurp)" 0 www.poach.org
74.6.72.248 - - [16/Apr/2007:00:33:36 -0400] "GET /page04.htm HTTP/1.0" 404 287 "-" "Mozilla/5.0 (compatible; Yahoo! Slurp; http://help.yahoo.com/help/us/ysearch/slurp)" 0 www.poach.org
64.246.178.34 - - [16/Apr/2007:01:02:56 -0400] "GET /robots.txt HTTP/1.0" 404 287 "http://www.whois.sc/" "SurveyBot/2.3 (Whois Source)" 0 www.poach.org
64.246.178.34 - - [16/Apr/2007:01:02:56 -0400] "GET / HTTP/1.1" 200 317 "http://www.whois.sc/poach.org" "SurveyBot/2.3 (Whois Source)" 0 www.poach.org
74.6.87.30 - - [16/Apr/2007:04:35:54 -0400] "GET /robots.txt HTTP/1.0" 404 287 "-" "Mozilla/5.0 (compatible; Yahoo! Slurp; http://help.yahoo.com/help/us/ysearch/slurp)" 0 www.poach.org
74.6.85.225 - - [16/Apr/2007:04:35:54 -0400] "GET /logs/ HTTP/1.0" 200 364 "-" "Mozilla/5.0 (compatible; Yahoo! Slurp; http://help.yahoo.com/help/us/ysearch/slurp)" 0 www.poach.org
74.6.75.32 - - [16/Apr/2007:11:30:09 -0400] "GET /robots.txt HTTP/1.0" 404 287 "-" "Mozilla/5.0 (compatible; Yahoo! Slurp; http://help.yahoo.com/help/us/ysearch/slurp)" 0 www.poach.org
74.6.65.254 - - [16/Apr/2007:11:30:09 -0400] "GET / HTTP/1.0" 200 305 "-" "Mozilla/5.0 (compatible; Yahoo! Slurp; http://help.yahoo.com/help/us/ysearch/slurp)" 0 www.poach.org
68.142.212.221 - - [16/Apr/2007:15:37:04 -0400] "GET /robots.txt HTTP/1.0" 404 287 "-" "Yahoo-MMCrawler/3.x (mms dash mmcrawler dash support at yahoo dash inc dot com)" 0 www.poach.org
38.99.44.102 - - [16/Apr/2007:16:03:08 -0400] "GET /robots.txt HTTP/1.0" 404 287 "-" "Twiceler-0.9 http://www.cuill.com/twiceler/robot.html" 0 www.poach.org
65.55.208.191 - - [16/Apr/2007:23:43:08 -0400] "GET /robots.txt HTTP/1.0" 404 287 "-" "msnbot/1.0 (+http://search.msn.com/msnbot.htm)" 0 www.poach.org
65.55.208.191 - - [16/Apr/2007:23:43:08 -0400] "GET /allstate_nn4.html HTTP/1.0" 404 294 "-" "msnbot/1.0 (+http://search.msn.com/msnbot.htm)" 0 www.poach.org
65.94.15.190 - - [17/Apr/2007:00:38:34 -0400] "GET / HTTP/1.0" 200 305 "-" "Mozilla/4.0 (compatible; MSIE 6.0; Windows NT 5.0)" 0 www.poach.org
65.94.15.190 - - [17/Apr/2007:00:38:36 -0400] "GET / HTTP/1.0" 200 301 "-" "Mozilla/4.0 (compatible; MSIE 6.0; Windows NT 5.0)" 0 www.poach.org
60.28.164.123 - - [17/Apr/2007:05:16:01 -0400] "GET / HTTP/1.1" 200 317 "-" "Mozilla/4.0 (compatible; MSIE 6.0; Windows NT 5.1; SV1; .NET CLR 1.1.4322)" 0 www.poach.org
202.106.184.179 - - [17/Apr/2007:07:23:15 -0400] "GET / HTTP/1.1" 200 317 "-" "Mozilla/4.0 (compatible; MSIE 6.0; Windows NT 5.1; SV1; .NET CLR 1.1.4322)" 0 www.poach.org
74.6.75.27 - - [17/Apr/2007:07:33:06 -0400] "GET /robots.txt HTTP/1.0" 404 287 "-" "Mozilla/5.0 (compatible; Yahoo! Slurp; http://help.yahoo.com/help/us/ysearch/slurp)" 0 www.poach.org
74.6.67.222 - - [17/Apr/2007:07:33:07 -0400] "GET /page03.htm HTTP/1.0" 404 287 "-" "Mozilla/5.0 (compatible; Yahoo! Slurp; http://help.yahoo.com/help/us/ysearch/slurp)" 0 www.poach.org
66.249.65.240 - - [17/Apr/2007:07:47:45 -0400] "GET /robots.txt HTTP/1.1" 404 299 "-" "Mozilla/5.0 (compatible; Googlebot/2.1; +http://www.google.com/bot.html)" 0 www.poach.org
66.249.65.240 - - [17/Apr/2007:07:47:45 -0400] "GET /logs/error.log HTTP/1.1" 200 28791 "-" "Mozilla/5.0 (compatible; Googlebot/2.1; +http://www.google.com/bot.html)" 0 www.poach.org
66.249.65.240 - - [17/Apr/2007:12:23:08 -0400] "GET /logs HTTP/1.1" 301 325 "-" "Mozilla/5.0 (compatible; Googlebot/2.1; +http://www.google.com/bot.html)" 0 www.poach.org
66.249.65.240 - - [17/Apr/2007:12:23:10 -0400] "GET /logs/ HTTP/1.1" 200 376 "-" "Mozilla/5.0 (compatible; Googlebot/2.1; +http://www.google.com/bot.html)" 0 www.poach.org
65.54.154.116 - - [17/Apr/2007:13:33:07 -0400] "GET /favicon.ico HTTP/1.0" 404 288 "-" "Mozilla/4.0 (compatible; MSIE 7.0; Windows NT 5.1; .NET CLR 1.1.4322; MSN 9.0;MSN 9.1; MSNbMSNI; MSNmen-us; MSNcIA)" 0 www.poach.org
205.178.191.137 - - [17/Apr/2007:17:59:30 -0400] "GET / HTTP/1.0" 200 301 "-" "Mozilla/4.0 (compatible; MSIE 6.0; Windows NT 5.2; SV1; .NET CLR 1.1.4322; .NET CLR 2.0.50727)" 0 www.poach.org
205.178.191.137 - - [17/Apr/2007:18:01:09 -0400] "GET / HTTP/1.0" 200 301 "-" "Mozilla/4.0 (compatible; MSIE 6.0; Windows NT 5.2; SV1; .NET CLR 1.1.4322; .NET CLR 2.0.50727)" 0 www.poach.org
205.178.191.137 - - [17/Apr/2007:18:01:23 -0400] "GET / HTTP/1.1" 200 317 "-" "User-Agent:Mozilla/4.0 (compatible; MSIE 6.0; Windows NT 5.1; SV1; .NET CLR 2.0.50727)" 0 www.poach.org
205.178.191.137 - - [17/Apr/2007:18:06:20 -0400] "GET / HTTP/1.1" 200 313 "-" "User-Agent:Mozilla/4.0 (compatible; MSIE 6.0; Windows NT 5.1; SV1; .NET CLR 2.0.50727)" 0 www.poach.org
205.178.191.137 - - [17/Apr/2007:18:06:20 -0400] "GET /robots.txt HTTP/1.1" 404 295 "-" "User-Agent:Mozilla/4.0 (compatible; MSIE 6.0; Windows NT 5.1; SV1; .NET CLR 2.0.50727)" 0 www.poach.org
74.6.87.30 - - [18/Apr/2007:01:39:00 -0400] "GET /robots.txt HTTP/1.0" 404 287 "-" "Mozilla/5.0 (compatible; Yahoo! Slurp; http://help.yahoo.com/help/us/ysearch/slurp)" 0 www.poach.org
74.6.86.112 - - [18/Apr/2007:01:43:35 -0400] "GET /logs HTTP/1.0" 301 313 "-" "Mozilla/5.0 (compatible; Yahoo! Slurp; http://help.yahoo.com/help/us/ysearch/slurp)" 0 www.poach.org
74.6.86.112 - - [18/Apr/2007:01:48:14 -0400] "GET /logs/ HTTP/1.0" 200 364 "-" "Mozilla/5.0 (compatible; Yahoo! Slurp; http://help.yahoo.com/help/us/ysearch/slurp)" 0 www.poach.org
74.6.75.27 - - [18/Apr/2007:02:16:19 -0400] "GET /robots.txt HTTP/1.0" 404 287 "-" "Mozilla/5.0 (compatible; Yahoo! Slurp; http://help.yahoo.com/help/us/ysearch/slurp)" 0 www.poach.org
74.6.71.43 - - [18/Apr/2007:02:16:19 -0400] "GET /page12.htm HTTP/1.0" 404 287 "-" "Mozilla/5.0 (compatible; Yahoo! Slurp; http://help.yahoo.com/help/us/ysearch/slurp)" 0 www.poach.org
74.6.75.27 - - [18/Apr/2007:04:36:54 -0400] "GET /robots.txt HTTP/1.0" 404 287 "-" "Mozilla/5.0 (compatible; Yahoo! Slurp; http://help.yahoo.com/help/us/ysearch/slurp)" 0 www.poach.org
74.6.73.215 - - [18/Apr/2007:04:36:54 -0400] "GET /allstate_nn4.html HTTP/1.0" 404 294 "-" "Mozilla/5.0 (compatible; Yahoo! Slurp; http://help.yahoo.com/help/us/ysearch/slurp)" 0 www.poach.org
65.55.208.191 - - [18/Apr/2007:05:48:18 -0400] "GET /robots.txt HTTP/1.0" 404 287 "-" "msnbot/1.0 (+http://search.msn.com/msnbot.htm)" 0 www.poach.org
65.55.208.191 - - [18/Apr/2007:05:48:18 -0400] "GET /allstate_nn4.html HTTP/1.0" 404 294 "-" "msnbot/1.0 (+http://search.msn.com/msnbot.htm)" 0 www.poach.org
66.249.65.240 - - [18/Apr/2007:08:03:10 -0400] "GET /robots.txt HTTP/1.1" 404 299 "-" "Mozilla/5.0 (compatible; Googlebot/2.1; +http://www.google.com/bot.html)" 0 www.poach.org
66.249.65.240 - - [18/Apr/2007:08:03:10 -0400] "GET /logs/access.log HTTP/1.1" 200 57330 "-" "Mozilla/5.0 (compatible; Googlebot/2.1; +http://www.google.com/bot.html)" 0 www.poach.org
63.123.238.8 - - [18/Apr/2007:10:15:58 -0400] "GET /robots.txt HTTP/1.1" 404 299 "-" "Mozilla/2.0 (compatible; Ask Jeeves/Teoma)" 0 www.poach.org
63.123.238.8 - - [18/Apr/2007:10:15:58 -0400] "GET / HTTP/1.1" 200 317 "-" "Mozilla/2.0 (compatible; Ask Jeeves/Teoma)" 0 www.poach.org
74.6.75.27 - - [18/Apr/2007:12:13:19 -0400] "GET /robots.txt HTTP/1.0" 404 287 "-" "Mozilla/5.0 (compatible; Yahoo! Slurp; http://help.yahoo.com/help/us/ysearch/slurp)" 0 www.poach.org
74.6.65.254 - - [18/Apr/2007:12:13:19 -0400] "GET / HTTP/1.0" 200 305 "-" "Mozilla/5.0 (compatible; Yahoo! Slurp; http://help.yahoo.com/help/us/ysearch/slurp)" 0 www.poach.org
138.88.216.109 - - [18/Apr/2007:17:13:40 -0400] "GET /index.htm HTTP/1.1" 404 298 "-" "Mozilla/4.0 (compatible; MSIE 7.0; Windows NT 5.1; .NET CLR 1.1.4322; InfoPath.1; .NET CLR 2.0.50727; IEMB3; IEMB3)" 0 www.poach.org
65.54.188.98 - - [18/Apr/2007:18:43:23 -0400] "GET /robots.txt HTTP/1.0" 404 287 "-" "msnbot/1.0 (+http://search.msn.com/msnbot.htm)" 0 www.poach.org
65.54.188.98 - - [18/Apr/2007:18:43:23 -0400] "GET /allstate_nn4.html HTTP/1.0" 404 294 "-" "msnbot/1.0 (+http://search.msn.com/msnbot.htm)" 0 www.poach.org
68.142.212.221 - - [18/Apr/2007:20:50:25 -0400] "GET /robots.txt HTTP/1.0" 404 287 "-" "Yahoo-MMCrawler/3.x (mms dash mmcrawler dash support at yahoo dash inc dot com)" 0 www.poach.org
65.94.166.190 - - [18/Apr/2007:21:26:09 -0400] "GET / HTTP/1.0" 200 305 "-" "Mozilla/4.0 (compatible; MSIE 6.0; Windows NT 5.0)" 0 www.poach.org
65.94.166.190 - - [18/Apr/2007:21:26:10 -0400] "GET / HTTP/1.0" 200 301 "-" "Mozilla/4.0 (compatible; MSIE 6.0; Windows NT 5.0)" 0 www.poach.org
74.6.87.30 - - [19/Apr/2007:00:39:56 -0400] "GET /robots.txt HTTP/1.0" 404 287 "-" "Mozilla/5.0 (compatible; Yahoo! Slurp; http://help.yahoo.com/help/us/ysearch/slurp)" 0 www.poach.org
74.6.87.46 - - [19/Apr/2007:00:39:57 -0400] "GET /logs/error.log HTTP/1.0" 200 30918 "-" "Mozilla/5.0 (compatible; Yahoo! Slurp; http://help.yahoo.com/help/us/ysearch/slurp)" 0 www.poach.org
74.6.75.27 - - [19/Apr/2007:03:43:54 -0400] "GET /robots.txt HTTP/1.0" 404 287 "-" "Mozilla/5.0 (compatible; Yahoo! Slurp; http://help.yahoo.com/help/us/ysearch/slurp)" 0 www.poach.org
74.6.74.72 - - [19/Apr/2007:03:43:54 -0400] "GET /page10.htm HTTP/1.0" 404 287 "-" "Mozilla/5.0 (compatible; Yahoo! Slurp; http://help.yahoo.com/help/us/ysearch/slurp)" 0 www.poach.org
65.55.208.191 - - [19/Apr/2007:12:40:28 -0400] "GET /robots.txt HTTP/1.0" 404 287 "-" "msnbot/1.0 (+http://search.msn.com/msnbot.htm)" 0 www.poach.org
65.55.208.191 - - [19/Apr/2007:12:40:28 -0400] "GET /allstate_nn4.html HTTP/1.0" 404 294 "-" "msnbot/1.0 (+http://search.msn.com/msnbot.htm)" 0 www.poach.org
74.6.75.27 - - [19/Apr/2007:20:56:31 -0400] "GET /robots.txt HTTP/1.0" 404 287 "-" "Mozilla/5.0 (compatible; Yahoo! Slurp; http://help.yahoo.com/help/us/ysearch/slurp)" 0 www.poach.org
74.6.65.254 - - [19/Apr/2007:20:56:31 -0400] "GET / HTTP/1.0" 200 305 "-" "Mozilla/5.0 (compatible; Yahoo! Slurp; http://help.yahoo.com/help/us/ysearch/slurp)" 0 www.poach.org
65.94.172.51 - - [20/Apr/2007:00:29:17 -0400] "GET / HTTP/1.0" 200 305 "-" "Mozilla/4.0 (compatible; MSIE 6.0; Windows NT 5.0)" 0 www.poach.org
65.94.172.51 - - [20/Apr/2007:00:29:17 -0400] "GET / HTTP/1.0" 200 301 "-" "Mozilla/4.0 (compatible; MSIE 6.0; Windows NT 5.0)" 0 www.poach.org
74.52.245.146 - - [20/Apr/2007:03:01:27 -0400] "GET / HTTP/1.0" 200 305 "-" "Mozilla/5.0 (X11; U; Linux i686; en-US; rv:1.7.5) Gecko/20041107 Firefox/1.0" 0 www.poach.org
65.55.208.191 - - [20/Apr/2007:19:24:15 -0400] "GET /robots.txt HTTP/1.0" 404 287 "-" "msnbot/1.0 (+http://search.msn.com/msnbot.htm)" 0 www.poach.org
65.55.208.191 - - [20/Apr/2007:19:24:15 -0400] "GET /allstate_nn4.html HTTP/1.0" 404 294 "-" "msnbot/1.0 (+http://search.msn.com/msnbot.htm)" 0 www.poach.org
66.249.65.175 - - [20/Apr/2007:23:17:48 -0400] "GET /robots.txt HTTP/1.1" 404 299 "-" "Mozilla/5.0 (compatible; Googlebot/2.1; +http://www.google.com/bot.html)" 0 www.poach.org
66.249.65.175 - - [20/Apr/2007:23:17:48 -0400] "GET /logs/error.log HTTP/1.1" 200 31923 "-" "Mozilla/5.0 (compatible; Googlebot/2.1; +http://www.google.com/bot.html)" 0 www.poach.org
74.6.75.27 - - [21/Apr/2007:00:43:35 -0400] "GET /robots.txt HTTP/1.0" 404 287 "-" "Mozilla/5.0 (compatible; Yahoo! Slurp; http://help.yahoo.com/help/us/ysearch/slurp)" 0 www.poach.org
74.6.65.254 - - [21/Apr/2007:00:43:35 -0400] "GET / HTTP/1.0" 200 305 "-" "Mozilla/5.0 (compatible; Yahoo! Slurp; http://help.yahoo.com/help/us/ysearch/slurp)" 0 www.poach.org
68.142.212.221 - - [21/Apr/2007:02:32:11 -0400] "GET /robots.txt HTTP/1.0" 404 287 "-" "Yahoo-MMCrawler/3.x (mms dash mmcrawler dash support at yahoo dash inc dot com)" 0 www.poach.org
74.6.87.124 - - [21/Apr/2007:04:07:53 -0400] "GET /robots.txt HTTP/1.0" 404 287 "-" "Mozilla/5.0 (compatible; Yahoo! Slurp; http://help.yahoo.com/help/us/ysearch/slurp)" 0 www.poach.org
74.6.85.211 - - [21/Apr/2007:04:07:58 -0400] "GET / HTTP/1.0" 200 305 "-" "Mozilla/5.0 (compatible; Yahoo! Slurp; http://help.yahoo.com/help/us/ysearch/slurp)" 0 www.poach.org
38.99.13.123 - - [21/Apr/2007:04:12:16 -0400] "GET / HTTP/1.0" 200 305 "-" "Twiceler-0.9 http://www.cuill.com/twiceler/robot.html" 0 www.poach.org
65.55.212.124 - - [21/Apr/2007:04:34:18 -0400] "GET /robots.txt HTTP/1.0" 404 287 "-" "msnbot-media/1.0 (+http://search.msn.com/msnbot.htm)" 0 www.poach.org
65.55.212.124 - - [21/Apr/2007:04:34:18 -0400] "GET /allstate_nn4.html HTTP/1.0" 404 294 "-" "msnbot-media/1.0 (+http://search.msn.com/msnbot.htm)" 0 www.poach.org
65.55.212.124 - - [21/Apr/2007:14:24:03 -0400] "GET /robots.txt HTTP/1.0" 404 287 "-" "msnbot-media/1.0 (+http://search.msn.com/msnbot.htm)" 0 www.poach.org
65.55.212.124 - - [21/Apr/2007:14:24:03 -0400] "GET /allstate_nn4.html HTTP/1.0" 404 294 "-" "msnbot-media/1.0 (+http://search.msn.com/msnbot.htm)" 0 www.poach.org
66.249.65.175 - - [21/Apr/2007:19:59:24 -0400] "GET /robots.txt HTTP/1.1" 404 299 "-" "Mozilla/5.0 (compatible; Googlebot/2.1; +http://www.google.com/bot.html)" 0 www.poach.org
66.249.65.175 - - [21/Apr/2007:19:59:24 -0400] "GET /logs/access.log HTTP/1.1" 200 63577 "-" "Mozilla/5.0 (compatible; Googlebot/2.1; +http://www.google.com/bot.html)" 0 www.poach.org
65.55.212.124 - - [22/Apr/2007:00:29:01 -0400] "GET /robots.txt HTTP/1.0" 404 287 "-" "msnbot-media/1.0 (+http://search.msn.com/msnbot.htm)" 0 www.poach.org
65.55.212.124 - - [22/Apr/2007:00:29:01 -0400] "GET /allstate_nn4.html HTTP/1.0" 404 294 "-" "msnbot-media/1.0 (+http://search.msn.com/msnbot.htm)" 0 www.poach.org
66.249.65.175 - - [22/Apr/2007:01:12:23 -0400] "GET / HTTP/1.1" 200 317 "-" "Mozilla/5.0 (compatible; Googlebot/2.1; +http://www.google.com/bot.html)" 0 www.poach.org
65.55.208.191 - - [22/Apr/2007:01:56:44 -0400] "GET /robots.txt HTTP/1.0" 404 287 "-" "msnbot/1.0 (+http://search.msn.com/msnbot.htm)" 0 www.poach.org
65.55.208.191 - - [22/Apr/2007:01:56:44 -0400] "GET /allstate_nn4.html HTTP/1.0" 404 294 "-" "msnbot/1.0 (+http://search.msn.com/msnbot.htm)" 0 www.poach.org
74.6.75.27 - - [22/Apr/2007:02:43:09 -0400] "GET /robots.txt HTTP/1.0" 404 287 "-" "Mozilla/5.0 (compatible; Yahoo! Slurp; http://help.yahoo.com/help/us/ysearch/slurp)" 0 www.poach.org
74.6.74.217 - - [22/Apr/2007:02:43:09 -0400] "GET /page07.htm HTTP/1.0" 404 287 "-" "Mozilla/5.0 (compatible; Yahoo! Slurp; http://help.yahoo.com/help/us/ysearch/slurp)" 0 www.poach.org
74.6.75.27 - - [22/Apr/2007:12:55:58 -0400] "GET /robots.txt HTTP/1.0" 404 287 "-" "Mozilla/5.0 (compatible; Yahoo! Slurp; http://help.yahoo.com/help/us/ysearch/slurp)" 0 www.poach.org
74.6.65.254 - - [22/Apr/2007:12:55:58 -0400] "GET / HTTP/1.0" 200 305 "-" "Mozilla/5.0 (compatible; Yahoo! Slurp; http://help.yahoo.com/help/us/ysearch/slurp)" 0 www.poach.org
66.249.65.175 - - [22/Apr/2007:16:12:54 -0400] "GET /robots.txt HTTP/1.1" 404 299 "-" "Mozilla/5.0 (compatible; Googlebot/2.1; +http://www.google.com/bot.html)" 0 www.poach.org
66.249.65.175 - - [22/Apr/2007:16:12:54 -0400] "GET /page08.htm HTTP/1.1" 404 299 "-" "Mozilla/5.0 (compatible; Googlebot/2.1; +http://www.google.com/bot.html)" 0 www.poach.org
129.241.104.187 - - [22/Apr/2007:19:08:38 -0400] "GET /robots.txt HTTP/1.1" 404 299 "-" "boitho.com-dc/0.86 ( http://www.boitho.com/dcbot.html )" 0 www.poach.org
66.249.65.175 - - [22/Apr/2007:20:08:03 -0400] "GET /resume/clresume.rtf HTTP/1.1" 404 308 "-" "Mozilla/5.0 (compatible; Googlebot/2.1; +http://www.google.com/bot.html)" 0 www.poach.org
74.6.75.27 - - [22/Apr/2007:22:19:19 -0400] "GET /robots.txt HTTP/1.0" 404 287 "-" "Mozilla/5.0 (compatible; Yahoo! Slurp; http://help.yahoo.com/help/us/ysearch/slurp)" 0 www.poach.org
74.6.68.232 - - [22/Apr/2007:22:19:49 -0400] "GET /page02.htm HTTP/1.0" 404 287 "-" "Mozilla/5.0 (compatible; Yahoo! Slurp; http://help.yahoo.com/help/us/ysearch/slurp)" 0 www.poach.org
64.246.165.150 - - [23/Apr/2007:00:49:06 -0400] "GET /robots.txt HTTP/1.0" 404 287 "http://www.whois.sc/" "SurveyBot/2.3 (Whois Source)" 0 www.poach.org
64.246.165.150 - - [23/Apr/2007:00:49:06 -0400] "GET / HTTP/1.1" 200 317 "http://www.whois.sc/poach.org" "SurveyBot/2.3 (Whois Source)" 0 www.poach.org
65.55.208.191 - - [23/Apr/2007:08:48:40 -0400] "GET /robots.txt HTTP/1.0" 404 287 "-" "msnbot/1.0 (+http://search.msn.com/msnbot.htm)" 0 www.poach.org
65.55.208.191 - - [23/Apr/2007:08:48:40 -0400] "GET /allstate_nn4.html HTTP/1.0" 404 294 "-" "msnbot/1.0 (+http://search.msn.com/msnbot.htm)" 0 www.poach.org
68.142.212.221 - - [23/Apr/2007:13:02:33 -0400] "GET /robots.txt HTTP/1.0" 404 287 "-" "Yahoo-MMCrawler/3.x (mms dash mmcrawler dash support at yahoo dash inc dot com)" 0 www.poach.org
74.6.75.43 - - [23/Apr/2007:13:06:14 -0400] "GET /robots.txt HTTP/1.0" 404 287 "-" "Mozilla/5.0 (compatible; Yahoo! Slurp; http://help.yahoo.com/help/us/ysearch/slurp)" 0 www.poach.org
74.6.68.170 - - [23/Apr/2007:13:06:14 -0400] "GET / HTTP/1.0" 200 305 "-" "Mozilla/5.0 (compatible; Yahoo! Slurp; http://help.yahoo.com/help/us/ysearch/slurp)" 0 www.poach.org
74.6.75.27 - - [23/Apr/2007:13:12:59 -0400] "GET /robots.txt HTTP/1.0" 404 287 "-" "Mozilla/5.0 (compatible; Yahoo! Slurp; http://help.yahoo.com/help/us/ysearch/slurp)" 0 www.poach.org
74.6.70.166 - - [23/Apr/2007:13:12:59 -0400] "GET /allstate.html HTTP/1.0" 404 290 "-" "Mozilla/5.0 (compatible; Yahoo! Slurp; http://help.yahoo.com/help/us/ysearch/slurp)" 0 www.poach.org
74.6.75.27 - - [23/Apr/2007:14:30:17 -0400] "GET /robots.txt HTTP/1.0" 404 287 "-" "Mozilla/5.0 (compatible; Yahoo! Slurp; http://help.yahoo.com/help/us/ysearch/slurp)" 0 www.poach.org
74.6.73.217 - - [23/Apr/2007:14:30:18 -0400] "GET /index.htm HTTP/1.0" 404 286 "-" "Mozilla/5.0 (compatible; Yahoo! Slurp; http://help.yahoo.com/help/us/ysearch/slurp)" 0 www.poach.org
129.241.104.186 - - [23/Apr/2007:15:49:30 -0400] "GET /allstate_nn4.html HTTP/1.1" 404 306 "-" "boitho.com-dc/0.85 ( http://www.boitho.com/dcbot.html )" 0 www.poach.org
65.55.208.191 - - [24/Apr/2007:15:17:34 -0400] "GET /robots.txt HTTP/1.0" 404 287 "-" "msnbot/1.0 (+http://search.msn.com/msnbot.htm)" 0 www.poach.org
65.55.208.191 - - [24/Apr/2007:15:17:34 -0400] "GET /allstate_nn4.html HTTP/1.0" 404 294 "-" "msnbot/1.0 (+http://search.msn.com/msnbot.htm)" 0 www.poach.org
66.249.65.175 - - [24/Apr/2007:19:36:28 -0400] "GET /robots.txt HTTP/1.1" 404 299 "-" "Mozilla/5.0 (compatible; Googlebot/2.1; +http://www.google.com/bot.html)" 0 www.poach.org
66.249.65.175 - - [24/Apr/2007:19:36:28 -0400] "GET /logs/error.log HTTP/1.1" 200 36209 "-" "Mozilla/5.0 (compatible; Googlebot/2.1; +http://www.google.com/bot.html)" 0 www.poach.org
66.249.65.175 - - [24/Apr/2007:19:39:51 -0400] "GET /logs/ HTTP/1.1" 200 376 "-" "Mozilla/5.0 (compatible; Googlebot/2.1; +http://www.google.com/bot.html)" 0 www.poach.org
207.112.47.236 - - [24/Apr/2007:20:17:22 -0400] "GET / HTTP/1.0" 200 305 "-" "Mozilla/4.0 (compatible; ICS)" 0 www.poach.org
72.160.71.233 - - [24/Apr/2007:20:43:05 -0400] "GET / HTTP/1.1" 200 317 "http://www.google.com/search?hl=en&q=Poach&btnG=Search" "Mozilla/5.0 (Macintosh; U; PPC Mac OS X Mach-O; en-US; rv:1.8.0.8) Gecko/20061025 Firefox/1.5.0.8" 0 www.poach.org
72.160.71.233 - - [24/Apr/2007:20:43:06 -0400] "GET /favicon.ico HTTP/1.1" 404 300 "-" "Mozilla/5.0 (Macintosh; U; PPC Mac OS X Mach-O; en-US; rv:1.8.0.8) Gecko/20061025 Firefox/1.5.0.8" 0 www.poach.org
217.212.224.144 - - [24/Apr/2007:23:59:12 -0400] "GET /robots.txt HTTP/1.0" 404 287 "-" "psbot/0.1 (+http://www.picsearch.com/bot.html)" 0 www.poach.org
217.212.224.168 - - [24/Apr/2007:23:59:16 -0400] "GET / HTTP/1.0" 200 305 "-" "psbot/0.1 (+http://www.picsearch.com/bot.html)" 0 www.poach.org
66.249.65.175 - - [25/Apr/2007:13:17:30 -0400] "GET /robots.txt HTTP/1.1" 404 299 "-" "Mozilla/5.0 (compatible; Googlebot/2.1; +http://www.google.com/bot.html)" 0 www.poach.org
66.249.65.175 - - [25/Apr/2007:13:17:31 -0400] "GET /logs/access.log HTTP/1.1" 200 70323 "-" "Mozilla/5.0 (compatible; Googlebot/2.1; +http://www.google.com/bot.html)" 1 www.poach.org
68.142.212.221 - - [25/Apr/2007:17:11:14 -0400] "GET /robots.txt HTTP/1.0" 404 287 "-" "Yahoo-MMCrawler/3.x (mms dash mmcrawler dash support at yahoo dash inc dot com)" 0 www.poach.org
65.55.208.191 - - [25/Apr/2007:22:11:14 -0400] "GET /robots.txt HTTP/1.0" 404 287 "-" "msnbot/1.0 (+http://search.msn.com/msnbot.htm)" 0 www.poach.org
65.55.208.191 - - [25/Apr/2007:22:11:14 -0400] "GET /allstate_nn4.html HTTP/1.0" 404 294 "-" "msnbot/1.0 (+http://search.msn.com/msnbot.htm)" 0 www.poach.org
74.6.75.27 - - [26/Apr/2007:08:19:47 -0400] "GET /robots.txt HTTP/1.0" 404 287 "-" "Mozilla/5.0 (compatible; Yahoo! Slurp; http://help.yahoo.com/help/us/ysearch/slurp)" 0 www.poach.org
74.6.74.72 - - [26/Apr/2007:08:19:47 -0400] "GET /page10.htm HTTP/1.0" 404 287 "-" "Mozilla/5.0 (compatible; Yahoo! Slurp; http://help.yahoo.com/help/us/ysearch/slurp)" 0 www.poach.org
74.6.75.27 - - [27/Apr/2007:00:54:17 -0400] "GET /robots.txt HTTP/1.0" 404 287 "-" "Mozilla/5.0 (compatible; Yahoo! Slurp; http://help.yahoo.com/help/us/ysearch/slurp)" 0 www.poach.org
74.6.70.44 - - [27/Apr/2007:00:54:17 -0400] "GET /page01.htm HTTP/1.0" 404 287 "-" "Mozilla/5.0 (compatible; Yahoo! Slurp; http://help.yahoo.com/help/us/ysearch/slurp)" 0 www.poach.org
74.6.75.27 - - [27/Apr/2007:04:02:18 -0400] "GET /robots.txt HTTP/1.0" 404 287 "-" "Mozilla/5.0 (compatible; Yahoo! Slurp; http://help.yahoo.com/help/us/ysearch/slurp)" 0 www.poach.org
74.6.70.221 - - [27/Apr/2007:04:02:18 -0400] "GET /page05.htm HTTP/1.0" 404 287 "-" "Mozilla/5.0 (compatible; Yahoo! Slurp; http://help.yahoo.com/help/us/ysearch/slurp)" 0 www.poach.org
81.255.82.66 - - [27/Apr/2007:04:13:26 -0400] "GET /logs/error.log HTTP/1.1" 200 37703 "-" "Mozilla/5.0 (Windows; U; Windows NT 5.0; fr; rv:1.8.0.8) Gecko/20061025 Firefox/1.5.0.8" 1 www.poach.org
65.55.208.191 - - [27/Apr/2007:04:36:09 -0400] "GET /robots.txt HTTP/1.0" 404 287 "-" "msnbot/1.0 (+http://search.msn.com/msnbot.htm)" 0 www.poach.org
65.55.208.191 - - [27/Apr/2007:04:36:09 -0400] "GET /allstate_nn4.html HTTP/1.0" 404 294 "-" "msnbot/1.0 (+http://search.msn.com/msnbot.htm)" 0 www.poach.org
74.6.75.27 - - [27/Apr/2007:04:45:24 -0400] "GET /robots.txt HTTP/1.0" 404 287 "-" "Mozilla/5.0 (compatible; Yahoo! Slurp; http://help.yahoo.com/help/us/ysearch/slurp)" 0 www.poach.org
74.6.68.170 - - [27/Apr/2007:04:45:25 -0400] "GET / HTTP/1.0" 200 305 "-" "Mozilla/5.0 (compatible; Yahoo! Slurp; http://help.yahoo.com/help/us/ysearch/slurp)" 0 www.poach.org
74.6.86.230 - - [28/Apr/2007:01:45:25 -0400] "GET /robots.txt HTTP/1.0" 404 287 "-" "Mozilla/5.0 (compatible; Yahoo! Slurp; http://help.yahoo.com/help/us/ysearch/slurp)" 0 www.poach.org
74.6.75.27 - - [28/Apr/2007:01:52:45 -0400] "GET /robots.txt HTTP/1.0" 404 287 "-" "Mozilla/5.0 (compatible; Yahoo! Slurp; http://help.yahoo.com/help/us/ysearch/slurp)" 0 www.poach.org
74.6.86.112 - - [28/Apr/2007:01:52:47 -0400] "GET /logs HTTP/1.0" 301 313 "-" "Mozilla/5.0 (compatible; Yahoo! Slurp; http://help.yahoo.com/help/us/ysearch/slurp)" 0 www.poach.org
74.6.68.74 - - [28/Apr/2007:01:52:50 -0400] "GET /page08.htm HTTP/1.0" 404 287 "-" "Mozilla/5.0 (compatible; Yahoo! Slurp; http://help.yahoo.com/help/us/ysearch/slurp)" 0 www.poach.org
74.6.86.112 - - [28/Apr/2007:01:56:19 -0400] "GET /logs/ HTTP/1.0" 200 364 "-" "Mozilla/5.0 (compatible; Yahoo! Slurp; http://help.yahoo.com/help/us/ysearch/slurp)" 0 www.poach.org
83.83.169.135 - - [28/Apr/2007:03:17:55 -0400] "GET /logs/access.log HTTP/1.1" 200 73896 "http://www.google.com/search?q=65.55.212.123&hl=en&start=20&sa=N" "Mozilla/4.0 (compatible; MSIE 6.0; Windows NT 5.1; SV1)" 0 www.poach.org
74.6.75.27 - - [28/Apr/2007:08:24:21 -0400] "GET /robots.txt HTTP/1.0" 404 287 "-" "Mozilla/5.0 (compatible; Yahoo! Slurp; http://help.yahoo.com/help/us/ysearch/slurp)" 0 www.poach.org
74.6.71.227 - - [28/Apr/2007:08:24:22 -0400] "GET /folder.htm HTTP/1.0" 404 287 "-" "Mozilla/5.0 (compatible; Yahoo! Slurp; http://help.yahoo.com/help/us/ysearch/slurp)" 0 www.poach.org
66.249.65.175 - - [28/Apr/2007:08:59:43 -0400] "GET /robots.txt HTTP/1.1" 404 299 "-" "Mozilla/5.0 (compatible; Googlebot/2.1; +http://www.google.com/bot.html)" 0 www.poach.org
66.249.65.175 - - [28/Apr/2007:08:59:43 -0400] "GET /logs/error.log HTTP/1.1" 200 38819 "-" "Mozilla/5.0 (compatible; Googlebot/2.1; +http://www.google.com/bot.html)" 0 www.poach.org
66.249.65.175 - - [28/Apr/2007:10:17:03 -0400] "GET /default.htm HTTP/1.1" 404 300 "-" "Mozilla/5.0 (compatible; Googlebot/2.1; +http://www.google.com/bot.html)" 0 www.poach.org
66.249.65.175 - - [28/Apr/2007:10:18:22 -0400] "GET /page12.htm HTTP/1.1" 404 299 "-" "Mozilla/5.0 (compatible; Googlebot/2.1; +http://www.google.com/bot.html)" 0 www.poach.org
65.55.208.191 - - [28/Apr/2007:11:01:00 -0400] "GET /robots.txt HTTP/1.0" 404 287 "-" "msnbot/1.0 (+http://search.msn.com/msnbot.htm)" 0 www.poach.org
65.55.208.191 - - [28/Apr/2007:11:01:00 -0400] "GET /allstate_nn4.html HTTP/1.0" 404 294 "-" "msnbot/1.0 (+http://search.msn.com/msnbot.htm)" 0 www.poach.org
74.6.75.27 - - [28/Apr/2007:23:30:03 -0400] "GET /robots.txt HTTP/1.0" 404 287 "-" "Mozilla/5.0 (compatible; Yahoo! Slurp; http://help.yahoo.com/help/us/ysearch/slurp)" 0 www.poach.org
72.30.177.169 - - [28/Apr/2007:23:30:04 -0400] "GET /page06.htm HTTP/1.0" 404 287 "-" "Mozilla/5.0 (compatible; Yahoo! Slurp; http://help.yahoo.com/help/us/ysearch/slurp)" 0 www.poach.org
66.249.65.175 - - [29/Apr/2007:04:44:44 -0400] "GET /robots.txt HTTP/1.1" 404 299 "-" "Mozilla/5.0 (compatible; Googlebot/2.1; +http://www.google.com/bot.html)" 1 www.poach.org
66.249.65.175 - - [29/Apr/2007:04:44:44 -0400] "GET /logs/access.log HTTP/1.1" 200 76071 "-" "Mozilla/5.0 (compatible; Googlebot/2.1; +http://www.google.com/bot.html)" 0 www.poach.org
74.6.75.27 - - [29/Apr/2007:08:40:12 -0400] "GET /robots.txt HTTP/1.0" 404 287 "-" "Mozilla/5.0 (compatible; Yahoo! Slurp; http://help.yahoo.com/help/us/ysearch/slurp)" 0 www.poach.org
74.6.68.170 - - [29/Apr/2007:08:40:14 -0400] "GET / HTTP/1.0" 200 305 "-" "Mozilla/5.0 (compatible; Yahoo! Slurp; http://help.yahoo.com/help/us/ysearch/slurp)" 0 www.poach.org
65.55.208.191 - - [29/Apr/2007:17:05:31 -0400] "GET /robots.txt HTTP/1.0" 404 287 "-" "msnbot/1.0 (+http://search.msn.com/msnbot.htm)" 0 www.poach.org
65.55.208.191 - - [29/Apr/2007:17:05:31 -0400] "GET /allstate_nn4.html HTTP/1.0" 404 294 "-" "msnbot/1.0 (+http://search.msn.com/msnbot.htm)" 0 www.poach.org
64.246.161.190 - - [30/Apr/2007:03:39:32 -0400] "GET /robots.txt HTTP/1.0" 404 287 "http://www.whois.sc/" "SurveyBot/2.3 (Whois Source)" 0 www.poach.org
64.246.161.190 - - [30/Apr/2007:03:39:32 -0400] "GET / HTTP/1.1" 200 317 "http://www.whois.sc/poach.org" "SurveyBot/2.3 (Whois Source)" 0 www.poach.org
74.6.86.230 - - [30/Apr/2007:05:36:46 -0400] "GET /robots.txt HTTP/1.0" 404 287 "-" "Mozilla/5.0 (compatible; Yahoo! Slurp; http://help.yahoo.com/help/us/ysearch/slurp)" 0 www.poach.org
74.6.87.46 - - [30/Apr/2007:05:36:46 -0400] "GET /logs/error.log HTTP/1.0" 200 40327 "-" "Mozilla/5.0 (compatible; Yahoo! Slurp; http://help.yahoo.com/help/us/ysearch/slurp)" 0 www.poach.org
74.6.86.230 - - [30/Apr/2007:12:22:44 -0400] "GET /robots.txt HTTP/1.0" 404 287 "-" "Mozilla/5.0 (compatible; Yahoo! Slurp; http://help.yahoo.com/help/us/ysearch/slurp)" 0 www.poach.org
74.6.86.25 - - [30/Apr/2007:12:23:11 -0400] "GET /allstate.html HTTP/1.0" 404 290 "-" "Mozilla/5.0 (compatible; Yahoo! Slurp; http://help.yahoo.com/help/us/ysearch/slurp)" 0 www.poach.org
74.6.75.27 - - [30/Apr/2007:20:38:47 -0400] "GET /robots.txt HTTP/1.0" 404 287 "-" "Mozilla/5.0 (compatible; Yahoo! Slurp; http://help.yahoo.com/help/us/ysearch/slurp)" 0 www.poach.org
74.6.68.232 - - [30/Apr/2007:20:38:47 -0400] "GET /page02.htm HTTP/1.0" 404 287 "-" "Mozilla/5.0 (compatible; Yahoo! Slurp; http://help.yahoo.com/help/us/ysearch/slurp)" 0 www.poach.org
38.99.13.121 - - [30/Apr/2007:23:08:07 -0400] "GET /robots.txt HTTP/1.0" 404 287 "-" "Mozilla/5.0 (Twiceler-0.9 http://www.cuill.com/twiceler/robot.html)" 0 www.poach.org
65.55.208.191 - - [30/Apr/2007:23:20:09 -0400] "GET /robots.txt HTTP/1.0" 404 287 "-" "msnbot/1.0 (+http://search.msn.com/msnbot.htm)" 0 www.poach.org
65.55.208.191 - - [30/Apr/2007:23:20:09 -0400] "GET /allstate_nn4.html HTTP/1.0" 404 294 "-" "msnbot/1.0 (+http://search.msn.com/msnbot.htm)" 0 www.poach.org
63.123.238.8 - - [30/Apr/2007:23:54:54 -0400] "GET /robots.txt HTTP/1.1" 404 299 "-" "Mozilla/2.0 (compatible; Ask Jeeves/Teoma)" 0 www.poach.org
63.123.238.8 - - [30/Apr/2007:23:54:54 -0400] "GET / HTTP/1.1" 200 317 "-" "Mozilla/2.0 (compatible; Ask Jeeves/Teoma)" 0 www.poach.org
66.249.65.227 - - [01/May/2007:00:32:11 -0400] "GET /robots.txt HTTP/1.1" 404 299 "-" "Mozilla/5.0 (compatible; Googlebot/2.1; +http://www.google.com/bot.html)" 0 www.poach.org
66.249.65.227 - - [01/May/2007:00:32:11 -0400] "GET /resume/clresume.rtf, HTTP/1.1" 404 309 "-" "Mozilla/5.0 (compatible; Googlebot/2.1; +http://www.google.com/bot.html)" 0 www.poach.org
74.6.86.230 - - [01/May/2007:06:32:12 -0400] "GET /robots.txt HTTP/1.0" 404 287 "-" "Mozilla/5.0 (compatible; Yahoo! Slurp; http://help.yahoo.com/help/us/ysearch/slurp)" 0 www.poach.org
74.6.86.162 - - [01/May/2007:06:32:12 -0400] "GET /logs/access.log HTTP/1.0" 200 79664 "-" "Mozilla/5.0 (compatible; Yahoo! Slurp; http://help.yahoo.com/help/us/ysearch/slurp)" 0 www.poach.org
65.55.212.123 - - [01/May/2007:12:37:39 -0400] "GET /robots.txt HTTP/1.0" 404 287 "-" "msnbot-media/1.0 (+http://search.msn.com/msnbot.htm)" 0 www.poach.org
65.55.212.123 - - [01/May/2007:12:37:39 -0400] "GET / HTTP/1.0" 200 305 "-" "msnbot-media/1.0 (+http://search.msn.com/msnbot.htm)" 0 www.poach.org
74.6.75.27 - - [01/May/2007:13:01:40 -0400] "GET /robots.txt HTTP/1.0" 404 287 "-" "Mozilla/5.0 (compatible; Yahoo! Slurp; http://help.yahoo.com/help/us/ysearch/slurp)" 0 www.poach.org
74.6.68.170 - - [01/May/2007:13:01:41 -0400] "GET / HTTP/1.0" 200 305 "-" "Mozilla/5.0 (compatible; Yahoo! Slurp; http://help.yahoo.com/help/us/ysearch/slurp)" 0 www.poach.org
74.6.86.230 - - [01/May/2007:16:03:43 -0400] "GET /robots.txt HTTP/1.0" 404 287 "-" "Mozilla/5.0 (compatible; Yahoo! Slurp; http://help.yahoo.com/help/us/ysearch/slurp)" 0 www.poach.org
74.6.85.211 - - [01/May/2007:16:03:53 -0400] "GET / HTTP/1.0" 200 305 "-" "Mozilla/5.0 (compatible; Yahoo! Slurp; http://help.yahoo.com/help/us/ysearch/slurp)" 0 www.poach.org
65.55.212.123 - - [01/May/2007:17:19:07 -0400] "GET /logs HTTP/1.0" 301 313 "-" "msnbot-media/1.0 (+http://search.msn.com/msnbot.htm)" 0 www.poach.org
65.55.212.123 - - [01/May/2007:17:23:17 -0400] "GET /logs/ HTTP/1.0" 200 364 "-" "msnbot-media/1.0 (+http://search.msn.com/msnbot.htm)" 0 www.poach.org
66.249.70.44 - - [01/May/2007:18:36:47 -0400] "GET /robots.txt HTTP/1.1" 404 299 "-" "Mozilla/5.0 (compatible; Googlebot/2.1; +http://www.google.com/bot.html)" 0 www.poach.org
66.249.70.44 - - [01/May/2007:18:36:48 -0400] "GET /logs/error.log HTTP/1.1" 200 42202 "-" "Mozilla/5.0 (compatible; Googlebot/2.1; +http://www.google.com/bot.html)" 1 www.poach.org
70.130.207.202 - - [01/May/2007:21:10:14 -0400] "GET / HTTP/1.1" 200 317 "http://www.aboutsociology.com/sociology/POACh" "Mozilla/4.0 (compatible; MSIE 7.0; Windows NT 5.1; FunWebProducts; YPC 3.2.0; .NET CLR 1.1.4322; yplus 5.1.04b)" 0 www.poach.org
70.130.207.202 - - [01/May/2007:21:10:14 -0400] "GET /favicon.ico HTTP/1.1" 404 300 "-" "Mozilla/4.0 (compatible; MSIE 7.0; Windows NT 5.1; FunWebProducts; YPC 3.2.0; .NET CLR 1.1.4322)" 0 www.poach.org
70.130.207.202 - - [01/May/2007:21:10:23 -0400] "GET / HTTP/1.1" 200 317 "http://www.aboutsociology.com/sociology/POACh" "Mozilla/4.0 (compatible; MSIE 7.0; Windows NT 5.1; FunWebProducts; YPC 3.2.0; .NET CLR 1.1.4322; yplus 5.1.04b)" 0 www.poach.org
70.130.207.202 - - [01/May/2007:21:10:52 -0400] "GET / HTTP/1.1" 200 317 "-" "Mozilla/4.0 (compatible; MSIE 7.0; Windows NT 5.1; FunWebProducts; YPC 3.2.0; .NET CLR 1.1.4322; yplus 5.1.04b)" 0 www.poach.org
70.130.207.202 - - [01/May/2007:21:10:59 -0400] "GET /logs HTTP/1.1" 301 325 "http://www.poach.org/" "Mozilla/4.0 (compatible; MSIE 7.0; Windows NT 5.1; FunWebProducts; YPC 3.2.0; .NET CLR 1.1.4322; yplus 5.1.04b)" 0 www.poach.org
70.130.207.202 - - [01/May/2007:21:10:59 -0400] "GET /logs/ HTTP/1.1" 200 376 "http://www.poach.org/" "Mozilla/4.0 (compatible; MSIE 7.0; Windows NT 5.1; FunWebProducts; YPC 3.2.0; .NET CLR 1.1.4322; yplus 5.1.04b)" 0 www.poach.org
70.130.207.202 - - [01/May/2007:21:11:06 -0400] "GET / HTTP/1.1" 200 317 "http://www.poach.org/logs/" "Mozilla/4.0 (compatible; MSIE 7.0; Windows NT 5.1; FunWebProducts; YPC 3.2.0; .NET CLR 1.1.4322; yplus 5.1.04b)" 0 www.poach.org
70.130.207.202 - - [01/May/2007:21:11:08 -0400] "GET / HTTP/1.1" 200 317 "http://www.poach.org/" "Mozilla/4.0 (compatible; MSIE 7.0; Windows NT 5.1; FunWebProducts; YPC 3.2.0; .NET CLR 1.1.4322; yplus 5.1.04b)" 0 www.poach.org
70.130.207.202 - - [01/May/2007:21:11:09 -0400] "GET / HTTP/1.1" 200 317 "http://www.poach.org/" "Mozilla/4.0 (compatible; MSIE 7.0; Windows NT 5.1; FunWebProducts; YPC 3.2.0; .NET CLR 1.1.4322; yplus 5.1.04b)" 0 www.poach.org
70.130.207.202 - - [01/May/2007:22:10:49 -0400] "GET / HTTP/1.1" 200 317 "http://www.aboutsociology.com/sociology/POACh" "Mozilla/4.0 (compatible; MSIE 7.0; Windows NT 5.1; FunWebProducts; YPC 3.2.0; .NET CLR 1.1.4322; yplus 5.1.04b)" 0 www.poach.org
70.130.207.202 - - [01/May/2007:22:10:49 -0400] "GET /favicon.ico HTTP/1.1" 404 300 "-" "Mozilla/4.0 (compatible; MSIE 7.0; Windows NT 5.1; FunWebProducts; YPC 3.2.0; .NET CLR 1.1.4322)" 0 www.poach.org
70.130.207.202 - - [01/May/2007:22:10:55 -0400] "GET /logs HTTP/1.1" 301 325 "http://www.poach.org/" "Mozilla/4.0 (compatible; MSIE 7.0; Windows NT 5.1; FunWebProducts; YPC 3.2.0; .NET CLR 1.1.4322; yplus 5.1.04b)" 0 www.poach.org
70.130.207.202 - - [01/May/2007:22:10:55 -0400] "GET /logs/ HTTP/1.1" 200 376 "http://www.poach.org/" "Mozilla/4.0 (compatible; MSIE 7.0; Windows NT 5.1; FunWebProducts; YPC 3.2.0; .NET CLR 1.1.4322; yplus 5.1.04b)" 0 www.poach.org
70.130.207.202 - - [01/May/2007:22:11:00 -0400] "GET / HTTP/1.1" 200 317 "http://www.poach.org/logs/" "Mozilla/4.0 (compatible; MSIE 7.0; Windows NT 5.1; FunWebProducts; YPC 3.2.0; .NET CLR 1.1.4322; yplus 5.1.04b)" 0 www.poach.org
70.130.207.202 - - [01/May/2007:22:12:05 -0400] "GET / HTTP/1.1" 200 317 "-" "Mozilla/4.0 (compatible; MSIE 7.0; Windows NT 5.1; FunWebProducts; YPC 3.2.0; .NET CLR 1.1.4322; yplus 5.1.04b)" 0 www.poach.org
74.6.75.27 - - [01/May/2007:22:12:09 -0400] "GET /robots.txt HTTP/1.0" 404 287 "-" "Mozilla/5.0 (compatible; Yahoo! Slurp; http://help.yahoo.com/help/us/ysearch/slurp)" 0 www.poach.org
74.6.70.166 - - [01/May/2007:22:12:14 -0400] "GET /allstate.html HTTP/1.0" 404 290 "-" "Mozilla/5.0 (compatible; Yahoo! Slurp; http://help.yahoo.com/help/us/ysearch/slurp)" 0 www.poach.org
70.130.207.202 - - [01/May/2007:22:12:57 -0400] "GET /logs HTTP/1.1" 301 325 "http://www.poach.org/" "Mozilla/4.0 (compatible; MSIE 7.0; Windows NT 5.1; FunWebProducts; YPC 3.2.0; .NET CLR 1.1.4322; yplus 5.1.04b)" 0 www.poach.org
70.130.207.202 - - [01/May/2007:22:12:57 -0400] "GET /logs/ HTTP/1.1" 200 376 "http://www.poach.org/" "Mozilla/4.0 (compatible; MSIE 7.0; Windows NT 5.1; FunWebProducts; YPC 3.2.0; .NET CLR 1.1.4322; yplus 5.1.04b)" 0 www.poach.org
70.130.207.202 - - [01/May/2007:22:13:04 -0400] "GET /logs/access.log HTTP/1.1" 200 32823 "http://www.poach.org/logs/" "Mozilla/4.0 (compatible; MSIE 7.0; Windows NT 5.1; FunWebProducts; YPC 3.2.0; .NET CLR 1.1.4322; yplus 5.1.04b)" 0 www.poach.org
70.130.207.202 - - [01/May/2007:22:13:04 -0400] "GET /logs/access.log HTTP/1.1" 200 12783 "-" "Mozilla/4.0 (compatible; MSIE 6.0)" 0 www.poach.org
74.6.86.230 - - [02/May/2007:00:42:23 -0400] "GET /robots.txt HTTP/1.0" 404 287 "-" "Mozilla/5.0 (compatible; Yahoo! Slurp; http://help.yahoo.com/help/us/ysearch/slurp)" 0 www.poach.org
74.6.85.154 - - [02/May/2007:00:43:21 -0400] "GET /allstate_nn4.html HTTP/1.0" 404 294 "-" "Mozilla/5.0 (compatible; Yahoo! Slurp; http://help.yahoo.com/help/us/ysearch/slurp)" 0 www.poach.org
74.6.75.27 - - [02/May/2007:01:41:01 -0400] "GET /robots.txt HTTP/1.0" 404 287 "-" "Mozilla/5.0 (compatible; Yahoo! Slurp; http://help.yahoo.com/help/us/ysearch/slurp)" 0 www.poach.org
74.6.73.217 - - [02/May/2007:01:41:01 -0400] "GET /index.htm HTTP/1.0" 404 286 "-" "Mozilla/5.0 (compatible; Yahoo! Slurp; http://help.yahoo.com/help/us/ysearch/slurp)" 0 www.poach.org
66.249.66.6 - - [02/May/2007:02:55:04 -0400] "GET /robots.txt HTTP/1.1" 404 299 "-" "Googlebot-Image/1.0" 0 www.poach.org
66.249.66.6 - - [02/May/2007:02:55:05 -0400] "GET /Book-Pages-Flipping.gif HTTP/1.1" 404 312 "-" "Googlebot-Image/1.0" 0 www.poach.org
65.55.208.191 - - [02/May/2007:06:31:06 -0400] "GET /robots.txt HTTP/1.0" 404 287 "-" "msnbot/1.0 (+http://search.msn.com/msnbot.htm)" 0 www.poach.org
65.55.208.191 - - [02/May/2007:06:31:06 -0400] "GET /allstate_nn4.html HTTP/1.0" 404 294 "-" "msnbot/1.0 (+http://search.msn.com/msnbot.htm)" 0 www.poach.org
65.55.212.123 - - [02/May/2007:09:44:05 -0400] "GET /robots.txt HTTP/1.0" 404 287 "-" "msnbot-media/1.0 (+http://search.msn.com/msnbot.htm)" 0 www.poach.org
65.55.212.123 - - [02/May/2007:09:44:05 -0400] "GET /logs/access.log HTTP/1.0" 200 87667 "-" "msnbot-media/1.0 (+http://search.msn.com/msnbot.htm)" 0 www.poach.org
65.55.212.123 - - [02/May/2007:09:44:36 -0400] "GET /logs/error.log HTTP/1.0" 200 43842 "-" "msnbot-media/1.0 (+http://search.msn.com/msnbot.htm)" 0 www.poach.org
61.135.152.194 - - [02/May/2007:10:56:22 -0400] "GET / HTTP/1.1" 200 313 "-" "curl/7.10.6 (i386-redhat-linux-gnu) libcurl/7.10.6 OpenSSL/0.9.7a ipv6 zlib/1.1.4" 0 www.poach.org
61.135.152.194 - - [02/May/2007:10:57:06 -0400] "GET / HTTP/1.1" 200 317 "-" "curl/7.10.6 (i386-redhat-linux-gnu) libcurl/7.10.6 OpenSSL/0.9.7a ipv6 zlib/1.1.4" 0 www.poach.org
66.249.66.6 - - [02/May/2007:18:16:00 -0400] "GET /robots.txt HTTP/1.1" 404 299 "-" "Mozilla/5.0 (compatible; Googlebot/2.1; +http://www.google.com/bot.html)" 0 www.poach.org
66.249.66.6 - - [02/May/2007:18:16:00 -0400] "GET /logs/access.log HTTP/1.1" 200 88523 "-" "Mozilla/5.0 (compatible; Googlebot/2.1; +http://www.google.com/bot.html)" 0 www.poach.org
208.17.184.68 - - [03/May/2007:05:20:30 -0400] "GET /robots.txt HTTP/1.1" 404 299 "-" "Mozilla/5.0 (X11; U; Linux i686; en-US; rv:1.7.12) Gecko/20050922 Fedora/1.0.7-1.1.fc4 Firefox/1.0.7" 1 www.poach.org
208.17.184.68 - - [03/May/2007:05:20:30 -0400] "GET / HTTP/1.1" 200 317 "" "Mozilla/5.0 (X11; U; Linux i686; en-US; rv:1.7.12) Gecko/20050922 Fedora/1.0.7-1.1.fc4 Firefox/1.0.7" 0 www.poach.org
208.17.184.68 - - [03/May/2007:05:20:30 -0400] "GET /logs HTTP/1.1" 301 325 "http://www.poach.org/" "Mozilla/5.0 (X11; U; Linux i686; en-US; rv:1.7.12) Gecko/20050922 Fedora/1.0.7-1.1.fc4 Firefox/1.0.7" 0 www.poach.org
208.17.184.68 - - [03/May/2007:05:20:30 -0400] "GET /logs/ HTTP/1.1" 200 376 "http://www.poach.org/" "Mozilla/5.0 (X11; U; Linux i686; en-US; rv:1.7.12) Gecko/20050922 Fedora/1.0.7-1.1.fc4 Firefox/1.0.7" 0 www.poach.org
65.55.208.191 - - [03/May/2007:13:07:24 -0400] "GET /robots.txt HTTP/1.0" 404 287 "-" "msnbot/1.0 (+http://search.msn.com/msnbot.htm)" 0 www.poach.org
65.55.208.191 - - [03/May/2007:13:07:24 -0400] "GET /allstate_nn4.html HTTP/1.0" 404 294 "-" "msnbot/1.0 (+http://search.msn.com/msnbot.htm)" 0 www.poach.org
83.83.169.135 - - [03/May/2007:16:17:18 -0400] "GET /logs/access.log HTTP/1.1" 200 89852 "http://www.google.nl/search?hl=nl&q=83.83.169.135&meta=" "Mozilla/4.0 (compatible; MSIE 6.0; Windows NT 5.1; SV1)" 1 www.poach.org
74.6.86.230 - - [03/May/2007:18:25:51 -0400] "GET /robots.txt HTTP/1.0" 404 287 "-" "Mozilla/5.0 (compatible; Yahoo! Slurp; http://help.yahoo.com/help/us/ysearch/slurp)" 0 www.poach.org
74.6.85.225 - - [03/May/2007:18:26:38 -0400] "GET /logs/ HTTP/1.0" 200 364 "-" "Mozilla/5.0 (compatible; Yahoo! Slurp; http://help.yahoo.com/help/us/ysearch/slurp)" 0 www.poach.org
74.6.75.27 - - [04/May/2007:10:54:52 -0400] "GET /robots.txt HTTP/1.0" 404 287 "-" "Mozilla/5.0 (compatible; Yahoo! Slurp; http://help.yahoo.com/help/us/ysearch/slurp)" 0 www.poach.org
74.6.68.170 - - [04/May/2007:10:54:53 -0400] "GET / HTTP/1.0" 200 305 "-" "Mozilla/5.0 (compatible; Yahoo! Slurp; http://help.yahoo.com/help/us/ysearch/slurp)" 0 www.poach.org
65.196.71.100 - - [04/May/2007:11:14:57 -0400] "GET / HTTP/1.0" 200 305 "-" "Mnogosearch-3.1.21" 0 www.poach.org
71.222.18.74 - - [04/May/2007:12:24:03 -0400] "GET /allstate_nn4.html HTTP/1.1" 404 306 "http://www.outofthedark.com/CorporateWars/WarLinks.html" "Mozilla/4.0 (compatible; MSIE 7.0; Windows NT 5.1; .NET CLR 1.0.3705; .NET CLR 1.1.4322; Media Center PC 4.0; .NET CLR 2.0.50727)" 0 www.poach.org
65.54.188.98 - - [04/May/2007:17:15:51 -0400] "GET /robots.txt HTTP/1.0" 404 287 "-" "msnbot/1.0 (+http://search.msn.com/msnbot.htm)" 0 www.poach.org
65.54.188.98 - - [04/May/2007:17:15:51 -0400] "GET /allstate_nn4.html HTTP/1.0" 404 294 "-" "msnbot/1.0 (+http://search.msn.com/msnbot.htm)" 0 www.poach.org
65.55.208.191 - - [04/May/2007:19:58:57 -0400] "GET /robots.txt HTTP/1.0" 404 287 "-" "msnbot/1.0 (+http://search.msn.com/msnbot.htm)" 0 www.poach.org
65.55.208.191 - - [04/May/2007:19:58:57 -0400] "GET /allstate_nn4.html HTTP/1.0" 404 294 "-" "msnbot/1.0 (+http://search.msn.com/msnbot.htm)" 0 www.poach.org
74.6.86.230 - - [05/May/2007:02:30:00 -0400] "GET /robots.txt HTTP/1.0" 404 287 "-" "Mozilla/5.0 (compatible; Yahoo! Slurp; http://help.yahoo.com/help/us/ysearch/slurp)" 0 www.poach.org
74.6.86.112 - - [05/May/2007:02:33:29 -0400] "GET /logs HTTP/1.0" 301 313 "-" "Mozilla/5.0 (compatible; Yahoo! Slurp; http://help.yahoo.com/help/us/ysearch/slurp)" 0 www.poach.org
74.6.86.112 - - [05/May/2007:02:37:25 -0400] "GET /logs/ HTTP/1.0" 200 364 "-" "Mozilla/5.0 (compatible; Yahoo! Slurp; http://help.yahoo.com/help/us/ysearch/slurp)" 0 www.poach.org
208.61.147.62 - - [05/May/2007:02:43:25 -0400] "GET /allstate_nn4.html HTTP/1.1" 404 306 "http://www.outofthedark.com/CorporateWars/WarLinks.html" "Mozilla/5.0 (Windows; U; Windows NT 5.1; en-US; rv:1.8.1.3) Gecko/20070309 Firefox/2.0.0.3" 0 www.poach.org
208.61.147.62 - - [05/May/2007:02:43:25 -0400] "GET /favicon.ico HTTP/1.1" 404 300 "-" "Mozilla/5.0 (Windows; U; Windows NT 5.1; en-US; rv:1.8.1.3) Gecko/20070309 Firefox/2.0.0.3" 0 www.poach.org
74.6.75.27 - - [05/May/2007:11:55:23 -0400] "GET /robots.txt HTTP/1.0" 404 287 "-" "Mozilla/5.0 (compatible; Yahoo! Slurp; http://help.yahoo.com/help/us/ysearch/slurp)" 0 www.poach.org
74.6.74.166 - - [05/May/2007:11:55:23 -0400] "GET /buttons.htm HTTP/1.0" 404 288 "-" "Mozilla/5.0 (compatible; Yahoo! Slurp; http://help.yahoo.com/help/us/ysearch/slurp)" 0 www.poach.org
38.99.44.102 - - [05/May/2007:11:58:58 -0400] "GET /robots.txt HTTP/1.0" 404 287 "-" "Mozilla/5.0 (Twiceler-0.9 http://www.cuill.com/twiceler/robot.html)" 0 www.poach.org
66.249.66.6 - - [05/May/2007:14:29:56 -0400] "GET /robots.txt HTTP/1.1" 404 299 "-" "Mozilla/5.0 (compatible; Googlebot/2.1; +http://www.google.com/bot.html)" 0 www.poach.org
66.249.66.6 - - [05/May/2007:14:29:57 -0400] "GET /logs/error.log HTTP/1.1" 200 46109 "-" "Mozilla/5.0 (compatible; Googlebot/2.1; +http://www.google.com/bot.html)" 0 www.poach.org
74.6.75.27 - - [05/May/2007:20:37:47 -0400] "GET /robots.txt HTTP/1.0" 404 287 "-" "Mozilla/5.0 (compatible; Yahoo! Slurp; http://help.yahoo.com/help/us/ysearch/slurp)" 0 www.poach.org
74.6.74.72 - - [05/May/2007:20:37:52 -0400] "GET /page10.htm HTTP/1.0" 404 287 "-" "Mozilla/5.0 (compatible; Yahoo! Slurp; http://help.yahoo.com/help/us/ysearch/slurp)" 0 www.poach.org
74.6.75.27 - - [06/May/2007:07:46:49 -0400] "GET /robots.txt HTTP/1.0" 404 287 "-" "Mozilla/5.0 (compatible; Yahoo! Slurp; http://help.yahoo.com/help/us/ysearch/slurp)" 0 www.poach.org
74.6.68.170 - - [06/May/2007:07:46:49 -0400] "GET / HTTP/1.0" 200 305 "-" "Mozilla/5.0 (compatible; Yahoo! Slurp; http://help.yahoo.com/help/us/ysearch/slurp)" 0 www.poach.org
66.249.66.6 - - [06/May/2007:11:52:54 -0400] "GET /robots.txt HTTP/1.1" 404 299 "-" "Mozilla/5.0 (compatible; Googlebot/2.1; +http://www.google.com/bot.html)" 0 www.poach.org
66.249.66.6 - - [06/May/2007:11:52:54 -0400] "GET /logs/access.log HTTP/1.1" 200 94628 "-" "Mozilla/5.0 (compatible; Googlebot/2.1; +http://www.google.com/bot.html)" 0 www.poach.org
64.246.161.190 - - [07/May/2007:02:04:13 -0400] "GET /robots.txt HTTP/1.0" 404 287 "http://www.whois.sc/" "SurveyBot/2.3 (Whois Source)" 0 www.poach.org
64.246.161.190 - - [07/May/2007:02:04:13 -0400] "GET / HTTP/1.1" 200 317 "http://www.whois.sc/poach.org" "SurveyBot/2.3 (Whois Source)" 0 www.poach.org
70.180.88.254 - - [07/May/2007:03:22:12 -0400] "GET /page01.htm HTTP/1.1" 404 299 "http://www.ask.com/web?o=333&qsrc=6&l=dir&q=Why+Do+People+Need+Lawyers" "Mozilla/4.0 (compatible; MSIE 6.0; Windows NT 5.1; .NET CLR 1.1.4322)" 0 www.poach.org
70.180.88.254 - - [07/May/2007:03:22:13 -0400] "GET /page01.htm HTTP/1.1" 404 299 "http://as.starware.com/dp/search?x=wKX1ILEOi+V4Si9t41cPILeCDXZ2TTLy496hhNX8myPe8I6WqdO/jAa/gvUfwBb/tvMuuZ83i15aP62ivWXeidS5o7lHeMVK6wd+mCktxreJaZs/So9d8WTjnsZ2qw71zv2dre6UCtbbXBcZp3ht5yflbpdPXybiekVq/h+3T9ASmbE3on8BVw5NYzV5gmFAZgBEN+3Qg6BXgPvRi5WHaIiHRiRsGHOQMgf9xJt5MG7dm1gfhdo57JS7Uh/J+5HpjITMb+QnW+zN62bsFJpc6RTxqXScx5iG++msafr16I1RfpY0bovwj5D8KLQPOAEPfvpvljrJcnbvEwFO3wvfhXsyGE4Z9N8DavoltfdarYJjl2l0TNRr4n3W8UMAVcHeMDfTe/qtIE2g5oV1vRWFVC4yTEr9y3wFhMDHjjdgKs1uYA5MrVIyjdV/X4cT0kRuyZ9E37YYs8m4p7ekjjFsCfSgzEpw+FldqlMCB/tgZjW83j5HX5it370GE+rPuurZhVE/vxyDYKoOU490h7TjX+st0FZrMpLaQRzOjZgcbOvoUIGBADDg/ahc42qyTxaATAAuvWn/WcyJp+Ax2dfK1CMA3Jg1zgx/i3u8YnbUOcxAT/UxPuiKca3NdXwCIRRJ+qJLHbhvqy2DCGNtTVEyLrsJs7cbTdOHE+UTPiZA2Fom0X8WsRoTScakSsKaofaLlAAv7gJJEswpco0CT57CnJTDzGiYEIaN2UPd2VcG9hogEdWcSHYu0ACpiLE3prSIHx849FK1LPrLAjMm5BSzjOJ2PSx+9j3JERNbhBQ86VQzMZSqI2FT5HdKB326YQfPM+g+u0p7yiXsBVi5WyeciOigJh0XrN/T" "Mozilla/4.0 (compatible; MSIE 6.0; Windows NT 5.1; .NET CLR 1.1.4322)" 0 www.poach.org
70.180.88.254 - - [07/May/2007:03:22:16 -0400] "GET /page01.htm HTTP/1.1" 404 299 "http://as.starware.com/dp/search?x=wKX1ILEOi+V4Si9t41cPILeCDXZ2TTLy496hhNX8myPe8I6WqdO/jAa/gvUfwBb/tvMuuZ83i15aP62ivWXeidS5o7lHeMVK6wd+mCktxreJaZs/So9d8WTjnsZ2qw71zv2dre6UCtbbXBcZp3ht5yflbpdPXybiekVq/h+3T9ASmbE3on8BVw5NYzV5gmFAZgBEN+3Qg6BXgPvRi5WHaIiHRiRsGHOQMgf9xJt5MG7dm1gfhdo57JS7Uh/J+5HpjITMb+QnW+zN62bsFJpc6RTxqXScx5iG++msafr16I1RfpY0bovwj5D8KLQPOAEPfvpvljrJcnbvEwFO3wvfhXsyGE4Z9N8DavoltfdarYJjl2l0TNRr4n3W8UMAVcHeMDfTe/qtIE2g5oV1vRWFVC4yTEr9y3wFhMDHjjdgKs1uYA5MrVIyjdV/X4cT0kRuyZ9E37YYs8m4p7ekjjFsCfSgzEpw+FldqlMCB/tgZjW83j5HX5it370GE+rPuurZhVE/vxyDYKoOU490h7TjX+st0FZrMpLaQRzOjZgcbOvoUIGBADDg/ahc42qyTxaATAAuvWn/WcyJp+Ax2dfK1CMA3Jg1zgx/i3u8YnbUOcxAT/UxPuiKca3NdXwCIRRJ+qJLHbhvqy2DCGNtTVEyLrsJs7cbTdOHE+UTPiZA2Fom0X8WsRoTScakSsKaofaLlAAv7gJJEswpco0CT57CnJTDzGiYEIaN2UPd2VcG9hogEdWcSHYu0ACpiLE3prSIHx849FK1LPrLAjMm5BSzjOJ2PSx+9j3JERNbhBQ86VQzMZSqI2FT5HdKB326YQfPM+g+u0p7yiXsBVi5WyeciOigJh0XrN/T" "Mozilla/4.0 (compatible; MSIE 6.0; Windows NT 5.1; .NET CLR 1.1.4322)" 0 www.poach.org
70.180.88.254 - - [07/May/2007:03:22:19 -0400] "GET /page01.htm HTTP/1.1" 404 299 "http://as.starware.com/dp/search?x=wKX1ILEOi+V4Si9t41cPILeCDXZ2TTLy496hhNX8myPe8I6WqdO/jAa/gvUfwBb/tvMuuZ83i15aP62ivWXeidS5o7lHeMVK6wd+mCktxreJaZs/So9d8WTjnsZ2qw71zv2dre6UCtbbXBcZp3ht5yflbpdPXybiekVq/h+3T9ASmbE3on8BVw5NYzV5gmFAZgBEN+3Qg6BXgPvRi5WHaIiHRiRsGHOQMgf9xJt5MG7dm1gfhdo57JS7Uh/J+5HpjITMb+QnW+zN62bsFJpc6RTxqXScx5iG++msafr16I1RfpY0bovwj5D8KLQPOAEPfvpvljrJcnbvEwFO3wvfhXsyGE4Z9N8DavoltfdarYJjl2l0TNRr4n3W8UMAVcHeMDfTe/qtIE2g5oV1vRWFVC4yTEr9y3wFhMDHjjdgKs1uYA5MrVIyjdV/X4cT0kRuyZ9E37YYs8m4p7ekjjFsCfSgzEpw+FldqlMCB/tgZjW83j5HX5it370GE+rPuurZhVE/vxyDYKoOU490h7TjX+st0FZrMpLaQRzOjZgcbOvoUIGBADDg/ahc42qyTxaATAAuvWn/WcyJp+Ax2dfK1CMA3Jg1zgx/i3u8YnbUOcxAT/UxPuiKca3NdXwCIRRJ+qJLHbhvqy2DCGNtTVEyLrsJs7cbTdOHE+UTPiZA2Fom0X8WsRoTScakSsKaofaLlAAv7gJJEswpco0CT57CnJTDzGiYEIaN2UPd2VcG9hogEdWcSHYu0ACpiLE3prSIHx849FK1LPrLAjMm5BSzjOJ2PSx+9j3JERNbhBQ86VQzMZSqI2FT5HdKB326YQfPM+g+u0p7yiXsBVi5WyeciOigJh0XrN/T" "Mozilla/4.0 (compatible; MSIE 6.0; Windows NT 5.1; .NET CLR 1.1.4322)" 0 www.poach.org
74.6.86.230 - - [07/May/2007:06:04:08 -0400] "GET /robots.txt HTTP/1.0" 404 287 "-" "Mozilla/5.0 (compatible; Yahoo! Slurp; http://help.yahoo.com/help/us/ysearch/slurp)" 0 www.poach.org
74.6.87.46 - - [07/May/2007:06:10:39 -0400] "GET /logs/error.log HTTP/1.0" 200 47347 "-" "Mozilla/5.0 (compatible; Yahoo! Slurp; http://help.yahoo.com/help/us/ysearch/slurp)" 1 www.poach.org
65.54.188.98 - - [07/May/2007:09:00:30 -0400] "GET /robots.txt HTTP/1.0" 404 287 "-" "msnbot/1.0 (+http://search.msn.com/msnbot.htm)" 0 www.poach.org
65.54.188.98 - - [07/May/2007:09:00:30 -0400] "GET /allstate_nn4.html HTTP/1.0" 404 294 "-" "msnbot/1.0 (+http://search.msn.com/msnbot.htm)" 0 www.poach.org
74.52.245.146 - - [07/May/2007:11:49:53 -0400] "GET / HTTP/1.0" 200 305 "-" "Mozilla/5.0 (X11; U; Linux i686; en-US; rv:1.7.5) Gecko/20041107 Firefox/1.0" 0 www.poach.org
74.6.75.13 - - [08/May/2007:00:32:31 -0400] "GET /robots.txt HTTP/1.0" 404 287 "-" "Mozilla/5.0 (compatible; Yahoo! Slurp; http://help.yahoo.com/help/us/ysearch/slurp)" 0 www.poach.org
74.6.71.187 - - [08/May/2007:00:32:31 -0400] "GET /page11.htm HTTP/1.0" 404 287 "-" "Mozilla/5.0 (compatible; Yahoo! Slurp; http://help.yahoo.com/help/us/ysearch/slurp)" 0 www.poach.org
