74.6.68.170 - - [16/Jul/2007:17:29:12 -0400] "GET / HTTP/1.0" 200 305 "-" "Mozilla/5.0 (compatible; Yahoo! Slurp; http://help.yahoo.com/help/us/ysearch/slurp)" 0 www.poach.org
68.142.212.221 - - [16/Jul/2007:20:55:23 -0400] "GET /robots.txt HTTP/1.0" 404 287 "-" "Yahoo-MMCrawler/3.x (mms dash mmcrawler dash support at yahoo dash inc dot com)" 0 www.poach.org
74.6.68.170 - - [16/Jul/2007:21:35:23 -0400] "GET / HTTP/1.0" 200 305 "-" "Mozilla/5.0 (compatible; Yahoo! Slurp; http://help.yahoo.com/help/us/ysearch/slurp)" 0 www.poach.org
65.54.188.95 - - [17/Jul/2007:08:06:25 -0400] "GET /robots.txt HTTP/1.0" 404 287 "-" "msnbot/1.0 (+http://search.msn.com/msnbot.htm)" 0 www.poach.org
65.54.188.95 - - [17/Jul/2007:08:06:26 -0400] "GET /allstate_nn4.html HTTP/1.0" 404 294 "-" "msnbot/1.0 (+http://search.msn.com/msnbot.htm)" 0 www.poach.org
74.6.19.123 - - [17/Jul/2007:18:31:03 -0400] "GET /robots.txt HTTP/1.0" 404 287 "-" "Mozilla/5.0 (compatible; Yahoo! Slurp; http://help.yahoo.com/help/us/ysearch/slurp)" 0 www.poach.org
74.6.20.155 - - [17/Jul/2007:18:31:04 -0400] "GET / HTTP/1.0" 200 305 "-" "Mozilla/5.0 (compatible; Yahoo! Slurp; http://help.yahoo.com/help/us/ysearch/slurp)" 0 www.poach.org
74.6.19.124 - - [17/Jul/2007:20:41:07 -0400] "GET /robots.txt HTTP/1.0" 404 287 "-" "Mozilla/5.0 (compatible; Yahoo! Slurp; http://help.yahoo.com/help/us/ysearch/slurp)" 0 www.poach.org
74.6.28.44 - - [17/Jul/2007:20:41:07 -0400] "GET /allstate_nn4.html HTTP/1.0" 404 294 "-" "Mozilla/5.0 (compatible; Yahoo! Slurp; http://help.yahoo.com/help/us/ysearch/slurp)" 0 www.poach.org
220.226.198.51 - - [17/Jul/2007:22:21:57 -0400] "GET /robots.txt HTTP/1.0" 404 287 "-" "RedBot/redbot-1.0 (Rediff.com Crawler; redbot at rediff dot com)" 0 www.poach.org
220.226.198.51 - - [17/Jul/2007:22:21:57 -0400] "GET /allstate_nn4.html HTTP/1.0" 404 294 "-" "RedBot/redbot-1.0 (Rediff.com Crawler; redbot at rediff dot com)" 0 www.poach.org
202.160.178.100 - - [18/Jul/2007:04:51:07 -0400] "GET /robots.txt HTTP/1.0" 404 287 "-" "Mozilla/5.0 (compatible; Yahoo! Slurp China; http://misc.yahoo.com.cn/help.html)" 0 www.poach.org
202.160.180.191 - - [18/Jul/2007:04:51:08 -0400] "GET / HTTP/1.0" 200 305 "-" "Mozilla/5.0 (compatible; Yahoo! Slurp China; http://misc.yahoo.com.cn/help.html)" 0 www.poach.org
63.123.238.8 - - [18/Jul/2007:09:58:07 -0400] "GET /robots.txt HTTP/1.1" 404 299 "-" "Mozilla/2.0 (compatible; Ask Jeeves/Teoma)" 0 www.poach.org
63.123.238.8 - - [18/Jul/2007:09:58:07 -0400] "GET / HTTP/1.1" 200 317 "-" "Mozilla/2.0 (compatible; Ask Jeeves/Teoma)" 0 www.poach.org
74.6.75.14 - - [18/Jul/2007:11:33:09 -0400] "GET /robots.txt HTTP/1.0" 404 287 "-" "Mozilla/5.0 (compatible; Yahoo! Slurp; http://help.yahoo.com/help/us/ysearch/slurp)" 0 www.poach.org
74.6.74.71 - - [18/Jul/2007:11:33:21 -0400] "GET /page09.htm HTTP/1.0" 404 287 "-" "Mozilla/5.0 (compatible; Yahoo! Slurp; http://help.yahoo.com/help/us/ysearch/slurp)" 0 www.poach.org
66.249.65.47 - - [18/Jul/2007:17:19:12 -0400] "GET /robots.txt HTTP/1.1" 404 299 "-" "Mozilla/5.0 (compatible; Googlebot/2.1; +http://www.google.com/bot.html)" 0 www.poach.org
66.249.65.47 - - [18/Jul/2007:17:19:12 -0400] "GET /logs/error.log HTTP/1.1" 200 112905 "-" "Mozilla/5.0 (compatible; Googlebot/2.1; +http://www.google.com/bot.html)" 0 www.poach.org
67.181.21.139 - - [18/Jul/2007:19:02:14 -0400] "GET /logs/error.log HTTP/1.1" 200 112905 "http://www.google.com/search?q=67.181.21.139&ie=utf-8&oe=utf-8&aq=t&rls=org.mozilla:en-US:official&client=firefox-a" "Mozilla/5.0 (Windows; U; Windows NT 5.1; en-US; rv:1.8.1.4) Gecko/20070515 Firefox/2.0.0.4" 1 www.poach.org
67.181.21.139 - - [18/Jul/2007:19:02:14 -0400] "GET /favicon.ico HTTP/1.1" 404 300 "-" "Mozilla/5.0 (Windows; U; Windows NT 5.1; en-US; rv:1.8.1.4) Gecko/20070515 Firefox/2.0.0.4" 0 www.poach.org
67.181.21.139 - - [18/Jul/2007:19:02:15 -0400] "GET /favicon.ico HTTP/1.1" 404 300 "-" "Mozilla/4.0 (compatible; Google Desktop)" 0 www.poach.org
67.181.21.139 - - [18/Jul/2007:19:02:26 -0400] "GET /logs/access.log HTTP/1.1" 200 253651 "http://www.google.com/search?q=67.181.21.139&ie=utf-8&oe=utf-8&aq=t&rls=org.mozilla:en-US:official&client=firefox-a" "Mozilla/5.0 (Windows; U; Windows NT 5.1; en-US; rv:1.8.1.4) Gecko/20070515 Firefox/2.0.0.4" 2 www.poach.org
64.1.215.163 - - [18/Jul/2007:19:38:14 -0400] "GET /robots.txt HTTP/1.0" 404 287 "-" "Mozilla/5.0 (Twiceler-0.9 http://www.cuill.com/twiceler/robot.html)" 0 www.poach.org
68.142.212.221 - - [19/Jul/2007:03:35:16 -0400] "GET /robots.txt HTTP/1.0" 404 287 "-" "Yahoo-MMCrawler/3.x (mms dash mmcrawler dash support at yahoo dash inc dot com)" 0 www.poach.org
74.6.75.14 - - [19/Jul/2007:07:00:18 -0400] "GET /robots.txt HTTP/1.0" 404 287 "-" "Mozilla/5.0 (compatible; Yahoo! Slurp; http://help.yahoo.com/help/us/ysearch/slurp)" 0 www.poach.org
74.6.68.170 - - [19/Jul/2007:07:00:21 -0400] "GET / HTTP/1.0" 200 305 "-" "Mozilla/5.0 (compatible; Yahoo! Slurp; http://help.yahoo.com/help/us/ysearch/slurp)" 0 www.poach.org
64.1.215.163 - - [19/Jul/2007:14:51:30 -0400] "GET /robots.txt HTTP/1.0" 404 287 "-" "Mozilla/5.0 (Twiceler-0.9 http://www.cuill.com/twiceler/robot.html)" 0 www.poach.org
66.41.181.91 - - [19/Jul/2007:15:43:27 -0400] "GET /allstate_nn4.html HTTP/1.1" 404 306 "http://www.outofthedark.com/CorporateWars/WarLinks.html" "Mozilla/4.0 (compatible; MSIE 6.0; Windows NT 5.1; SV1)" 0 www.poach.org
74.6.75.27 - - [19/Jul/2007:16:34:14 -0400] "GET /robots.txt HTTP/1.0" 404 283 "-" "Mozilla/5.0 (compatible; Yahoo! Slurp; http://help.yahoo.com/help/us/ysearch/slurp)" 0 www.poach.org
74.6.69.198 - - [19/Jul/2007:16:34:14 -0400] "GET / HTTP/1.0" 200 301 "-" "Mozilla/5.0 (compatible; Yahoo! Slurp; http://help.yahoo.com/help/us/ysearch/slurp)" 0 www.poach.org
66.249.65.47 - - [19/Jul/2007:18:00:44 -0400] "GET /robots.txt HTTP/1.1" 404 299 "-" "Mozilla/5.0 (compatible; Googlebot/2.1; +http://www.google.com/bot.html)" 0 www.poach.org
66.249.65.47 - - [19/Jul/2007:18:00:44 -0400] "GET / HTTP/1.1" 200 317 "-" "Mozilla/5.0 (compatible; Googlebot/2.1; +http://www.google.com/bot.html)" 0 www.poach.org
66.249.65.47 - - [19/Jul/2007:18:06:52 -0400] "GET /logs/access.log HTTP/1.1" 200 255779 "-" "Mozilla/5.0 (compatible; Googlebot/2.1; +http://www.google.com/bot.html)" 0 www.poach.org
89.150.197.144 - - [19/Jul/2007:19:09:42 -0400] "GET /robots.txt HTTP/1.0" 404 287 "-" "Speedy Spider (http://www.entireweb.com/about/search_tech/speedyspider/)" 0 www.poach.org
89.150.197.144 - - [19/Jul/2007:19:09:42 -0400] "GET /allstate_nn4.html HTTP/1.0" 404 294 "-" "Speedy Spider (http://www.entireweb.com/about/search_tech/speedyspider/)" 0 www.poach.org
74.6.19.124 - - [20/Jul/2007:06:00:47 -0400] "GET /robots.txt HTTP/1.0" 404 287 "-" "Mozilla/5.0 (compatible; Yahoo! Slurp; http://help.yahoo.com/help/us/ysearch/slurp)" 0 www.poach.org
74.6.25.203 - - [20/Jul/2007:06:00:47 -0400] "GET /allstate.html HTTP/1.0" 404 290 "-" "Mozilla/5.0 (compatible; Yahoo! Slurp; http://help.yahoo.com/help/us/ysearch/slurp)" 0 www.poach.org
202.160.178.100 - - [20/Jul/2007:07:21:36 -0400] "GET /robots.txt HTTP/1.0" 404 287 "-" "Mozilla/5.0 (compatible; Yahoo! Slurp China; http://misc.yahoo.com.cn/help.html)" 0 www.poach.org
202.160.180.191 - - [20/Jul/2007:07:21:57 -0400] "GET / HTTP/1.0" 200 305 "-" "Mozilla/5.0 (compatible; Yahoo! Slurp China; http://misc.yahoo.com.cn/help.html)" 0 www.poach.org
65.54.154.45 - - [20/Jul/2007:08:01:01 -0400] "GET /favicon.ico HTTP/1.0" 404 288 "-" "Mozilla/4.0 (compatible; MSIE 7.0; Windows NT 5.1; .NET CLR 1.1.4322; MSN 9.0;MSN 9.1; MSNbMSNI; MSNmen-us; MSNcIA)" 0 www.poach.org
65.54.154.45 - - [20/Jul/2007:08:05:55 -0400] "GET /favicon.ico HTTP/1.0" 404 288 "-" "Mozilla/4.0 (compatible; MSIE 7.0; Windows NT 5.1; .NET CLR 1.1.4322; MSN 9.0;MSN 9.1; MSNbMSNI; MSNmen-us; MSNcIA)" 0 www.poach.org
74.6.75.14 - - [20/Jul/2007:15:36:40 -0400] "GET /robots.txt HTTP/1.0" 404 287 "-" "Mozilla/5.0 (compatible; Yahoo! Slurp; http://help.yahoo.com/help/us/ysearch/slurp)" 0 www.poach.org
74.6.17.75 - - [20/Jul/2007:15:36:40 -0400] "GET / HTTP/1.0" 200 305 "-" "Mozilla/5.0 (compatible; Yahoo! Slurp; http://help.yahoo.com/help/us/ysearch/slurp)" 0 www.poach.org
74.6.17.165 - - [20/Jul/2007:15:42:38 -0400] "GET /logs HTTP/1.0" 301 313 "-" "Mozilla/5.0 (compatible; Yahoo! Slurp; http://help.yahoo.com/help/us/ysearch/slurp)" 0 www.poach.org
74.6.17.165 - - [20/Jul/2007:15:42:48 -0400] "GET /logs/ HTTP/1.0" 200 364 "-" "Mozilla/5.0 (compatible; Yahoo! Slurp; http://help.yahoo.com/help/us/ysearch/slurp)" 0 www.poach.org
74.6.18.78 - - [20/Jul/2007:23:51:10 -0400] "GET /allstate_nn4.html HTTP/1.0" 404 294 "-" "Mozilla/5.0 (compatible; Yahoo! Slurp; http://help.yahoo.com/help/us/ysearch/slurp)" 0 www.poach.org
38.96.193.119 - - [21/Jul/2007:02:24:25 -0400] "GET / HTTP/1.1" 200 317 "DRT-ResolveBot-Ignore" "Mozilla/4.0 (compatible; MSIE 6.0; Windows NT 5.1; SV1; .NET CLR 1.1.4322)" 0 www.poach.org
68.142.212.221 - - [21/Jul/2007:11:25:04 -0400] "GET /robots.txt HTTP/1.0" 404 287 "-" "Yahoo-MMCrawler/3.x (mms dash mmcrawler dash support at yahoo dash inc dot com)" 0 www.poach.org
74.6.75.27 - - [21/Jul/2007:22:58:03 -0400] "GET /robots.txt HTTP/1.0" 404 283 "-" "Mozilla/5.0 (compatible; Yahoo! Slurp; http://help.yahoo.com/help/us/ysearch/slurp)" 0 www.poach.org
74.6.69.198 - - [21/Jul/2007:22:58:09 -0400] "GET / HTTP/1.0" 200 301 "-" "Mozilla/5.0 (compatible; Yahoo! Slurp; http://help.yahoo.com/help/us/ysearch/slurp)" 0 www.poach.org
74.6.19.124 - - [22/Jul/2007:12:38:20 -0400] "GET /robots.txt HTTP/1.0" 404 287 "-" "Mozilla/5.0 (compatible; Yahoo! Slurp; http://help.yahoo.com/help/us/ysearch/slurp)" 0 www.poach.org
74.6.20.155 - - [22/Jul/2007:12:38:21 -0400] "GET / HTTP/1.0" 200 305 "-" "Mozilla/5.0 (compatible; Yahoo! Slurp; http://help.yahoo.com/help/us/ysearch/slurp)" 0 www.poach.org
74.6.75.14 - - [22/Jul/2007:14:39:50 -0400] "GET /robots.txt HTTP/1.0" 404 287 "-" "Mozilla/5.0 (compatible; Yahoo! Slurp; http://help.yahoo.com/help/us/ysearch/slurp)" 0 www.poach.org
74.6.68.74 - - [22/Jul/2007:14:39:51 -0400] "GET /page08.htm HTTP/1.0" 404 287 "-" "Mozilla/5.0 (compatible; Yahoo! Slurp; http://help.yahoo.com/help/us/ysearch/slurp)" 0 www.poach.org
202.160.178.100 - - [22/Jul/2007:16:20:11 -0400] "GET /robots.txt HTTP/1.0" 404 287 "-" "Mozilla/5.0 (compatible; Yahoo! Slurp China; http://misc.yahoo.com.cn/help.html)" 0 www.poach.org
202.160.180.191 - - [22/Jul/2007:16:20:28 -0400] "GET / HTTP/1.0" 200 305 "-" "Mozilla/5.0 (compatible; Yahoo! Slurp China; http://misc.yahoo.com.cn/help.html)" 0 www.poach.org
74.6.68.170 - - [22/Jul/2007:19:23:50 -0400] "GET / HTTP/1.0" 200 305 "-" "Mozilla/5.0 (compatible; Yahoo! Slurp; http://help.yahoo.com/help/us/ysearch/slurp)" 0 www.poach.org
216.37.88.81 - - [23/Jul/2007:01:09:22 -0400] "GET / HTTP/1.1" 200 317 "-" "Mozilla/4.0 (compatible; MSIE 5.5; Windows 95; SEARCHALOT.COM IE5)" 0 www.poach.org
216.37.88.81 - - [23/Jul/2007:01:09:30 -0400] "GET / HTTP/1.1" 200 317 "http://www.poach.org" "Mozilla/4.0 (compatible; MSIE 5.5; Windows 95; SEARCHALOT.COM IE5)" 0 www.poach.org
216.37.88.81 - - [23/Jul/2007:01:10:15 -0400] "GET /logs HTTP/1.1" 301 325 "http://www.poach.org/" "Mozilla/4.0 (compatible; MSIE 5.5; Windows 95; SEARCHALOT.COM IE5)" 0 www.poach.org
216.37.88.81 - - [23/Jul/2007:01:10:15 -0400] "GET /logs/ HTTP/1.1" 200 376 "http://www.poach.org/" "Mozilla/4.0 (compatible; MSIE 5.5; Windows 95; SEARCHALOT.COM IE5)" 0 www.poach.org
216.37.88.81 - - [23/Jul/2007:01:10:51 -0400] "GET /logs/access.log HTTP/1.1" 200 261135 "http://www.poach.org/logs/" "Mozilla/4.0 (compatible; MSIE 5.5; Windows 95; SEARCHALOT.COM IE5)" 29 www.poach.org
66.249.65.47 - - [23/Jul/2007:10:32:46 -0400] "GET /robots.txt HTTP/1.1" 404 299 "-" "Mozilla/5.0 (compatible; Googlebot/2.1; +http://www.google.com/bot.html)" 0 www.poach.org
66.249.65.47 - - [23/Jul/2007:10:32:46 -0400] "GET / HTTP/1.1" 200 317 "-" "Mozilla/5.0 (compatible; Googlebot/2.1; +http://www.google.com/bot.html)" 0 www.poach.org
66.249.65.47 - - [23/Jul/2007:10:33:35 -0400] "GET /logs/access.log HTTP/1.1" 200 261681 "-" "Mozilla/5.0 (compatible; Googlebot/2.1; +http://www.google.com/bot.html)" 1 www.poach.org
213.113.3.43 - - [23/Jul/2007:14:02:32 -0400] "GET / HTTP/1.0" 200 305 "-" "-" 0 www.poach.org
64.1.215.163 - - [23/Jul/2007:19:43:34 -0400] "GET /robots.txt HTTP/1.0" 404 287 "-" "Mozilla/5.0 (Twiceler-0.9 http://www.cuill.com/twiceler/robot.html)" 0 www.poach.org
65.214.45.100 - - [23/Jul/2007:22:08:38 -0400] "GET /robots.txt HTTP/1.0" 404 287 "-" "Mozilla/5.0 (compatible; Ask Jeeves/Teoma; +http://about.ask.com/en/docs/about/webmasters.shtml)" 0 www.poach.org
65.214.45.100 - - [23/Jul/2007:22:08:38 -0400] "GET /page10.htm HTTP/1.0" 404 287 "-" "Mozilla/5.0 (compatible; Ask Jeeves/Teoma; +http://about.ask.com/en/docs/about/webmasters.shtml)" 0 www.poach.org
216.145.14.142 - - [23/Jul/2007:22:22:29 -0400] "GET /robots.txt HTTP/1.0" 404 287 "http://www.whois.sc/" "SurveyBot/2.3 (Whois Source)" 0 www.poach.org
216.145.14.142 - - [23/Jul/2007:22:22:29 -0400] "GET / HTTP/1.1" 200 317 "http://www.whois.sc/poach.org" "SurveyBot/2.3 (Whois Source)" 0 www.poach.org
68.142.212.221 - - [23/Jul/2007:23:19:15 -0400] "GET /robots.txt HTTP/1.0" 404 287 "-" "Yahoo-MMCrawler/3.x (mms dash mmcrawler dash support at yahoo dash inc dot com)" 0 www.poach.org
4.174.245.26 - - [24/Jul/2007:11:13:25 -0400] "GET /favicon.ico HTTP/1.1" 404 300 "-" "Mozilla/4.0 (compatible; MSIE 7.0; Windows NT 5.1; .NET CLR 1.1.4322; MSN 9.0;MSN 9.1; MSNbMSNI; MSNmen-us; MSNcIA)" 0 www.poach.org
4.174.245.26 - - [24/Jul/2007:11:31:21 -0400] "GET /favicon.ico HTTP/1.1" 404 300 "-" "Mozilla/4.0 (compatible; MSIE 7.0; Windows NT 5.1; .NET CLR 1.1.4322; MSN 9.0;MSN 9.1; MSNbMSNI; MSNmen-us; MSNcIA)" 0 www.poach.org
72.14.193.68 - - [24/Jul/2007:12:35:36 -0400] "GET /robots.txt HTTP/1.1" 404 299 "-" "Mozilla/5.0 (Windows; U; Windows NT 5.1; en-US; rv:1.8.1.5) Gecko/20070713 Firefox/2.0.0.5" 0 www.poach.org
72.14.193.68 - - [24/Jul/2007:12:36:36 -0400] "GET /robots.txt HTTP/1.1" 404 299 "-" "Mozilla/5.0 (Windows; U; Windows NT 5.1; en-US; rv:1.8.1.5) Gecko/20070713 Firefox/2.0.0.5" 0 www.poach.org
72.14.193.68 - - [24/Jul/2007:12:36:43 -0400] "GET /robots.txt HTTP/1.1" 404 299 "-" "Mozilla/5.0 (Windows; U; Windows NT 5.1; en-US; rv:1.8.1.5) Gecko/20070713 Firefox/2.0.0.5" 0 www.poach.org
64.1.215.163 - - [24/Jul/2007:12:51:18 -0400] "GET /robots.txt HTTP/1.0" 404 287 "-" "Mozilla/5.0 (Twiceler-0.9 http://www.cuill.com/twiceler/robot.html)" 0 www.poach.org
74.6.19.124 - - [24/Jul/2007:14:11:24 -0400] "GET /robots.txt HTTP/1.0" 404 287 "-" "Mozilla/5.0 (compatible; Yahoo! Slurp; http://help.yahoo.com/help/us/ysearch/slurp)" 0 www.poach.org
74.6.23.167 - - [24/Jul/2007:14:11:24 -0400] "GET /logs HTTP/1.0" 301 313 "-" "Mozilla/5.0 (compatible; Yahoo! Slurp; http://help.yahoo.com/help/us/ysearch/slurp)" 0 www.poach.org
74.6.23.167 - - [24/Jul/2007:14:11:24 -0400] "GET /logs/ HTTP/1.0" 200 364 "-" "Mozilla/5.0 (compatible; Yahoo! Slurp; http://help.yahoo.com/help/us/ysearch/slurp)" 0 www.poach.org
74.6.26.45 - - [24/Jul/2007:16:07:57 -0400] "GET /page03.htm HTTP/1.0" 404 287 "-" "Mozilla/5.0 (compatible; Yahoo! Slurp; http://help.yahoo.com/help/us/ysearch/slurp)" 0 www.poach.org
202.160.178.100 - - [24/Jul/2007:18:06:08 -0400] "GET /robots.txt HTTP/1.0" 404 287 "-" "Mozilla/5.0 (compatible; Yahoo! Slurp China; http://misc.yahoo.com.cn/help.html)" 0 www.poach.org
202.160.180.191 - - [24/Jul/2007:18:06:09 -0400] "GET / HTTP/1.0" 200 305 "-" "Mozilla/5.0 (compatible; Yahoo! Slurp China; http://misc.yahoo.com.cn/help.html)" 0 www.poach.org
74.6.19.124 - - [24/Jul/2007:23:53:47 -0400] "GET /robots.txt HTTP/1.0" 404 287 "-" "Mozilla/5.0 (compatible; Yahoo! Slurp; http://help.yahoo.com/help/us/ysearch/slurp)" 0 www.poach.org
74.6.20.123 - - [24/Jul/2007:23:53:48 -0400] "GET /page05.htm HTTP/1.0" 404 287 "-" "Mozilla/5.0 (compatible; Yahoo! Slurp; http://help.yahoo.com/help/us/ysearch/slurp)" 0 www.poach.org
74.6.75.21 - - [25/Jul/2007:01:26:58 -0400] "GET /robots.txt HTTP/1.0" 404 287 "-" "Mozilla/5.0 (compatible; Yahoo! Slurp; http://help.yahoo.com/help/us/ysearch/slurp)" 0 www.poach.org
74.6.68.170 - - [25/Jul/2007:01:26:58 -0400] "GET / HTTP/1.0" 200 305 "-" "Mozilla/5.0 (compatible; Yahoo! Slurp; http://help.yahoo.com/help/us/ysearch/slurp)" 0 www.poach.org
74.6.23.36 - - [25/Jul/2007:03:03:45 -0400] "GET /page06.htm HTTP/1.0" 404 287 "-" "Mozilla/5.0 (compatible; Yahoo! Slurp; http://help.yahoo.com/help/us/ysearch/slurp)" 0 www.poach.org
63.123.238.8 - - [25/Jul/2007:08:33:58 -0400] "GET /robots.txt HTTP/1.1" 404 299 "-" "Mozilla/2.0 (compatible; Ask Jeeves/Teoma)" 0 www.poach.org
63.123.238.8 - - [25/Jul/2007:08:33:58 -0400] "GET / HTTP/1.1" 200 317 "-" "Mozilla/2.0 (compatible; Ask Jeeves/Teoma)" 0 www.poach.org
65.214.45.100 - - [25/Jul/2007:11:03:15 -0400] "GET /robots.txt HTTP/1.0" 404 287 "-" "Mozilla/5.0 (compatible; Ask Jeeves/Teoma; +http://about.ask.com/en/docs/about/webmasters.shtml)" 0 www.poach.org
65.214.45.100 - - [25/Jul/2007:11:03:15 -0400] "GET /page09.htm HTTP/1.0" 404 287 "-" "Mozilla/5.0 (compatible; Ask Jeeves/Teoma; +http://about.ask.com/en/docs/about/webmasters.shtml)" 0 www.poach.org
74.6.75.32 - - [26/Jul/2007:01:31:07 -0400] "GET /robots.txt HTTP/1.0" 404 283 "-" "Mozilla/5.0 (compatible; Yahoo! Slurp; http://help.yahoo.com/help/us/ysearch/slurp)" 0 www.poach.org
74.6.69.198 - - [26/Jul/2007:01:31:07 -0400] "GET / HTTP/1.0" 200 301 "-" "Mozilla/5.0 (compatible; Yahoo! Slurp; http://help.yahoo.com/help/us/ysearch/slurp)" 0 www.poach.org
74.6.19.124 - - [26/Jul/2007:02:59:06 -0400] "GET /robots.txt HTTP/1.0" 404 287 "-" "Mozilla/5.0 (compatible; Yahoo! Slurp; http://help.yahoo.com/help/us/ysearch/slurp)" 0 www.poach.org
74.6.23.153 - - [26/Jul/2007:02:59:07 -0400] "GET /page01.htm HTTP/1.0" 404 287 "-" "Mozilla/5.0 (compatible; Yahoo! Slurp; http://help.yahoo.com/help/us/ysearch/slurp)" 0 www.poach.org
74.6.20.155 - - [26/Jul/2007:03:15:02 -0400] "GET / HTTP/1.0" 200 305 "-" "Mozilla/5.0 (compatible; Yahoo! Slurp; http://help.yahoo.com/help/us/ysearch/slurp)" 0 www.poach.org
66.249.65.47 - - [26/Jul/2007:06:24:17 -0400] "GET /robots.txt HTTP/1.1" 404 299 "-" "Mozilla/5.0 (compatible; Googlebot/2.1; +http://www.google.com/bot.html)" 0 www.poach.org
66.249.65.47 - - [26/Jul/2007:06:24:17 -0400] "GET /logs/error.log HTTP/1.1" 200 119132 "-" "Mozilla/5.0 (compatible; Googlebot/2.1; +http://www.google.com/bot.html)" 0 www.poach.org
68.142.212.221 - - [26/Jul/2007:06:26:58 -0400] "GET /robots.txt HTTP/1.0" 404 287 "-" "Yahoo-MMCrawler/3.x (mms dash mmcrawler dash support at yahoo dash inc dot com)" 0 www.poach.org
65.54.154.118 - - [26/Jul/2007:07:22:40 -0400] "GET /favicon.ico HTTP/1.0" 404 288 "-" "Mozilla/4.0 (compatible; MSIE 7.0; Windows NT 5.1; .NET CLR 1.1.4322; MSN 9.0;MSN 9.1; MSNbMSNI; MSNmen-us; MSNcIA)" 0 www.poach.org
65.214.45.100 - - [26/Jul/2007:10:34:50 -0400] "GET /robots.txt HTTP/1.0" 404 287 "-" "Mozilla/5.0 (compatible; Ask Jeeves/Teoma; +http://about.ask.com/en/docs/about/webmasters.shtml)" 0 www.poach.org
65.214.45.100 - - [26/Jul/2007:10:34:50 -0400] "GET /page11.htm HTTP/1.0" 404 287 "-" "Mozilla/5.0 (compatible; Ask Jeeves/Teoma; +http://about.ask.com/en/docs/about/webmasters.shtml)" 0 www.poach.org
65.214.45.100 - - [26/Jul/2007:12:04:13 -0400] "GET / HTTP/1.0" 200 305 "-" "Mozilla/5.0 (compatible; Ask Jeeves/Teoma; +http://about.ask.com/en/docs/about/webmasters.shtml)" 0 www.poach.org
202.160.178.176 - - [26/Jul/2007:20:06:25 -0400] "GET /robots.txt HTTP/1.0" 404 287 "-" "Mozilla/5.0 (compatible; Yahoo! Slurp China; http://misc.yahoo.com.cn/help.html)" 0 www.poach.org
202.160.180.191 - - [26/Jul/2007:20:07:08 -0400] "GET / HTTP/1.0" 200 305 "-" "Mozilla/5.0 (compatible; Yahoo! Slurp China; http://misc.yahoo.com.cn/help.html)" 0 www.poach.org
74.6.19.124 - - [26/Jul/2007:20:50:33 -0400] "GET /robots.txt HTTP/1.0" 404 287 "-" "Mozilla/5.0 (compatible; Yahoo! Slurp; http://help.yahoo.com/help/us/ysearch/slurp)" 0 www.poach.org
74.6.24.164 - - [26/Jul/2007:20:50:34 -0400] "GET /page10.htm HTTP/1.0" 404 287 "-" "Mozilla/5.0 (compatible; Yahoo! Slurp; http://help.yahoo.com/help/us/ysearch/slurp)" 0 www.poach.org
74.6.75.21 - - [26/Jul/2007:21:00:31 -0400] "GET /robots.txt HTTP/1.0" 404 287 "-" "Mozilla/5.0 (compatible; Yahoo! Slurp; http://help.yahoo.com/help/us/ysearch/slurp)" 0 www.poach.org
74.6.70.221 - - [26/Jul/2007:21:00:31 -0400] "GET /page05.htm HTTP/1.0" 404 287 "-" "Mozilla/5.0 (compatible; Yahoo! Slurp; http://help.yahoo.com/help/us/ysearch/slurp)" 0 www.poach.org
65.214.45.25 - - [27/Jul/2007:00:32:08 -0400] "GET /robots.txt HTTP/1.0" 404 287 "-" "Mozilla/2.0 (compatible; Ask Jeeves/Teoma)" 0 www.poach.org
65.214.45.25 - - [27/Jul/2007:00:32:08 -0400] "GET /Leaflogo.jpg HTTP/1.0" 404 289 "-" "Mozilla/2.0 (compatible; Ask Jeeves/Teoma)" 0 www.poach.org
221.4.210.128 - - [27/Jul/2007:05:31:11 -0400] "GET /logs/access.log HTTP/1.1" 200 270585 "http://www.google.cn/search?q=60.28.164.122&complete=1&hl=zh-CN&start=10&sa=N" "Mozilla/4.0 (compatible; MSIE 6.0; Windows NT 5.1; SV1; TencentTraveler ; .NET CLR 2.0.50727)" 5 www.poach.org
66.249.65.47 - - [27/Jul/2007:06:31:56 -0400] "GET /robots.txt HTTP/1.1" 404 299 "-" "Mozilla/5.0 (compatible; Googlebot/2.1; +http://www.google.com/bot.html)" 0 www.poach.org
66.249.65.47 - - [27/Jul/2007:06:31:56 -0400] "GET / HTTP/1.1" 200 317 "-" "Mozilla/5.0 (compatible; Googlebot/2.1; +http://www.google.com/bot.html)" 0 www.poach.org
66.249.65.47 - - [27/Jul/2007:07:54:29 -0400] "GET /logs/access.log HTTP/1.1" 200 271209 "-" "Mozilla/5.0 (compatible; Googlebot/2.1; +http://www.google.com/bot.html)" 0 www.poach.org
74.6.19.124 - - [27/Jul/2007:07:59:49 -0400] "GET /robots.txt HTTP/1.0" 404 287 "-" "Mozilla/5.0 (compatible; Yahoo! Slurp; http://help.yahoo.com/help/us/ysearch/slurp)" 0 www.poach.org
74.6.25.203 - - [27/Jul/2007:07:59:49 -0400] "GET /allstate.html HTTP/1.0" 404 290 "-" "Mozilla/5.0 (compatible; Yahoo! Slurp; http://help.yahoo.com/help/us/ysearch/slurp)" 0 www.poach.org
4.175.51.13 - - [27/Jul/2007:08:36:41 -0400] "GET /favicon.ico HTTP/1.1" 404 300 "-" "Mozilla/4.0 (compatible; MSIE 7.0; Windows NT 5.1; .NET CLR 1.1.4322; MSN 9.0;MSN 9.1; MSNbMSNI; MSNmen-us; MSNcIA)" 0 www.poach.org
208.17.184.45 - - [27/Jul/2007:10:44:52 -0400] "GET /robots.txt HTTP/1.1" 404 299 "-" "Mozilla/5.0 (X11; U; Linux i686; en-US; rv:1.7.12) Gecko/20050922 Fedora/1.0.7-1.1.fc4 Firefox/1.0.7" 0 www.poach.org
208.17.184.45 - - [27/Jul/2007:10:44:53 -0400] "GET / HTTP/1.1" 200 317 "" "Mozilla/5.0 (X11; U; Linux i686; en-US; rv:1.7.12) Gecko/20050922 Fedora/1.0.7-1.1.fc4 Firefox/1.0.7" 1 www.poach.org
208.17.184.45 - - [27/Jul/2007:10:44:53 -0400] "GET /logs HTTP/1.1" 301 325 "http://www.poach.org/" "Mozilla/5.0 (X11; U; Linux i686; en-US; rv:1.7.12) Gecko/20050922 Fedora/1.0.7-1.1.fc4 Firefox/1.0.7" 0 www.poach.org
208.17.184.45 - - [27/Jul/2007:10:44:53 -0400] "GET /logs/ HTTP/1.1" 200 376 "http://www.poach.org/" "Mozilla/5.0 (X11; U; Linux i686; en-US; rv:1.7.12) Gecko/20050922 Fedora/1.0.7-1.1.fc4 Firefox/1.0.7" 0 www.poach.org
70.85.114.58 - - [27/Jul/2007:13:32:40 -0400] "GET /robots.txt HTTP/1.1" 404 299 "www.poach.org" "Pingdom GIGRIB (http://www.pingdom.com)" 0 www.poach.org
70.85.114.58 - - [27/Jul/2007:13:35:48 -0400] "GET // HTTP/1.1" 200 317 "http://www.pingdom.com/tools/fpt/?url=www.poach.org" "Pingdom GIGRIB (http://www.pingdom.com)" 0 www.poach.org
74.6.75.21 - - [27/Jul/2007:23:48:35 -0400] "GET /robots.txt HTTP/1.0" 404 287 "-" "Mozilla/5.0 (compatible; Yahoo! Slurp; http://help.yahoo.com/help/us/ysearch/slurp)" 0 www.poach.org
74.6.68.170 - - [27/Jul/2007:23:48:38 -0400] "GET / HTTP/1.0" 200 305 "-" "Mozilla/5.0 (compatible; Yahoo! Slurp; http://help.yahoo.com/help/us/ysearch/slurp)" 0 www.poach.org
74.6.18.78 - - [27/Jul/2007:23:51:41 -0400] "GET /allstate_nn4.html HTTP/1.0" 404 294 "-" "Mozilla/5.0 (compatible; Yahoo! Slurp; http://help.yahoo.com/help/us/ysearch/slurp)" 0 www.poach.org
74.6.19.124 - - [28/Jul/2007:08:24:45 -0400] "GET /robots.txt HTTP/1.0" 404 287 "-" "Mozilla/5.0 (compatible; Yahoo! Slurp; http://help.yahoo.com/help/us/ysearch/slurp)" 0 www.poach.org
74.6.20.14 - - [28/Jul/2007:08:24:45 -0400] "GET /page09.htm HTTP/1.0" 404 287 "-" "Mozilla/5.0 (compatible; Yahoo! Slurp; http://help.yahoo.com/help/us/ysearch/slurp)" 0 www.poach.org
74.6.75.21 - - [28/Jul/2007:10:02:17 -0400] "GET /robots.txt HTTP/1.0" 404 287 "-" "Mozilla/5.0 (compatible; Yahoo! Slurp; http://help.yahoo.com/help/us/ysearch/slurp)" 0 www.poach.org
74.6.71.43 - - [28/Jul/2007:10:02:24 -0400] "GET /page12.htm HTTP/1.0" 404 287 "-" "Mozilla/5.0 (compatible; Yahoo! Slurp; http://help.yahoo.com/help/us/ysearch/slurp)" 0 www.poach.org
68.142.212.221 - - [28/Jul/2007:13:49:09 -0400] "GET /robots.txt HTTP/1.0" 404 287 "-" "Yahoo-MMCrawler/3.x (mms dash mmcrawler dash support at yahoo dash inc dot com)" 0 www.poach.org
64.1.215.163 - - [28/Jul/2007:19:05:37 -0400] "GET /robots.txt HTTP/1.0" 404 287 "-" "Mozilla/5.0 (Twiceler-0.9 http://www.cuill.com/twiceler/robot.html)" 0 www.poach.org
63.123.238.8 - - [29/Jul/2007:01:16:11 -0400] "GET /robots.txt HTTP/1.1" 404 299 "-" "Mozilla/2.0 (compatible; Ask Jeeves/Teoma)" 0 www.poach.org
63.123.238.8 - - [29/Jul/2007:01:16:11 -0400] "GET / HTTP/1.1" 200 317 "-" "Mozilla/2.0 (compatible; Ask Jeeves/Teoma)" 0 www.poach.org
202.160.178.87 - - [29/Jul/2007:09:33:04 -0400] "GET /robots.txt HTTP/1.0" 404 287 "-" "Mozilla/5.0 (compatible; Yahoo! Slurp China; http://misc.yahoo.com.cn/help.html)" 0 www.poach.org
202.160.180.191 - - [29/Jul/2007:09:33:21 -0400] "GET / HTTP/1.0" 200 305 "-" "Mozilla/5.0 (compatible; Yahoo! Slurp China; http://misc.yahoo.com.cn/help.html)" 0 www.poach.org
64.1.215.163 - - [29/Jul/2007:12:19:21 -0400] "GET /robots.txt HTTP/1.0" 404 287 "-" "Mozilla/5.0 (Twiceler-0.9 http://www.cuill.com/twiceler/robot.html)" 0 www.poach.org
74.6.19.124 - - [29/Jul/2007:13:31:05 -0400] "GET /robots.txt HTTP/1.0" 404 287 "-" "Mozilla/5.0 (compatible; Yahoo! Slurp; http://help.yahoo.com/help/us/ysearch/slurp)" 0 www.poach.org
74.6.28.44 - - [29/Jul/2007:13:31:05 -0400] "GET /allstate_nn4.html HTTP/1.0" 404 294 "-" "Mozilla/5.0 (compatible; Yahoo! Slurp; http://help.yahoo.com/help/us/ysearch/slurp)" 0 www.poach.org
74.6.19.124 - - [30/Jul/2007:01:10:46 -0400] "GET /robots.txt HTTP/1.0" 404 287 "-" "Mozilla/5.0 (compatible; Yahoo! Slurp; http://help.yahoo.com/help/us/ysearch/slurp)" 0 www.poach.org
74.6.25.74 - - [30/Jul/2007:01:10:47 -0400] "GET /logs/access.log HTTP/1.0" 200 276195 "-" "Mozilla/5.0 (compatible; Yahoo! Slurp; http://help.yahoo.com/help/us/ysearch/slurp)" 1 www.poach.org
74.6.75.21 - - [30/Jul/2007:05:49:37 -0400] "GET /robots.txt HTTP/1.0" 404 287 "-" "Mozilla/5.0 (compatible; Yahoo! Slurp; http://help.yahoo.com/help/us/ysearch/slurp)" 0 www.poach.org
74.6.74.166 - - [30/Jul/2007:05:49:37 -0400] "GET /buttons.htm HTTP/1.0" 404 288 "-" "Mozilla/5.0 (compatible; Yahoo! Slurp; http://help.yahoo.com/help/us/ysearch/slurp)" 0 www.poach.org
74.6.75.21 - - [30/Jul/2007:14:36:49 -0400] "GET /robots.txt HTTP/1.0" 404 287 "-" "Mozilla/5.0 (compatible; Yahoo! Slurp; http://help.yahoo.com/help/us/ysearch/slurp)" 0 www.poach.org
74.6.68.170 - - [30/Jul/2007:14:36:49 -0400] "GET / HTTP/1.0" 200 305 "-" "Mozilla/5.0 (compatible; Yahoo! Slurp; http://help.yahoo.com/help/us/ysearch/slurp)" 0 www.poach.org
65.54.188.95 - - [30/Jul/2007:16:09:02 -0400] "GET /robots.txt HTTP/1.0" 404 287 "-" "msnbot/1.0 (+http://search.msn.com/msnbot.htm)" 0 www.poach.org
65.54.188.95 - - [30/Jul/2007:16:09:03 -0400] "GET /allstate_nn4.html HTTP/1.0" 404 294 "-" "msnbot/1.0 (+http://search.msn.com/msnbot.htm)" 0 www.poach.org
72.12.200.138 - - [30/Jul/2007:18:43:43 -0400] "GET /allstate_nn4.html HTTP/1.1" 404 306 "-" "Missigua Locator 1.9" 0 www.poach.org
68.142.212.221 - - [30/Jul/2007:20:48:26 -0400] "GET /robots.txt HTTP/1.0" 404 287 "-" "Yahoo-MMCrawler/3.x (mms dash mmcrawler dash support at yahoo dash inc dot com)" 0 www.poach.org
89.150.197.144 - - [30/Jul/2007:21:50:11 -0400] "GET /robots.txt HTTP/1.0" 404 287 "-" "Speedy Spider (http://www.entireweb.com/about/search_tech/speedyspider/)" 0 www.poach.org
89.150.197.144 - - [30/Jul/2007:21:50:12 -0400] "GET /allstate_nn4.html HTTP/1.0" 404 294 "-" "Speedy Spider (http://www.entireweb.com/about/search_tech/speedyspider/)" 0 www.poach.org
64.1.215.163 - - [30/Jul/2007:22:11:32 -0400] "GET /robots.txt HTTP/1.0" 404 287 "-" "Mozilla/5.0 (Twiceler-0.9 http://www.cuill.com/twiceler/robot.html)" 0 www.poach.org
65.102.161.226 - - [30/Jul/2007:22:29:29 -0400] "GET /allstate_nn4.html HTTP/1.1" 404 306 "http://72.14.253.104/search?q=cache:BzCYTsfKbAMJ:www.outofthedark.com/CorporateWars/WarLinks.html+HELP+ALLSTATE+NIGHTMARE&hl=en&ct=clnk&cd=11&gl=us" "Mozilla/5.0 (Windows; U; Windows NT 6.0; en-US; rv:1.8.1.5) Gecko/20070713 Firefox/2.0.0.5" 0 www.poach.org
65.102.161.226 - - [30/Jul/2007:22:29:29 -0400] "GET /favicon.ico HTTP/1.1" 404 300 "-" "Mozilla/5.0 (Windows; U; Windows NT 6.0; en-US; rv:1.8.1.5) Gecko/20070713 Firefox/2.0.0.5" 0 www.poach.org
65.102.161.226 - - [30/Jul/2007:22:31:41 -0400] "GET /favicon.ico HTTP/1.1" 404 300 "-" "Mozilla/5.0 (Windows; U; Windows NT 6.0; en-US; rv:1.8.1.5) Gecko/20070713 Firefox/2.0.0.5" 0 www.poach.org
65.102.161.226 - - [30/Jul/2007:22:41:51 -0400] "GET /favicon.ico HTTP/1.1" 404 300 "-" "Mozilla/5.0 (Windows; U; Windows NT 6.0; en-US; rv:1.8.1.5) Gecko/20070713 Firefox/2.0.0.5" 0 www.poach.org
66.249.65.47 - - [30/Jul/2007:23:42:49 -0400] "GET /robots.txt HTTP/1.1" 404 299 "-" "Mozilla/5.0 (compatible; Googlebot/2.1; +http://www.google.com/bot.html)" 0 www.poach.org
66.249.65.47 - - [30/Jul/2007:23:42:49 -0400] "GET / HTTP/1.1" 200 317 "-" "Mozilla/5.0 (compatible; Googlebot/2.1; +http://www.google.com/bot.html)" 0 www.poach.org
64.246.161.42 - - [31/Jul/2007:05:43:41 -0400] "GET /robots.txt HTTP/1.0" 404 287 "http://www.whois.sc/" "SurveyBot/2.3 (Whois Source)" 0 www.poach.org
64.246.161.42 - - [31/Jul/2007:05:43:41 -0400] "GET / HTTP/1.1" 200 317 "http://www.whois.sc/poach.org" "SurveyBot/2.3 (Whois Source)" 0 www.poach.org
65.55.208.189 - - [31/Jul/2007:07:42:55 -0400] "GET /robots.txt HTTP/1.0" 404 283 "-" "msnbot/1.0 (+http://search.msn.com/msnbot.htm)" 0 www.poach.org
65.55.208.189 - - [31/Jul/2007:07:42:55 -0400] "GET / HTTP/1.0" 200 301 "-" "msnbot/1.0 (+http://search.msn.com/msnbot.htm)" 0 www.poach.org
74.6.19.124 - - [31/Jul/2007:16:55:08 -0400] "GET /robots.txt HTTP/1.0" 404 287 "-" "Mozilla/5.0 (compatible; Yahoo! Slurp; http://help.yahoo.com/help/us/ysearch/slurp)" 0 www.poach.org
74.6.20.155 - - [31/Jul/2007:16:55:08 -0400] "GET / HTTP/1.0" 200 305 "-" "Mozilla/5.0 (compatible; Yahoo! Slurp; http://help.yahoo.com/help/us/ysearch/slurp)" 0 www.poach.org
74.6.20.102 - - [31/Jul/2007:19:32:29 -0400] "GET /logs/ HTTP/1.0" 200 364 "-" "Mozilla/5.0 (compatible; Yahoo! Slurp; http://help.yahoo.com/help/us/ysearch/slurp)" 0 www.poach.org
74.6.19.124 - - [31/Jul/2007:21:29:18 -0400] "GET /robots.txt HTTP/1.0" 404 287 "-" "Mozilla/5.0 (compatible; Yahoo! Slurp; http://help.yahoo.com/help/us/ysearch/slurp)" 0 www.poach.org
74.6.25.107 - - [31/Jul/2007:21:29:18 -0400] "GET /folder.htm HTTP/1.0" 404 287 "-" "Mozilla/5.0 (compatible; Yahoo! Slurp; http://help.yahoo.com/help/us/ysearch/slurp)" 0 www.poach.org
74.6.75.21 - - [01/Aug/2007:01:03:07 -0400] "GET /robots.txt HTTP/1.0" 404 287 "-" "Mozilla/5.0 (compatible; Yahoo! Slurp; http://help.yahoo.com/help/us/ysearch/slurp)" 0 www.poach.org
74.6.68.232 - - [01/Aug/2007:01:03:08 -0400] "GET /page02.htm HTTP/1.0" 404 287 "-" "Mozilla/5.0 (compatible; Yahoo! Slurp; http://help.yahoo.com/help/us/ysearch/slurp)" 0 www.poach.org
64.208.172.174 - - [01/Aug/2007:06:13:28 -0400] "GET /robots.txt HTTP/1.0" 404 287 "-" "ia_archiver" 0 www.poach.org
64.208.172.174 - - [01/Aug/2007:06:13:29 -0400] "GET /logs/access.log HTTP/1.0" 200 281559 "-" "ia_archiver" 1 www.poach.org
202.160.178.87 - - [01/Aug/2007:10:54:36 -0400] "GET /robots.txt HTTP/1.0" 404 287 "-" "Mozilla/5.0 (compatible; Yahoo! Slurp China; http://misc.yahoo.com.cn/help.html)" 0 www.poach.org
202.160.180.191 - - [01/Aug/2007:10:54:55 -0400] "GET / HTTP/1.0" 200 305 "-" "Mozilla/5.0 (compatible; Yahoo! Slurp China; http://misc.yahoo.com.cn/help.html)" 0 www.poach.org
74.6.19.124 - - [01/Aug/2007:11:32:08 -0400] "GET /robots.txt HTTP/1.0" 404 287 "-" "Mozilla/5.0 (compatible; Yahoo! Slurp; http://help.yahoo.com/help/us/ysearch/slurp)" 0 www.poach.org
74.6.23.119 - - [01/Aug/2007:11:32:08 -0400] "GET /index.htm HTTP/1.0" 404 286 "-" "Mozilla/5.0 (compatible; Yahoo! Slurp; http://help.yahoo.com/help/us/ysearch/slurp)" 0 www.poach.org
74.6.75.21 - - [01/Aug/2007:13:11:03 -0400] "GET /robots.txt HTTP/1.0" 404 287 "-" "Mozilla/5.0 (compatible; Yahoo! Slurp; http://help.yahoo.com/help/us/ysearch/slurp)" 0 www.poach.org
74.6.72.83 - - [01/Aug/2007:13:11:08 -0400] "GET /page04.htm HTTP/1.0" 404 287 "-" "Mozilla/5.0 (compatible; Yahoo! Slurp; http://help.yahoo.com/help/us/ysearch/slurp)" 0 www.poach.org
64.1.215.163 - - [01/Aug/2007:13:33:04 -0400] "GET /robots.txt HTTP/1.0" 404 287 "-" "Mozilla/5.0 (Twiceler-0.9 http://www.cuill.com/twiceler/robot.html)" 0 www.poach.org
72.36.94.104 - - [01/Aug/2007:14:06:14 -0400] "GET /robots.txt HTTP/1.0" 404 287 "-" "CazoodleBot/CazoodleBot-0.1 (CazoodleBot Crawler; http://www.cazoodle.com/cazoodlebot; cazoodlebot@cazoodle.com)" 0 www.poach.org
72.36.94.104 - - [01/Aug/2007:14:06:14 -0400] "GET /allstate_nn4.html HTTP/1.0" 404 294 "-" "CazoodleBot/CazoodleBot-0.1 (CazoodleBot Crawler; http://www.cazoodle.com/cazoodlebot; cazoodlebot@cazoodle.com)" 0 www.poach.org
74.6.75.32 - - [01/Aug/2007:18:55:30 -0400] "GET /robots.txt HTTP/1.0" 404 283 "-" "Mozilla/5.0 (compatible; Yahoo! Slurp; http://help.yahoo.com/help/us/ysearch/slurp)" 0 www.poach.org
74.6.69.198 - - [01/Aug/2007:18:55:30 -0400] "GET / HTTP/1.0" 200 301 "-" "Mozilla/5.0 (compatible; Yahoo! Slurp; http://help.yahoo.com/help/us/ysearch/slurp)" 0 www.poach.org
74.6.75.21 - - [02/Aug/2007:00:22:41 -0400] "GET /robots.txt HTTP/1.0" 404 287 "-" "Mozilla/5.0 (compatible; Yahoo! Slurp; http://help.yahoo.com/help/us/ysearch/slurp)" 0 www.poach.org
74.6.68.170 - - [02/Aug/2007:00:22:41 -0400] "GET / HTTP/1.0" 200 305 "-" "Mozilla/5.0 (compatible; Yahoo! Slurp; http://help.yahoo.com/help/us/ysearch/slurp)" 0 www.poach.org
63.229.62.12 - - [02/Aug/2007:01:47:20 -0400] "GET / HTTP/1.0" 200 305 "-" "Mozilla/4.0 (compatible; MSIE 6.0; Windows NT 5.1; SV1; .NET CLR 1.1.4322; .NET CLR 2.0.50727)" 0 www.poach.org
82.165.182.106 - - [02/Aug/2007:01:49:52 -0400] "GET /logs HTTP/1.0" 301 313 "-" "Mozilla/4.0 (compatible; MSIE 6.0; Windows NT 5.1; SV1; .NET CLR 1.1.4322; .NET CLR 2.0.50727)" 0 www.poach.org
68.142.212.221 - - [02/Aug/2007:03:27:46 -0400] "GET /robots.txt HTTP/1.0" 404 287 "-" "Yahoo-MMCrawler/3.x (mms dash mmcrawler dash support at yahoo dash inc dot com)" 0 www.poach.org
66.249.65.47 - - [02/Aug/2007:10:24:45 -0400] "GET /robots.txt HTTP/1.1" 404 299 "-" "Googlebot-Image/1.0" 0 www.poach.org
66.249.65.47 - - [02/Aug/2007:10:24:45 -0400] "GET /Book-Pages-Flipping.gif HTTP/1.1" 404 312 "-" "Googlebot-Image/1.0" 0 www.poach.org
66.249.65.47 - - [02/Aug/2007:15:28:38 -0400] "GET /Acorn2.jpg HTTP/1.1" 404 299 "-" "Googlebot-Image/1.0" 0 www.poach.org
66.249.65.47 - - [02/Aug/2007:17:24:26 -0400] "GET /robots.txt HTTP/1.1" 404 299 "-" "Mozilla/5.0 (compatible; Googlebot/2.1; +http://www.google.com/bot.html)" 0 www.poach.org
66.249.65.47 - - [02/Aug/2007:17:24:27 -0400] "GET /logs/error.log HTTP/1.1" 200 127752 "-" "Mozilla/5.0 (compatible; Googlebot/2.1; +http://www.google.com/bot.html)" 1 www.poach.org
66.249.65.47 - - [02/Aug/2007:19:53:29 -0400] "GET /Logo.jpg HTTP/1.1" 404 297 "-" "Googlebot-Image/1.0" 0 www.poach.org
66.249.65.47 - - [03/Aug/2007:16:22:27 -0400] "GET /robots.txt HTTP/1.1" 404 299 "-" "Mozilla/5.0 (compatible; Googlebot/2.1; +http://www.google.com/bot.html)" 0 www.poach.org
66.249.65.47 - - [03/Aug/2007:16:22:27 -0400] "GET / HTTP/1.1" 200 317 "-" "Mozilla/5.0 (compatible; Googlebot/2.1; +http://www.google.com/bot.html)" 0 www.poach.org
66.249.65.47 - - [03/Aug/2007:16:28:04 -0400] "GET /logs/access.log HTTP/1.1" 200 285891 "-" "Mozilla/5.0 (compatible; Googlebot/2.1; +http://www.google.com/bot.html)" 0 www.poach.org
74.6.75.21 - - [04/Aug/2007:00:22:24 -0400] "GET /robots.txt HTTP/1.0" 404 287 "-" "Mozilla/5.0 (compatible; Yahoo! Slurp; http://help.yahoo.com/help/us/ysearch/slurp)" 0 www.poach.org
74.6.67.231 - - [04/Aug/2007:00:22:25 -0400] "GET /logs/ HTTP/1.0" 200 364 "-" "Mozilla/5.0 (compatible; Yahoo! Slurp; http://help.yahoo.com/help/us/ysearch/slurp)" 0 www.poach.org
208.17.184.41 - - [04/Aug/2007:00:23:33 -0400] "GET /robots.txt HTTP/1.1" 404 299 "-" "Mozilla/5.0 (X11; U; Linux i686; en-US; rv:1.7.12) Gecko/20050922 Fedora/1.0.7-1.1.fc4 Firefox/1.0.7" 0 www.poach.org
208.17.184.41 - - [04/Aug/2007:00:23:33 -0400] "GET / HTTP/1.1" 200 317 "-" "Mozilla/5.0 (X11; U; Linux i686; en-US; rv:1.7.12) Gecko/20050922 Fedora/1.0.7-1.1.fc4 Firefox/1.0.7" 0 www.poach.org
208.17.184.41 - - [04/Aug/2007:00:23:33 -0400] "GET /logs HTTP/1.1" 301 325 "-" "Mozilla/5.0 (X11; U; Linux i686; en-US; rv:1.7.12) Gecko/20050922 Fedora/1.0.7-1.1.fc4 Firefox/1.0.7" 0 www.poach.org
208.17.184.41 - - [04/Aug/2007:00:23:33 -0400] "GET /logs/ HTTP/1.1" 200 376 "-" "Mozilla/5.0 (X11; U; Linux i686; en-US; rv:1.7.12) Gecko/20050922 Fedora/1.0.7-1.1.fc4 Firefox/1.0.7" 0 www.poach.org
208.17.184.41 - - [04/Aug/2007:00:23:34 -0400] "GET /logs/access.log HTTP/1.1" 200 287240 "-" "Mozilla/5.0 (X11; U; Linux i686; en-US; rv:1.7.12) Gecko/20050922 Fedora/1.0.7-1.1.fc4 Firefox/1.0.7" 1 www.poach.org
208.17.184.41 - - [04/Aug/2007:00:23:34 -0400] "GET /logs/error.log HTTP/1.1" 200 128245 "-" "Mozilla/5.0 (X11; U; Linux i686; en-US; rv:1.7.12) Gecko/20050922 Fedora/1.0.7-1.1.fc4 Firefox/1.0.7" 0 www.poach.org
74.6.19.124 - - [04/Aug/2007:07:00:29 -0400] "GET /robots.txt HTTP/1.0" 404 287 "-" "Mozilla/5.0 (compatible; Yahoo! Slurp; http://help.yahoo.com/help/us/ysearch/slurp)" 0 www.poach.org
74.6.23.19 - - [04/Aug/2007:07:00:30 -0400] "GET /logs/error.log HTTP/1.0" 200 128368 "-" "Mozilla/5.0 (compatible; Yahoo! Slurp; http://help.yahoo.com/help/us/ysearch/slurp)" 0 www.poach.org
74.6.75.21 - - [04/Aug/2007:07:23:23 -0400] "GET /robots.txt HTTP/1.0" 404 287 "-" "Mozilla/5.0 (compatible; Yahoo! Slurp; http://help.yahoo.com/help/us/ysearch/slurp)" 0 www.poach.org
74.6.68.170 - - [04/Aug/2007:07:23:24 -0400] "GET / HTTP/1.0" 200 305 "-" "Mozilla/5.0 (compatible; Yahoo! Slurp; http://help.yahoo.com/help/us/ysearch/slurp)" 0 www.poach.org
66.249.65.47 - - [04/Aug/2007:08:58:25 -0400] "GET /robots.txt HTTP/1.1" 404 299 "-" "Mozilla/5.0 (compatible; Googlebot/2.1; +http://www.google.com/bot.html)" 0 www.poach.org
68.142.212.221 - - [04/Aug/2007:10:36:08 -0400] "GET /robots.txt HTTP/1.0" 404 287 "-" "Yahoo-MMCrawler/3.x (mms dash mmcrawler dash support at yahoo dash inc dot com)" 0 www.poach.org
202.160.178.87 - - [04/Aug/2007:14:15:08 -0400] "GET /robots.txt HTTP/1.0" 404 287 "-" "Mozilla/5.0 (compatible; Yahoo! Slurp China; http://misc.yahoo.com.cn/help.html)" 0 www.poach.org
202.160.180.191 - - [04/Aug/2007:14:15:14 -0400] "GET / HTTP/1.0" 200 305 "-" "Mozilla/5.0 (compatible; Yahoo! Slurp China; http://misc.yahoo.com.cn/help.html)" 0 www.poach.org
74.6.75.32 - - [04/Aug/2007:15:05:39 -0400] "GET /robots.txt HTTP/1.0" 404 283 "-" "Mozilla/5.0 (compatible; Yahoo! Slurp; http://help.yahoo.com/help/us/ysearch/slurp)" 0 www.poach.org
74.6.69.198 - - [04/Aug/2007:15:05:40 -0400] "GET / HTTP/1.0" 200 301 "-" "Mozilla/5.0 (compatible; Yahoo! Slurp; http://help.yahoo.com/help/us/ysearch/slurp)" 0 www.poach.org
74.6.75.21 - - [05/Aug/2007:01:06:01 -0400] "GET /robots.txt HTTP/1.0" 404 287 "-" "Mozilla/5.0 (compatible; Yahoo! Slurp; http://help.yahoo.com/help/us/ysearch/slurp)" 0 www.poach.org
74.6.18.78 - - [05/Aug/2007:01:06:01 -0400] "GET /allstate_nn4.html HTTP/1.0" 404 294 "-" "Mozilla/5.0 (compatible; Yahoo! Slurp; http://help.yahoo.com/help/us/ysearch/slurp)" 0 www.poach.org
63.123.238.8 - - [05/Aug/2007:01:38:41 -0400] "GET /robots.txt HTTP/1.1" 404 299 "-" "Mozilla/2.0 (compatible; Ask Jeeves/Teoma)" 0 www.poach.org
63.123.238.8 - - [05/Aug/2007:01:38:41 -0400] "GET / HTTP/1.1" 200 317 "-" "Mozilla/2.0 (compatible; Ask Jeeves/Teoma)" 0 www.poach.org
74.6.71.123 - - [05/Aug/2007:05:15:09 -0400] "GET /logs/error.log HTTP/1.0" 200 129363 "-" "Mozilla/5.0 (compatible; Yahoo! Slurp; http://help.yahoo.com/help/us/ysearch/slurp)" 0 www.poach.org
74.6.19.124 - - [05/Aug/2007:05:56:13 -0400] "GET /robots.txt HTTP/1.0" 404 287 "-" "Mozilla/5.0 (compatible; Yahoo! Slurp; http://help.yahoo.com/help/us/ysearch/slurp)" 0 www.poach.org
74.6.20.102 - - [05/Aug/2007:05:56:13 -0400] "GET /logs/ HTTP/1.0" 200 364 "-" "Mozilla/5.0 (compatible; Yahoo! Slurp; http://help.yahoo.com/help/us/ysearch/slurp)" 0 www.poach.org
213.113.3.43 - - [05/Aug/2007:07:08:38 -0400] "GET / HTTP/1.0" 200 305 "-" "Mozilla/5.0 (Windows; U; Windows NT 5.1; en-US; rv:1.8.0.4) Gecko/20060508 Firefox/1.5.0.4" 0 www.poach.org
74.6.19.124 - - [05/Aug/2007:12:03:18 -0400] "GET /robots.txt HTTP/1.0" 404 287 "-" "Mozilla/5.0 (compatible; Yahoo! Slurp; http://help.yahoo.com/help/us/ysearch/slurp)" 0 www.poach.org
74.6.20.155 - - [05/Aug/2007:12:03:18 -0400] "GET / HTTP/1.0" 200 305 "-" "Mozilla/5.0 (compatible; Yahoo! Slurp; http://help.yahoo.com/help/us/ysearch/slurp)" 0 www.poach.org
38.114.104.12 - - [05/Aug/2007:12:47:32 -0400] "GET /robots.txt HTTP/1.0" 404 287 "-" "Gigabot/3.0 (http://www.gigablast.com/spider.html)" 0 www.poach.org
38.114.104.73 - - [05/Aug/2007:12:47:33 -0400] "GET /allstate_nn4.html HTTP/1.0" 404 294 "-" "Gigabot/3.0 (http://www.gigablast.com/spider.html)" 0 www.poach.org
207.241.233.34 - - [05/Aug/2007:15:02:03 -0400] "GET /robots.txt HTTP/1.0" 404 287 "http://www.poach.org/allstate_nn4.html" "Mozilla/5.0 (compatible; archive.org_bot/1.13.1x +http://crawler.archive.org)" 0 www.poach.org
207.241.233.34 - - [05/Aug/2007:15:02:19 -0400] "GET /allstate_nn4.html HTTP/1.0" 404 294 "http://www.outofthedark.com/CorporateWars/WarLinks.html" "Mozilla/5.0 (compatible; archive.org_bot/1.13.1x +http://crawler.archive.org)" 0 www.poach.org
216.145.17.190 - - [06/Aug/2007:07:32:52 -0400] "GET /robots.txt HTTP/1.0" 404 287 "http://www.whois.sc/" "SurveyBot/2.3 (Whois Source)" 0 www.poach.org
216.145.17.190 - - [06/Aug/2007:07:32:53 -0400] "GET / HTTP/1.1" 200 317 "http://www.whois.sc/poach.org" "SurveyBot/2.3 (Whois Source)" 0 www.poach.org
74.6.75.21 - - [06/Aug/2007:17:10:05 -0400] "GET /robots.txt HTTP/1.0" 404 287 "-" "Mozilla/5.0 (compatible; Yahoo! Slurp; http://help.yahoo.com/help/us/ysearch/slurp)" 0 www.poach.org
74.6.68.170 - - [06/Aug/2007:17:10:06 -0400] "GET / HTTP/1.0" 200 305 "-" "Mozilla/5.0 (compatible; Yahoo! Slurp; http://help.yahoo.com/help/us/ysearch/slurp)" 0 www.poach.org
68.142.212.221 - - [06/Aug/2007:18:18:33 -0400] "GET /robots.txt HTTP/1.0" 404 287 "-" "Yahoo-MMCrawler/3.x (mms dash mmcrawler dash support at yahoo dash inc dot com)" 0 www.poach.org
64.1.215.163 - - [06/Aug/2007:23:31:38 -0400] "GET /robots.txt HTTP/1.0" 404 287 "-" "Mozilla/5.0 (Twiceler-0.9 http://www.cuill.com/twiceler/robot.html)" 0 www.poach.org
131.107.0.95 - - [07/Aug/2007:02:39:02 -0400] "GET / HTTP/1.1" 200 313 "http://search.live.com/result.aspx?q=download&mrt=en-us&FORM=LVSP" "Mozilla/4.0 (compatible; MSIE 6.0; Windows NT 5.2; Win64; x64; SV1; .NET CLR 2.0.50727)" 0 www.poach.org
66.249.65.47 - - [07/Aug/2007:03:05:55 -0400] "GET /robots.txt HTTP/1.1" 404 299 "-" "Mozilla/5.0 (compatible; Googlebot/2.1; +http://www.google.com/bot.html)" 0 www.poach.org
66.249.65.47 - - [07/Aug/2007:03:05:55 -0400] "GET /logs/error.log HTTP/1.1" 200 130747 "-" "Mozilla/5.0 (compatible; Googlebot/2.1; +http://www.google.com/bot.html)" 0 www.poach.org
66.249.65.47 - - [07/Aug/2007:03:12:52 -0400] "GET /resume/clresume.rtf HTTP/1.1" 404 308 "-" "Mozilla/5.0 (compatible; Googlebot/2.1; +http://www.google.com/bot.html)" 0 www.poach.org
64.1.215.163 - - [07/Aug/2007:13:11:06 -0400] "GET /robots.txt HTTP/1.0" 404 287 "-" "Mozilla/5.0 (Twiceler-0.9 http://www.cuill.com/twiceler/robot.html)" 0 www.poach.org
64.246.165.237 - - [07/Aug/2007:17:54:28 -0400] "GET / HTTP/1.0" 200 305 "-" "Mozilla/4.0 (compatible; MSIE 6.0; Windows NT 5.2; {E12EDDF0-EE40-C76D-85D0-8861BDE2E7AE}; SV1; .NET CLR 1.1.4322)" 0 www.poach.org
202.160.178.87 - - [07/Aug/2007:18:45:24 -0400] "GET /robots.txt HTTP/1.0" 404 287 "-" "Mozilla/5.0 (compatible; Yahoo! Slurp China; http://misc.yahoo.com.cn/help.html)" 0 www.poach.org
202.160.180.191 - - [07/Aug/2007:18:45:32 -0400] "GET / HTTP/1.0" 200 305 "-" "Mozilla/5.0 (compatible; Yahoo! Slurp China; http://misc.yahoo.com.cn/help.html)" 0 www.poach.org
66.249.65.47 - - [07/Aug/2007:22:15:36 -0400] "GET /robots.txt HTTP/1.1" 404 299 "-" "Mozilla/5.0 (compatible; Googlebot/2.1; +http://www.google.com/bot.html)" 0 www.poach.org
66.249.65.47 - - [07/Aug/2007:22:15:36 -0400] "GET / HTTP/1.1" 200 317 "-" "Mozilla/5.0 (compatible; Googlebot/2.1; +http://www.google.com/bot.html)" 0 www.poach.org
66.249.65.47 - - [07/Aug/2007:23:49:57 -0400] "GET /logs/access.log HTTP/1.1" 200 294932 "-" "Mozilla/5.0 (compatible; Googlebot/2.1; +http://www.google.com/bot.html)" 0 www.poach.org
64.208.172.174 - - [08/Aug/2007:09:25:30 -0400] "GET /robots.txt HTTP/1.0" 404 287 "-" "ia_archiver" 0 www.poach.org
64.208.172.174 - - [08/Aug/2007:09:25:31 -0400] "GET /logs/error.log HTTP/1.0" 200 131380 "-" "ia_archiver" 0 www.poach.org
64.1.215.163 - - [08/Aug/2007:11:10:24 -0400] "GET /robots.txt HTTP/1.0" 404 287 "-" "Mozilla/5.0 (Twiceler-0.9 http://www.cuill.com/twiceler/robot.html)" 0 www.poach.org
64.1.215.163 - - [08/Aug/2007:11:24:23 -0400] "GET /robots.txt HTTP/1.0" 404 287 "-" "Mozilla/5.0 (Twiceler-0.9 http://www.cuill.com/twiceler/robot.html)" 0 www.poach.org
66.249.65.47 - - [08/Aug/2007:18:47:10 -0400] "GET /robots.txt HTTP/1.1" 404 299 "-" "Mozilla/5.0 (compatible; Googlebot/2.1; +http://www.google.com/bot.html)" 0 www.poach.org
68.142.212.221 - - [09/Aug/2007:04:42:01 -0400] "GET /robots.txt HTTP/1.0" 404 287 "-" "Yahoo-MMCrawler/3.x (mms dash mmcrawler dash support at yahoo dash inc dot com)" 0 www.poach.org
65.54.154.48 - - [09/Aug/2007:07:30:55 -0400] "GET /favicon.ico HTTP/1.0" 404 288 "-" "Mozilla/4.0 (compatible; MSIE 7.0; Windows NT 5.1; .NET CLR 1.1.4322; MSN 9.0;MSN 9.1; MSNbMSNI; MSNmen-us; MSNcIA)" 0 www.poach.org
74.6.75.21 - - [09/Aug/2007:15:37:00 -0400] "GET /robots.txt HTTP/1.0" 404 287 "-" "Mozilla/5.0 (compatible; Yahoo! Slurp; http://help.yahoo.com/help/us/ysearch/slurp)" 0 www.poach.org
74.6.17.75 - - [09/Aug/2007:15:37:00 -0400] "GET / HTTP/1.0" 200 305 "-" "Mozilla/5.0 (compatible; Yahoo! Slurp; http://help.yahoo.com/help/us/ysearch/slurp)" 0 www.poach.org
74.6.17.165 - - [09/Aug/2007:15:43:18 -0400] "GET /logs HTTP/1.0" 301 313 "-" "Mozilla/5.0 (compatible; Yahoo! Slurp; http://help.yahoo.com/help/us/ysearch/slurp)" 0 www.poach.org
74.6.17.165 - - [09/Aug/2007:15:43:28 -0400] "GET /logs/ HTTP/1.0" 200 364 "-" "Mozilla/5.0 (compatible; Yahoo! Slurp; http://help.yahoo.com/help/us/ysearch/slurp)" 0 www.poach.org
64.208.172.174 - - [09/Aug/2007:21:43:52 -0400] "GET /robots.txt HTTP/1.0" 404 287 "-" "ia_archiver" 0 www.poach.org
64.208.172.174 - - [09/Aug/2007:21:43:52 -0400] "GET /logs/error.log HTTP/1.0" 200 132251 "-" "ia_archiver" 0 www.poach.org
74.6.19.124 - - [10/Aug/2007:00:24:55 -0400] "GET /robots.txt HTTP/1.0" 404 287 "-" "Mozilla/5.0 (compatible; Yahoo! Slurp; http://help.yahoo.com/help/us/ysearch/slurp)" 0 www.poach.org
74.6.20.102 - - [10/Aug/2007:00:24:55 -0400] "GET /logs/ HTTP/1.0" 200 364 "-" "Mozilla/5.0 (compatible; Yahoo! Slurp; http://help.yahoo.com/help/us/ysearch/slurp)" 0 www.poach.org
38.100.41.107 - - [10/Aug/2007:04:05:41 -0400] "GET / HTTP/1.1" 200 317 "-" "Mozilla/4.0 (compatible; MSIE 6.0; Windows XP)" 0 www.poach.org
38.100.41.107 - - [10/Aug/2007:04:05:48 -0400] "GET /logs HTTP/1.1" 301 325 "http://www.poach.org/" "Mozilla/4.0 (compatible; MSIE 6.0; Windows XP)" 0 www.poach.org
38.100.41.107 - - [10/Aug/2007:04:06:22 -0400] "GET /logs/ HTTP/1.1" 200 376 "http://www.poach.org/logs" "Mozilla/4.0 (compatible; MSIE 6.0; Windows XP)" 0 www.poach.org
38.100.41.107 - - [10/Aug/2007:04:08:07 -0400] "GET /logs/error.log HTTP/1.1" 200 132374 "http://www.poach.org/logs/" "Mozilla/4.0 (compatible; MSIE 6.0; Windows XP)" 0 www.poach.org
38.100.41.107 - - [10/Aug/2007:04:08:10 -0400] "GET /logs/access.log HTTP/1.1" 200 93559 "http://www.poach.org/logs/" "Mozilla/4.0 (compatible; MSIE 6.0; Windows XP)" 1 www.poach.org
212.95.252.16 - - [10/Aug/2007:16:46:30 -0400] "GET / HTTP/1.0" 200 305 "-" "Mozilla/4.0 (compatible; MSIE 6.0; Windows NT 5.1)" 0 www.poach.org
70.85.114.58 - - [10/Aug/2007:20:55:27 -0400] "GET /robots.txt HTTP/1.1" 404 299 "www.poach.org" "Pingdom GIGRIB (http://www.pingdom.com)" 0 www.poach.org
70.85.114.58 - - [10/Aug/2007:20:58:45 -0400] "GET / HTTP/1.1" 200 317 "http://www.pingdom.com/tools/fpt/?url=www.poach.org" "Pingdom GIGRIB (http://www.pingdom.com)" 0 www.poach.org
74.52.245.146 - - [10/Aug/2007:23:16:10 -0400] "GET / HTTP/1.0" 200 305 "-" "Mozilla/5.0 (X11; U; Linux i686; en-US; rv:1.7.5) Gecko/20041107 Firefox/1.0" 0 www.poach.org
67.181.21.139 - - [10/Aug/2007:23:31:58 -0400] "GET /logs/error.log HTTP/1.1" 200 132498 "http://www.google.com/search?q=67.181.21.139&ie=utf-8&oe=utf-8&aq=t&rls=org.mozilla:en-US:official&client=firefox-a" "Mozilla/5.0 (Windows; U; Windows NT 5.1; en-US; rv:1.8.1.6) Gecko/20070725 Firefox/2.0.0.6" 1 www.poach.org
67.181.21.139 - - [10/Aug/2007:23:31:59 -0400] "GET /favicon.ico HTTP/1.1" 404 300 "-" "Mozilla/5.0 (Windows; U; Windows NT 5.1; en-US; rv:1.8.1.6) Gecko/20070725 Firefox/2.0.0.6" 0 www.poach.org
