61.6.216.207 - - [22/Aug/2007:20:46:28 -0400] "GET /?SID=aVR4P0NieDtqRFp4X1ROdFg/SmtoW05ib1RkPW9bVntpS1Y7VT5KYWhr HTTP/1.1" 200 317 "http://aa.f324.mail.yahoo.com/ym/ShowLetter?MsgId=4673_0_725_1270_930_0_784_1697_2674236472_oSOYkYn4Ur6Rg9KuJfSMZ5WjVjW.WOueyaOCJo3Gd5CMitvJiJ0V5XzdpRBd7bD6zhAmsz5GOiGLX_d5.zyxBaX2Bp45LcinhZEfAzkUKgTxGYkfE.y7.Cu6QQI4L3JfFnlOoqtg_tVdcgWkrV0Eev1qJ9SSjRLM1cCT7uOXbXQ-&Idx=0&YY=64939&inc=25&order=down&sort=date&pos=0&view=a&head=b&box=%40B%40Bulk" "Mozilla/4.0 (compatible; MSIE 7.0; Windows NT 5.1; .NET CLR 1.1.4322; InfoPath.2)" 0 www.poach.org
209.191.87.218 - - [22/Aug/2007:22:14:02 -0400] "GET / HTTP/1.0" 200 301 "-" "Mozilla/4.0 (compatible; MSIE 6.0; Windows NT 5.1)" 0 www.poach.org
209.191.87.218 - - [22/Aug/2007:22:14:04 -0400] "GET / HTTP/1.0" 200 301 "-" "Mozilla/4.0 (compatible; MSIE 6.0; Windows NT 5.1)" 0 www.poach.org
74.6.19.124 - - [23/Aug/2007:01:18:25 -0400] "GET /robots.txt HTTP/1.0" 404 287 "-" "Mozilla/5.0 (compatible; Yahoo! Slurp; http://help.yahoo.com/help/us/ysearch/slurp)" 0 www.poach.org
74.6.23.119 - - [23/Aug/2007:01:18:25 -0400] "GET /index.htm HTTP/1.0" 404 286 "-" "Mozilla/5.0 (compatible; Yahoo! Slurp; http://help.yahoo.com/help/us/ysearch/slurp)" 0 www.poach.org
64.208.172.174 - - [23/Aug/2007:01:36:23 -0400] "GET /robots.txt HTTP/1.0" 404 287 "-" "ia_archiver" 0 www.poach.org
64.208.172.174 - - [23/Aug/2007:01:36:24 -0400] "GET /logs/error.log HTTP/1.0" 200 146250 "-" "ia_archiver" 1 www.poach.org
74.6.20.155 - - [23/Aug/2007:04:29:05 -0400] "GET / HTTP/1.0" 200 305 "-" "Mozilla/5.0 (compatible; Yahoo! Slurp; http://help.yahoo.com/help/us/ysearch/slurp)" 0 www.poach.org
68.142.212.221 - - [23/Aug/2007:05:52:38 -0400] "GET /robots.txt HTTP/1.0" 404 287 "-" "Yahoo-MMCrawler/3.x (mms dash mmcrawler dash support at yahoo dash inc dot com)" 0 www.poach.org
65.214.44.118 - - [23/Aug/2007:13:00:59 -0400] "GET /robots.txt HTTP/1.0" 404 287 "-" "Mozilla/2.0 (compatible; Ask Jeeves/Teoma; +http://sp.ask.com/docs/about/tech_crawling.html)" 0 www.poach.org
65.214.44.118 - - [23/Aug/2007:13:01:34 -0400] "GET /page12.htm HTTP/1.0" 404 287 "-" "Mozilla/2.0 (compatible; Ask Jeeves/Teoma; +http://sp.ask.com/docs/about/tech_crawling.html)" 0 www.poach.org
65.214.44.118 - - [23/Aug/2007:13:03:18 -0400] "GET /page11.htm HTTP/1.0" 404 287 "-" "Mozilla/2.0 (compatible; Ask Jeeves/Teoma; +http://sp.ask.com/docs/about/tech_crawling.html)" 0 www.poach.org
209.191.87.214 - - [23/Aug/2007:21:53:42 -0400] "GET /?sid=avr4p0niedtqrfp4x1rodfh1twtat0o9b0r8dfzivq HTTP/1.0" 200 305 "-" "Mozilla/4.0 (compatible; MSIE 6.0; Windows NT 5.1)" 0 www.poach.org
209.191.87.214 - - [23/Aug/2007:21:53:44 -0400] "GET /?sid=avr4p0niedtqrfp4x1rodfh1twtat0o9b0r8dfzivq HTTP/1.0" 200 305 "-" "Mozilla/4.0 (compatible; MSIE 6.0; Windows NT 5.1)" 0 www.poach.org
38.100.41.94 - - [24/Aug/2007:04:47:20 -0400] "GET / HTTP/1.1" 200 313 "-" "Mozilla/4.0 (compatible; MSIE 6.0; Windows NT 5.1)" 0 www.poach.org
38.100.41.94 - - [24/Aug/2007:04:47:32 -0400] "GET /?sid HTTP/1.1" 200 317 "-" "Mozilla/4.0 (compatible; MSIE 6.0; Windows NT 5.1)" 0 www.poach.org
66.196.97.168 - - [24/Aug/2007:12:08:03 -0400] "GET /?sid=avr4p0niedtqrfp4x1rodfh1b2zfvfp7awjkywhr HTTP/1.0" 200 305 "-" "Mozilla/4.0 (compatible; MSIE 6.0; Windows NT 5.1)" 0 www.poach.org
66.196.97.168 - - [24/Aug/2007:12:08:05 -0400] "GET /?sid=avr4p0niedtqrfp4x1rodfh1b2zfvfp7awjkywhr HTTP/1.0" 200 305 "-" "Mozilla/4.0 (compatible; MSIE 6.0; Windows NT 5.1)" 0 www.poach.org
74.6.19.124 - - [24/Aug/2007:15:10:51 -0400] "GET /robots.txt HTTP/1.0" 404 287 "-" "Mozilla/5.0 (compatible; Yahoo! Slurp; http://help.yahoo.com/help/us/ysearch/slurp)" 0 www.poach.org
74.6.23.19 - - [24/Aug/2007:15:10:51 -0400] "GET /logs/error.log HTTP/1.0" 200 146874 "-" "Mozilla/5.0 (compatible; Yahoo! Slurp; http://help.yahoo.com/help/us/ysearch/slurp)" 0 www.poach.org
64.1.215.163 - - [24/Aug/2007:15:22:30 -0400] "GET /robots.txt HTTP/1.0" 404 287 "-" "Mozilla/5.0 (Twiceler-0.9 http://www.cuill.com/twiceler/robot.html)" 0 www.poach.org
66.196.97.157 - - [24/Aug/2007:17:36:32 -0400] "GET /?sid=avr4p0niedtqrfp4x1rodfh1b2dgt1vlrkl4dglifd1vvephags HTTP/1.0" 200 305 "-" "Mozilla/4.0 (compatible; MSIE 6.0; Windows NT 5.1)" 0 www.poach.org
66.196.97.157 - - [24/Aug/2007:17:36:34 -0400] "GET /?sid=avr4p0niedtqrfp4x1rodfh1b2dgt1vlrkl4dglifd1vvephags HTTP/1.0" 200 305 "-" "Mozilla/4.0 (compatible; MSIE 6.0; Windows NT 5.1)" 0 www.poach.org
65.214.45.100 - - [24/Aug/2007:22:59:45 -0400] "GET /robots.txt HTTP/1.0" 404 287 "-" "Mozilla/5.0 (compatible; Ask Jeeves/Teoma; +http://about.ask.com/en/docs/about/webmasters.shtml)" 0 www.poach.org
65.214.45.100 - - [24/Aug/2007:22:59:45 -0400] "GET /page12.htm HTTP/1.0" 404 287 "-" "Mozilla/5.0 (compatible; Ask Jeeves/Teoma; +http://about.ask.com/en/docs/about/webmasters.shtml)" 0 www.poach.org
213.42.2.27 - - [25/Aug/2007:02:02:10 -0400] "GET /?SID=aVR4P0NieDtqRFp4X1ROdFg+RiNqW1Y9Vj98PQ HTTP/1.1" 200 317 "http://us.f601.mail.yahoo.com/ym/ShowLetter?MsgId=3781_0_762_1227_907_0_1429_1648_1749256928_oSOYkYn4Ur6Rg9euJfSMZ2XJUpby9M8u5iK7QLYSZ1SVOUgcJy.sXgeZaf9ehmx3vIEZnmlEjuAoQpuDoJncQsW_F7LX3rs34JDDmir2VaawJwihgEDrJz..yP1n0aVTBtgcTpthaHeIJYT_ohyjTdXFpRuRDcFXc7xQdegWI_E-&Idx=0&YY=45838&y5beta=yes&y5beta=yes&inc=25&order=down&sort=date&pos=0&view=&head=&box=%40B%40Bulk" "Mozilla/4.0 (compatible; MSIE 6.0; Windows NT 5.1; SV1)" 0 www.poach.org
213.42.2.27 - - [25/Aug/2007:02:02:14 -0400] "GET /logs HTTP/1.1" 301 325 "http://www.poach.org/?SID=aVR4P0NieDtqRFp4X1ROdFg+RiNqW1Y9Vj98PQ" "Mozilla/4.0 (compatible; MSIE 6.0; Windows NT 5.1; SV1)" 0 www.poach.org
213.42.2.27 - - [25/Aug/2007:02:02:14 -0400] "GET /logs/ HTTP/1.1" 200 376 "http://www.poach.org/?SID=aVR4P0NieDtqRFp4X1ROdFg+RiNqW1Y9Vj98PQ" "Mozilla/4.0 (compatible; MSIE 6.0; Windows NT 5.1; SV1)" 0 www.poach.org
213.42.2.27 - - [25/Aug/2007:02:02:20 -0400] "GET / HTTP/1.1" 200 317 "http://www.poach.org/logs/" "Mozilla/4.0 (compatible; MSIE 6.0; Windows NT 5.1; SV1)" 0 www.poach.org
66.249.65.47 - - [25/Aug/2007:04:47:49 -0400] "GET /robots.txt HTTP/1.1" 404 299 "-" "Mozilla/5.0 (compatible; Googlebot/2.1; +http://www.google.com/bot.html)" 0 www.poach.org
66.249.65.47 - - [25/Aug/2007:04:47:49 -0400] "GET /logs/error.log HTTP/1.1" 200 147372 "-" "Mozilla/5.0 (compatible; Googlebot/2.1; +http://www.google.com/bot.html)" 0 www.poach.org
66.249.65.47 - - [25/Aug/2007:04:50:28 -0400] "GET /logs/ HTTP/1.1" 200 376 "-" "Mozilla/5.0 (compatible; Googlebot/2.1; +http://www.google.com/bot.html)" 0 www.poach.org
68.142.212.221 - - [25/Aug/2007:11:08:33 -0400] "GET /robots.txt HTTP/1.0" 404 287 "-" "Yahoo-MMCrawler/3.x (mms dash mmcrawler dash support at yahoo dash inc dot com)" 0 www.poach.org
82.114.184.83 - - [25/Aug/2007:12:04:01 -0400] "GET /?SID=aVR4P0NieDtqRFp4X1ROdFg/WnVfP1pmXz9kPQ HTTP/1.0" 200 305 "http://us.mg2.mail.yahoo.com/dc/launch?.rand=ac0mbnimdluq4" "Mozilla/4.0 (compatible; MSIE 6.0; Windows NT 5.1; SV1; .NET CLR 2.0.50727)" 0 www.poach.org
82.114.184.83 - - [25/Aug/2007:12:05:09 -0400] "GET /logs HTTP/1.0" 301 313 "http://www.poach.org/?SID=aVR4P0NieDtqRFp4X1ROdFg/WnVfP1pmXz9kPQ" "Mozilla/4.0 (compatible; MSIE 6.0; Windows NT 5.1; SV1; .NET CLR 2.0.50727)" 0 www.poach.org
82.114.184.83 - - [25/Aug/2007:12:05:10 -0400] "GET /logs/ HTTP/1.0" 200 364 "http://www.poach.org/?SID=aVR4P0NieDtqRFp4X1ROdFg/WnVfP1pmXz9kPQ" "Mozilla/4.0 (compatible; MSIE 6.0; Windows NT 5.1; SV1; .NET CLR 2.0.50727)" 0 www.poach.org
64.1.215.163 - - [25/Aug/2007:15:39:20 -0400] "GET /robots.txt HTTP/1.0" 404 287 "-" "Mozilla/5.0 (Twiceler-0.9 http://www.cuill.com/twiceler/robot.html)" 0 www.poach.org
74.6.19.124 - - [25/Aug/2007:17:17:14 -0400] "GET /robots.txt HTTP/1.0" 404 287 "-" "Mozilla/5.0 (compatible; Yahoo! Slurp; http://help.yahoo.com/help/us/ysearch/slurp)" 0 www.poach.org
74.6.20.102 - - [25/Aug/2007:17:17:15 -0400] "GET /logs/ HTTP/1.0" 200 364 "-" "Mozilla/5.0 (compatible; Yahoo! Slurp; http://help.yahoo.com/help/us/ysearch/slurp)" 0 www.poach.org
65.214.45.100 - - [25/Aug/2007:18:58:05 -0400] "GET /robots.txt HTTP/1.0" 404 287 "-" "Mozilla/5.0 (compatible; Ask Jeeves/Teoma; +http://about.ask.com/en/docs/about/webmasters.shtml)" 0 www.poach.org
65.214.45.100 - - [25/Aug/2007:18:58:05 -0400] "GET /page07.htm HTTP/1.0" 404 287 "-" "Mozilla/5.0 (compatible; Ask Jeeves/Teoma; +http://about.ask.com/en/docs/about/webmasters.shtml)" 0 www.poach.org
72.191.212.175 - - [25/Aug/2007:23:55:26 -0400] "GET /?SID=aVR4P0NieDtqRFp4X1ROdFh1RWdFdXQ7VWJKa1Y/QjVoaw HTTP/1.1" 200 317 "http://us.f533.mail.yahoo.com/ym/ShowLetter?MsgId=4069_758682_210_1192_878_0_8048_1608_1500024222&Idx=13&YY=89036&y5beta=yes&y5beta=yes&inc=25&order=down&sort=date&pos=0&view=a&head=b&box=Inbox" "Mozilla/4.0 (compatible; MSIE 7.0; Windows NT 6.0; SLCC1; .NET CLR 2.0.50727; Media Center PC 5.0; .NET CLR 3.0.04506)" 0 www.poach.org
72.191.212.175 - - [25/Aug/2007:23:55:27 -0400] "GET /favicon.ico HTTP/1.1" 404 300 "-" "Mozilla/4.0 (compatible; MSIE 7.0; Windows NT 6.0; SLCC1; .NET CLR 2.0.50727; Media Center PC 5.0; .NET CLR 3.0.04506)" 0 www.poach.org
63.123.238.8 - - [26/Aug/2007:02:35:58 -0400] "GET /robots.txt HTTP/1.1" 404 299 "-" "Mozilla/2.0 (compatible; Ask Jeeves/Teoma)" 0 www.poach.org
63.123.238.8 - - [26/Aug/2007:02:35:58 -0400] "GET / HTTP/1.1" 200 317 "-" "Mozilla/2.0 (compatible; Ask Jeeves/Teoma)" 0 www.poach.org
166.90.142.9 - - [26/Aug/2007:02:57:17 -0400] "GET /robots.txt HTTP/1.0" 404 287 "-" "voyager/1.0" 0 www.poach.org
166.90.142.9 - - [26/Aug/2007:02:57:54 -0400] "GET /page12.htm HTTP/1.0" 404 287 "-" "voyager/1.0" 0 www.poach.org
202.160.178.87 - - [26/Aug/2007:04:52:07 -0400] "GET /robots.txt HTTP/1.0" 404 287 "-" "Mozilla/5.0 (compatible; Yahoo! Slurp China; http://misc.yahoo.com.cn/help.html)" 0 www.poach.org
202.160.180.191 - - [26/Aug/2007:04:52:11 -0400] "GET / HTTP/1.0" 200 305 "-" "Mozilla/5.0 (compatible; Yahoo! Slurp China; http://misc.yahoo.com.cn/help.html)" 0 www.poach.org
66.249.65.47 - - [26/Aug/2007:13:13:20 -0400] "GET /robots.txt HTTP/1.1" 404 299 "-" "Mozilla/5.0 (compatible; Googlebot/2.1; +http://www.google.com/bot.html)" 0 www.poach.org
66.249.65.47 - - [26/Aug/2007:13:13:21 -0400] "GET /logs/access.log HTTP/1.1" 200 409174 "-" "Mozilla/5.0 (compatible; Googlebot/2.1; +http://www.google.com/bot.html)" 1 www.poach.org
66.249.65.47 - - [26/Aug/2007:13:28:43 -0400] "GET / HTTP/1.1" 200 317 "-" "Mozilla/5.0 (compatible; Googlebot/2.1; +http://www.google.com/bot.html)" 0 www.poach.org
64.1.215.163 - - [26/Aug/2007:21:46:31 -0400] "GET /robots.txt HTTP/1.0" 404 287 "-" "Mozilla/5.0 (Twiceler-0.9 http://www.cuill.com/twiceler/robot.html)" 0 www.poach.org
38.100.19.10 - - [26/Aug/2007:23:15:08 -0400] "GET / HTTP/1.1" 200 313 "-" "Mozilla/4.0 (compatible; MSIE 6.0; Windows NT 5.1)" 0 www.poach.org
74.208.71.187 - - [27/Aug/2007:01:08:32 -0400] "GET / HTTP/1.0" 200 305 "-" "Mozilla/4.0 (compatible; MSIE 6.0; Windows NT 5.1; SV1; .NET CLR 1.1.4322; .NET CLR 2.0.50727)" 0 www.poach.org
74.208.16.94 - - [27/Aug/2007:01:11:52 -0400] "GET /logs HTTP/1.0" 301 313 "-" "-" 0 www.poach.org
38.113.234.181 - - [27/Aug/2007:07:46:43 -0400] "GET /robots.txt HTTP/1.0" 404 287 "-" "voyager/1.0" 0 www.poach.org
38.113.234.180 - - [27/Aug/2007:07:47:10 -0400] "GET /page09.htm HTTP/1.0" 404 287 "-" "voyager/1.0" 0 www.poach.org
64.246.165.190 - - [27/Aug/2007:12:17:32 -0400] "GET /robots.txt HTTP/1.0" 404 287 "http://www.whois.sc/" "SurveyBot/2.3 (Whois Source)" 0 www.poach.org
64.246.165.190 - - [27/Aug/2007:12:17:32 -0400] "GET / HTTP/1.1" 200 317 "http://www.whois.sc/poach.org" "SurveyBot/2.3 (Whois Source)" 0 www.poach.org
65.54.188.95 - - [27/Aug/2007:18:31:34 -0400] "GET /robots.txt HTTP/1.0" 404 287 "-" "msnbot/1.0 (+http://search.msn.com/msnbot.htm)" 1 www.poach.org
65.54.188.95 - - [27/Aug/2007:18:31:34 -0400] "GET /allstate_nn4.html HTTP/1.0" 404 294 "-" "msnbot/1.0 (+http://search.msn.com/msnbot.htm)" 0 www.poach.org
68.142.212.221 - - [27/Aug/2007:23:29:19 -0400] "GET /robots.txt HTTP/1.0" 404 287 "-" "Yahoo-MMCrawler/3.x (mms dash mmcrawler dash support at yahoo dash inc dot com)" 0 www.poach.org
209.191.87.216 - - [28/Aug/2007:04:09:52 -0400] "GET /?sid=avr4p0niedtqrfp4x1rodfg/nt1vpzvaamjodfzirjhoxq HTTP/1.0" 200 305 "-" "Mozilla/4.0 (compatible; MSIE 6.0; Windows NT 5.1)" 0 www.poach.org
209.191.87.216 - - [28/Aug/2007:04:09:54 -0400] "GET /?sid=avr4p0niedtqrfp4x1rodfg/nt1vpzvaamjodfzirjhoxq HTTP/1.0" 200 305 "-" "Mozilla/4.0 (compatible; MSIE 6.0; Windows NT 5.1)" 0 www.poach.org
74.6.19.124 - - [28/Aug/2007:08:28:05 -0400] "GET /robots.txt HTTP/1.0" 404 287 "-" "Mozilla/5.0 (compatible; Yahoo! Slurp; http://help.yahoo.com/help/us/ysearch/slurp)" 0 www.poach.org
74.6.20.155 - - [28/Aug/2007:08:28:05 -0400] "GET / HTTP/1.0" 200 305 "-" "Mozilla/5.0 (compatible; Yahoo! Slurp; http://help.yahoo.com/help/us/ysearch/slurp)" 0 www.poach.org
82.45.163.18 - - [28/Aug/2007:11:45:43 -0400] "GET /logs/access.log HTTP/1.1" 200 411914 "http://www.google.com/search?q=%22208.65.16.72%22&ie=utf-8&oe=utf-8&aq=t&rls=org.debian:en-US:unofficial&client=iceweasel-a" "Mozilla/5.0 (X11; U; Linux i686; en-US; rv:1.8.1.5) Gecko/20070719 Iceweasel/2.0.0.5 (Debian-2.0.0.5-1)" 6 www.poach.org
82.45.163.18 - - [28/Aug/2007:11:45:47 -0400] "GET /favicon.ico HTTP/1.1" 404 300 "-" "Mozilla/5.0 (X11; U; Linux i686; en-US; rv:1.8.1.5) Gecko/20070719 Iceweasel/2.0.0.5 (Debian-2.0.0.5-1)" 0 www.poach.org
64.1.215.163 - - [28/Aug/2007:21:26:59 -0400] "GET /robots.txt HTTP/1.0" 404 287 "-" "Mozilla/5.0 (Twiceler-0.9 http://www.cuill.com/twiceler/robot.html)" 0 www.poach.org
66.249.65.47 - - [29/Aug/2007:07:01:10 -0400] "GET /robots.txt HTTP/1.1" 404 299 "-" "Mozilla/5.0 (compatible; Googlebot/2.1; +http://www.google.com/bot.html)" 0 www.poach.org
66.249.65.47 - - [29/Aug/2007:07:01:10 -0400] "GET /logs/error.log HTTP/1.1" 200 150123 "-" "Mozilla/5.0 (compatible; Googlebot/2.1; +http://www.google.com/bot.html)" 0 www.poach.org
74.6.19.124 - - [29/Aug/2007:07:36:45 -0400] "GET /robots.txt HTTP/1.0" 404 287 "-" "Mozilla/5.0 (compatible; Yahoo! Slurp; http://help.yahoo.com/help/us/ysearch/slurp)" 0 www.poach.org
74.6.28.44 - - [29/Aug/2007:07:36:45 -0400] "GET /allstate_nn4.html HTTP/1.0" 404 294 "-" "Mozilla/5.0 (compatible; Yahoo! Slurp; http://help.yahoo.com/help/us/ysearch/slurp)" 0 www.poach.org
85.202.20.221 - - [29/Aug/2007:17:30:02 -0400] "GET /favicon.ico HTTP/1.1" 404 300 "-" "Mozilla/4.0 (compatible; MSIE 7.0; Windows NT 5.1)" 0 www.poach.org
85.202.20.221 - - [29/Aug/2007:17:30:03 -0400] "GET /logs/access.log HTTP/1.1" 200 413523 "http://www.google.dk/search?source=ig&hl=da&q=majestic12.co.uk&btnG=Google-s%C3%B8gning&meta=lr%3Dlang_da%7Clang_en%7Clang_it%7Clang_es" "Mozilla/4.0 (compatible; MSIE 7.0; Windows NT 5.1)" 1 www.poach.org
64.1.215.163 - - [29/Aug/2007:19:42:46 -0400] "GET /robots.txt HTTP/1.0" 404 287 "-" "Mozilla/5.0 (Twiceler-0.9 http://www.cuill.com/twiceler/robot.html)" 0 www.poach.org
125.212.109.141 - - [30/Aug/2007:00:44:39 -0400] "GET /?SID=aVR4P0NieDtqRFp4X1ROdFg/fDtpS1Y9aVl4NW9UdD4 HTTP/1.1" 200 317 "http://us.mg2.mail.yahoo.com/dc/launch?.rand=f13pj2np64mh4" "Mozilla/4.0 (compatible; MSIE 6.0; Windows NT 5.1; SV1)" 0 www.poach.org
68.142.212.221 - - [30/Aug/2007:05:49:55 -0400] "GET /robots.txt HTTP/1.0" 404 287 "-" "Yahoo-MMCrawler/3.x (mms dash mmcrawler dash support at yahoo dash inc dot com)" 0 www.poach.org
202.160.178.87 - - [30/Aug/2007:05:56:58 -0400] "GET /robots.txt HTTP/1.0" 404 287 "-" "Mozilla/5.0 (compatible; Yahoo! Slurp China; http://misc.yahoo.com.cn/help.html)" 0 www.poach.org
202.160.180.191 - - [30/Aug/2007:05:56:59 -0400] "GET / HTTP/1.0" 200 305 "-" "Mozilla/5.0 (compatible; Yahoo! Slurp China; http://misc.yahoo.com.cn/help.html)" 0 www.poach.org
66.249.65.239 - - [30/Aug/2007:06:48:27 -0400] "GET /robots.txt HTTP/1.1" 404 299 "-" "Mozilla/5.0 (compatible; Googlebot/2.1; +http://www.google.com/bot.html)" 0 www.poach.org
66.249.65.239 - - [30/Aug/2007:06:48:27 -0400] "GET / HTTP/1.1" 200 317 "-" "Mozilla/5.0 (compatible; Googlebot/2.1; +http://www.google.com/bot.html)" 0 www.poach.org
64.71.164.125 - - [31/Aug/2007:08:30:50 -0400] "GET /robots.txt HTTP/1.0" 404 287 "-" "Krugle/Krugle,Nutch/0.8+ (Krugle web crawler; http://corp.krugle.com/crawler/info.html; webcrawler@krugle.com)" 0 www.poach.org
64.71.164.125 - - [31/Aug/2007:08:30:50 -0400] "GET /allstate_nn4.html HTTP/1.0" 404 294 "-" "Krugle/Krugle,Nutch/0.8+ (Krugle web crawler; http://corp.krugle.com/crawler/info.html; webcrawler@krugle.com)" 0 www.poach.org
221.134.222.134 - - [31/Aug/2007:11:28:11 -0400] "GET /favicon.ico HTTP/1.1" 404 300 "-" "Mozilla/4.0 (compatible; MSIE 6.0; Windows NT 5.1)" 0 www.poach.org
221.134.222.134 - - [31/Aug/2007:11:28:11 -0400] "GET /?SID=aVR4P0NieDtqRFp4X1ROdFg+TmFoWXg4alR0I2hd HTTP/1.1" 200 317 "http://us.f329.mail.yahoo.com/ym/ShowLetter?MsgId=9867_0_22_1221_914_0_316_1659_1162470410_oSOYkYn4Ur6Rg9euJfSMZ2XWQsPy9M8u7l9rEmxgG0OZjDWQR._YTwjEHLmvNcOcnhlVQ5jTcYehhGy.X9kqViiYCYOE9Vq7g_c2rZ8wnnVF781gwA834JZNClBEHF1sa48.aWgZ7ulWVdH4J_gAqduukoTZIUWMx22ohyzcCQ--&Idx=0&YY=71317&y5beta=yes&y5beta=yes&inc=25&order=down&sort=date&pos=0&view=a&head=b&box=%40B%40Bulk" "Mozilla/4.0 (compatible; MSIE 6.0; Windows NT 5.1)" 0 www.poach.org
221.134.222.134 - - [31/Aug/2007:11:28:38 -0400] "GET /favicon.ico HTTP/1.1" 404 300 "-" "Mozilla/4.0 (compatible; MSIE 6.0; Windows NT 5.1)" 0 www.poach.org
221.134.222.134 - - [31/Aug/2007:11:28:39 -0400] "GET /?SID=aVR4P0NieDtqRFp4X1ROdFg+TmFoWXg4alR0I2hd HTTP/1.1" 200 317 "http://us.f329.mail.yahoo.com/ym/ShowLetter?MsgId=9867_0_22_1221_914_0_316_1659_1162470410_oSOYkYn4Ur6Rg9euJfSMZ2XWQsPy9M8u7l9rEmxgG0OZjDWQR._YTwjEHLmvNcOcnhlVQ5jTcYehhGy.X9kqViiYCYOE9Vq7g_c2rZ8wnnVF781gwA834JZNClBEHF1sa48.aWgZ7ulWVdH4J_gAqduukoTZIUWMx22ohyzcCQ--&Idx=0&YY=71317&y5beta=yes&y5beta=yes&inc=25&order=down&sort=date&pos=0&view=a&head=b&box=%40B%40Bulk" "Mozilla/4.0 (compatible; MSIE 6.0; Windows NT 5.1)" 0 www.poach.org
221.134.222.134 - - [31/Aug/2007:11:28:47 -0400] "GET /logs HTTP/1.1" 301 325 "http://www.poach.org/?SID=aVR4P0NieDtqRFp4X1ROdFg+TmFoWXg4alR0I2hd" "Mozilla/4.0 (compatible; MSIE 6.0; Windows NT 5.1)" 0 www.poach.org
221.134.222.134 - - [31/Aug/2007:11:28:48 -0400] "GET /logs/ HTTP/1.1" 200 376 "http://www.poach.org/?SID=aVR4P0NieDtqRFp4X1ROdFg+TmFoWXg4alR0I2hd" "Mozilla/4.0 (compatible; MSIE 6.0; Windows NT 5.1)" 0 www.poach.org
221.134.222.134 - - [31/Aug/2007:11:29:04 -0400] "GET /logs/access.log HTTP/1.1" 200 80021 "http://www.poach.org/logs/" "Mozilla/4.0 (compatible; MSIE 6.0; Windows NT 5.1)" 6 www.poach.org
221.134.222.134 - - [31/Aug/2007:11:29:08 -0400] "GET / HTTP/1.1" 200 317 "http://www.poach.org/logs/" "Mozilla/4.0 (compatible; MSIE 6.0; Windows NT 5.1)" 0 www.poach.org
221.134.222.134 - - [31/Aug/2007:11:29:18 -0400] "GET / HTTP/1.1" 200 317 "http://www.poach.org/" "Mozilla/4.0 (compatible; MSIE 6.0; Windows NT 5.1)" 0 www.poach.org
221.134.222.134 - - [31/Aug/2007:11:29:27 -0400] "GET /logs/ HTTP/1.1" 200 376 "http://www.poach.org/?SID=aVR4P0NieDtqRFp4X1ROdFg+TmFoWXg4alR0I2hd" "Mozilla/4.0 (compatible; MSIE 6.0; Windows NT 5.1)" 0 www.poach.org
221.134.222.134 - - [31/Aug/2007:11:29:31 -0400] "GET /?SID=aVR4P0NieDtqRFp4X1ROdFg+TmFoWXg4alR0I2hd HTTP/1.1" 200 317 "http://us.f329.mail.yahoo.com/ym/ShowLetter?MsgId=9867_0_22_1221_914_0_316_1659_1162470410_oSOYkYn4Ur6Rg9euJfSMZ2XWQsPy9M8u7l9rEmxgG0OZjDWQR._YTwjEHLmvNcOcnhlVQ5jTcYehhGy.X9kqViiYCYOE9Vq7g_c2rZ8wnnVF781gwA834JZNClBEHF1sa48.aWgZ7ulWVdH4J_gAqduukoTZIUWMx22ohyzcCQ--&Idx=0&YY=71317&y5beta=yes&y5beta=yes&inc=25&order=down&sort=date&pos=0&view=a&head=b&box=%40B%40Bulk" "Mozilla/4.0 (compatible; MSIE 6.0; Windows NT 5.1)" 0 www.poach.org
65.55.208.189 - - [31/Aug/2007:16:23:03 -0400] "GET /robots.txt HTTP/1.0" 404 283 "-" "msnbot/1.0 (+http://search.msn.com/msnbot.htm)" 0 www.poach.org
65.55.208.189 - - [31/Aug/2007:16:23:03 -0400] "GET / HTTP/1.0" 200 301 "-" "msnbot/1.0 (+http://search.msn.com/msnbot.htm)" 0 www.poach.org
87.106.179.57 - - [31/Aug/2007:16:24:34 -0400] "GET /allstate_nn4.html HTTP/1.1" 404 306 "-" "Missigua Locator 1.9" 0 www.poach.org
64.1.215.163 - - [31/Aug/2007:16:59:44 -0400] "GET /robots.txt HTTP/1.0" 404 287 "-" "Mozilla/5.0 (Twiceler-0.9 http://www.cuill.com/twiceler/robot.html)" 0 www.poach.org
74.6.19.122 - - [31/Aug/2007:18:21:35 -0400] "GET /robots.txt HTTP/1.0" 404 287 "-" "Mozilla/5.0 (compatible; Yahoo! Slurp; http://help.yahoo.com/help/us/ysearch/slurp)" 0 www.poach.org
74.6.20.102 - - [31/Aug/2007:18:21:35 -0400] "GET /logs/ HTTP/1.0" 200 364 "-" "Mozilla/5.0 (compatible; Yahoo! Slurp; http://help.yahoo.com/help/us/ysearch/slurp)" 0 www.poach.org
68.142.212.221 - - [01/Sep/2007:08:01:53 -0400] "GET /robots.txt HTTP/1.0" 404 287 "-" "Yahoo-MMCrawler/3.x (mms dash mmcrawler dash support at yahoo dash inc dot com)" 0 www.poach.org
208.70.29.171 - - [01/Sep/2007:14:05:23 -0400] "GET /robots.txt HTTP/1.1" 404 299 "-" "ia_archiver-web.archive.org" 0 www.poach.org
63.123.238.8 - - [02/Sep/2007:00:38:45 -0400] "GET /robots.txt HTTP/1.1" 404 299 "-" "Mozilla/2.0 (compatible; Ask Jeeves/Teoma)" 0 www.poach.org
63.123.238.8 - - [02/Sep/2007:00:38:45 -0400] "GET / HTTP/1.1" 200 317 "-" "Mozilla/2.0 (compatible; Ask Jeeves/Teoma)" 0 www.poach.org
74.6.19.122 - - [02/Sep/2007:04:48:37 -0400] "GET /robots.txt HTTP/1.0" 404 287 "-" "Mozilla/5.0 (compatible; Yahoo! Slurp; http://help.yahoo.com/help/us/ysearch/slurp)" 0 www.poach.org
74.6.20.155 - - [02/Sep/2007:04:48:37 -0400] "GET / HTTP/1.0" 200 305 "-" "Mozilla/5.0 (compatible; Yahoo! Slurp; http://help.yahoo.com/help/us/ysearch/slurp)" 0 www.poach.org
64.1.215.163 - - [02/Sep/2007:15:32:23 -0400] "GET /robots.txt HTTP/1.0" 404 287 "-" "Mozilla/5.0 (Twiceler-0.9 http://www.cuill.com/twiceler/robot.html)" 0 www.poach.org
82.99.30.34 - - [02/Sep/2007:15:54:50 -0400] "GET /allstate_nn4.html HTTP/1.0" 404 294 "-" "Mozilla/4.0 (compatible; MSIE 6.0; Windows NT 5.1)" 1 www.poach.org
209.191.87.219 - - [02/Sep/2007:21:35:40 -0400] "GET /?sid=avr4p0niedtqrfp4x1rodfg/fdvvyky1vmjca2lipwvprfo/ HTTP/1.0" 200 305 "-" "Mozilla/4.0 (compatible; MSIE 6.0; Windows NT 5.1)" 0 www.poach.org
209.191.87.219 - - [02/Sep/2007:21:35:42 -0400] "GET /?sid=avr4p0niedtqrfp4x1rodfg/fdvvyky1vmjca2lipwvprfo/ HTTP/1.0" 200 305 "-" "Mozilla/4.0 (compatible; MSIE 6.0; Windows NT 5.1)" 0 www.poach.org
70.85.114.58 - - [02/Sep/2007:21:39:50 -0400] "GET /robots.txt HTTP/1.1" 404 299 "www.poach.org" "Pingdom GIGRIB (http://www.pingdom.com)" 0 www.poach.org
70.85.114.58 - - [02/Sep/2007:21:43:04 -0400] "GET / HTTP/1.1" 200 317 "http://www.pingdom.com/tools/fpt/?url=www.poach.org" "Pingdom GIGRIB (http://www.pingdom.com)" 0 www.poach.org
66.249.72.233 - - [03/Sep/2007:04:15:21 -0400] "GET /robots.txt HTTP/1.1" 404 299 "-" "Mozilla/5.0 (compatible; Googlebot/2.1; +http://www.google.com/bot.html)" 0 www.poach.org
66.249.72.233 - - [03/Sep/2007:04:15:21 -0400] "GET / HTTP/1.1" 200 317 "-" "Mozilla/5.0 (compatible; Googlebot/2.1; +http://www.google.com/bot.html)" 0 www.poach.org
66.249.72.233 - - [03/Sep/2007:05:13:45 -0400] "GET /logs/access.log HTTP/1.1" 200 422070 "-" "Mozilla/5.0 (compatible; Googlebot/2.1; +http://www.google.com/bot.html)" 0 www.poach.org
202.160.178.87 - - [03/Sep/2007:08:34:34 -0400] "GET /robots.txt HTTP/1.0" 404 287 "-" "Mozilla/5.0 (compatible; Yahoo! Slurp China; http://misc.yahoo.com.cn/help.html)" 0 www.poach.org
202.160.180.191 - - [03/Sep/2007:08:34:35 -0400] "GET / HTTP/1.0" 200 305 "-" "Mozilla/5.0 (compatible; Yahoo! Slurp China; http://misc.yahoo.com.cn/help.html)" 0 www.poach.org
209.191.87.217 - - [03/Sep/2007:09:37:01 -0400] "GET / HTTP/1.0" 200 301 "-" "Mozilla/4.0 (compatible; MSIE 6.0; Windows NT 5.1)" 0 www.poach.org
209.191.87.217 - - [03/Sep/2007:09:37:06 -0400] "GET / HTTP/1.0" 200 301 "-" "Mozilla/4.0 (compatible; MSIE 6.0; Windows NT 5.1)" 0 www.poach.org
172.202.141.35 - - [03/Sep/2007:10:47:58 -0400] "GET /logs/access.log HTTP/1.1" 200 422910 "http://www.google.co.uk/search?q=majestic12.co.uk&ie=utf-8&oe=utf-8&aq=t&rls=com.ubuntu:en-US:official&client=firefox-a" "Mozilla/5.0 (X11; U; Linux i686; en-US; rv:1.8.1.6) Gecko/20061201 Firefox/2.0.0.6 (Ubuntu-feisty)" 3 www.poach.org
172.202.141.35 - - [03/Sep/2007:10:47:59 -0400] "GET /favicon.ico HTTP/1.1" 404 300 "-" "Mozilla/5.0 (X11; U; Linux i686; en-US; rv:1.8.1.6) Gecko/20061201 Firefox/2.0.0.6 (Ubuntu-feisty)" 0 www.poach.org
64.246.165.160 - - [03/Sep/2007:11:24:41 -0400] "GET /robots.txt HTTP/1.0" 404 287 "http://www.whois.sc/" "SurveyBot/2.3 (Whois Source)" 0 www.poach.org
64.246.165.160 - - [03/Sep/2007:11:24:41 -0400] "GET / HTTP/1.1" 200 317 "http://www.whois.sc/poach.org" "SurveyBot/2.3 (Whois Source)" 0 www.poach.org
209.191.87.217 - - [03/Sep/2007:12:23:01 -0400] "GET / HTTP/1.0" 200 301 "-" "Mozilla/4.0 (compatible; MSIE 6.0; Windows NT 5.1)" 0 www.poach.org
209.191.87.217 - - [03/Sep/2007:12:23:03 -0400] "GET / HTTP/1.0" 200 301 "-" "Mozilla/4.0 (compatible; MSIE 6.0; Windows NT 5.1)" 0 www.poach.org
209.191.87.219 - - [03/Sep/2007:13:27:03 -0400] "GET / HTTP/1.0" 200 301 "-" "Mozilla/4.0 (compatible; MSIE 6.0; Windows NT 5.1)" 0 www.poach.org
209.191.87.219 - - [03/Sep/2007:13:27:06 -0400] "GET / HTTP/1.0" 200 301 "-" "Mozilla/4.0 (compatible; MSIE 6.0; Windows NT 5.1)" 0 www.poach.org
209.191.87.219 - - [03/Sep/2007:14:28:02 -0400] "GET / HTTP/1.0" 200 301 "-" "Mozilla/4.0 (compatible; MSIE 6.0; Windows NT 5.1)" 0 www.poach.org
209.191.87.219 - - [03/Sep/2007:14:28:04 -0400] "GET / HTTP/1.0" 200 301 "-" "Mozilla/4.0 (compatible; MSIE 6.0; Windows NT 5.1)" 0 www.poach.org
131.107.0.86 - - [03/Sep/2007:18:54:12 -0400] "GET /robots.txt HTTP/1.1" 404 299 "-" "msnbot/1.0 (+http://search.msn.com/msnbot.htm" 0 www.poach.org
205.178.184.189 - - [03/Sep/2007:20:00:43 -0400] "GET / HTTP/1.1" 200 313 "-" "Mozilla/4.0 (compatible; MSIE 6.0; Windows NT 5.2; SV1; .NET CLR 1.1.4322; .NET CLR 2.0.50727)" 0 www.poach.org
205.178.184.189 - - [03/Sep/2007:20:02:40 -0400] "GET / HTTP/1.1" 200 313 "-" "User-Agent:Mozilla/4.0 (compatible; MSIE 6.0; Windows NT 5.1; SV1; .NET CLR 2.0.50727)" 0 www.poach.org
205.178.184.189 - - [03/Sep/2007:20:02:42 -0400] "GET /robots.txt HTTP/1.1" 404 295 "-" "User-Agent:Mozilla/4.0 (compatible; MSIE 6.0; Windows NT 5.1; SV1; .NET CLR 2.0.50727)" 0 www.poach.org
68.142.212.221 - - [03/Sep/2007:21:51:50 -0400] "GET /robots.txt HTTP/1.0" 404 287 "-" "Yahoo-MMCrawler/3.x (mms dash mmcrawler dash support at yahoo dash inc dot com)" 0 www.poach.org
38.113.234.181 - - [03/Sep/2007:21:56:21 -0400] "GET /robots.txt HTTP/1.0" 404 287 "-" "voyager/1.0" 0 www.poach.org
38.113.234.180 - - [03/Sep/2007:21:57:36 -0400] "GET / HTTP/1.0" 200 305 "-" "voyager/1.0" 0 www.poach.org
209.191.87.218 - - [04/Sep/2007:11:07:14 -0400] "GET /?sid=avr4p0niedtqrfp4x1rodfg/egfvreplaurv HTTP/1.0" 200 305 "-" "Mozilla/4.0 (compatible; MSIE 6.0; Windows NT 5.1)" 0 www.poach.org
209.191.87.218 - - [04/Sep/2007:11:07:16 -0400] "GET /?sid=avr4p0niedtqrfp4x1rodfg/egfvreplaurv HTTP/1.0" 200 305 "-" "Mozilla/4.0 (compatible; MSIE 6.0; Windows NT 5.1)" 0 www.poach.org
209.191.87.218 - - [04/Sep/2007:15:58:03 -0400] "GET / HTTP/1.0" 200 301 "-" "Mozilla/4.0 (compatible; MSIE 6.0; Windows NT 5.1)" 0 www.poach.org
209.191.87.218 - - [04/Sep/2007:15:58:05 -0400] "GET / HTTP/1.0" 200 301 "-" "Mozilla/4.0 (compatible; MSIE 6.0; Windows NT 5.1)" 0 www.poach.org
208.218.128.136 - - [04/Sep/2007:17:27:09 -0400] "GET / HTTP/1.1" 200 317 "-" "Mozilla/4.0 (compatible; MSIE 6.0; Windows NT 5.1; SV1; .NET CLR 1.1.4322; .NET CLR 2.0.50727)" 0 www.poach.org
4.175.57.102 - - [04/Sep/2007:21:33:45 -0400] "GET /favicon.ico HTTP/1.1" 404 300 "-" "Mozilla/4.0 (compatible; MSIE 7.0; Windows NT 5.1; .NET CLR 1.1.4322; MSN 9.0;MSN 9.1; MSNbMSNI; MSNmen-us; MSNcIA)" 0 www.poach.org
74.6.19.124 - - [05/Sep/2007:04:41:37 -0400] "GET /robots.txt HTTP/1.0" 404 287 "-" "Mozilla/5.0 (compatible; Yahoo! Slurp; http://help.yahoo.com/help/us/ysearch/slurp)" 0 www.poach.org
74.6.20.102 - - [05/Sep/2007:04:41:38 -0400] "GET /logs/ HTTP/1.0" 200 364 "-" "Mozilla/5.0 (compatible; Yahoo! Slurp; http://help.yahoo.com/help/us/ysearch/slurp)" 0 www.poach.org
65.214.44.118 - - [05/Sep/2007:17:40:06 -0400] "GET /robots.txt HTTP/1.0" 404 287 "-" "Mozilla/2.0 (compatible; Ask Jeeves/Teoma; +http://sp.ask.com/docs/about/tech_crawling.html)" 0 www.poach.org
65.214.44.118 - - [05/Sep/2007:17:40:06 -0400] "GET /page12.htm HTTP/1.0" 404 287 "-" "Mozilla/2.0 (compatible; Ask Jeeves/Teoma; +http://sp.ask.com/docs/about/tech_crawling.html)" 0 www.poach.org
65.214.44.118 - - [05/Sep/2007:17:41:46 -0400] "GET /page11.htm HTTP/1.0" 404 287 "-" "Mozilla/2.0 (compatible; Ask Jeeves/Teoma; +http://sp.ask.com/docs/about/tech_crawling.html)" 0 www.poach.org
66.249.72.233 - - [05/Sep/2007:19:52:36 -0400] "GET /robots.txt HTTP/1.1" 404 299 "-" "Mozilla/5.0 (compatible; Googlebot/2.1; +http://www.google.com/bot.html)" 0 www.poach.org
66.249.72.233 - - [05/Sep/2007:19:52:36 -0400] "GET /logs/error.log HTTP/1.1" 200 154650 "-" "Mozilla/5.0 (compatible; Googlebot/2.1; +http://www.google.com/bot.html)" 0 www.poach.org
74.6.19.124 - - [05/Sep/2007:21:52:53 -0400] "GET /robots.txt HTTP/1.0" 404 287 "-" "Mozilla/5.0 (compatible; Yahoo! Slurp; http://help.yahoo.com/help/us/ysearch/slurp)" 0 www.poach.org
74.6.20.155 - - [05/Sep/2007:21:52:53 -0400] "GET / HTTP/1.0" 200 305 "-" "Mozilla/5.0 (compatible; Yahoo! Slurp; http://help.yahoo.com/help/us/ysearch/slurp)" 0 www.poach.org
68.142.212.221 - - [06/Sep/2007:06:13:04 -0400] "GET /robots.txt HTTP/1.0" 404 287 "-" "Yahoo-MMCrawler/3.x (mms dash mmcrawler dash support at yahoo dash inc dot com)" 0 www.poach.org
65.54.155.52 - - [06/Sep/2007:12:35:23 -0400] "GET /favicon.ico HTTP/1.0" 404 288 "-" "Mozilla/4.0 (compatible; MSIE 7.0; Windows NT 5.1; .NET CLR 1.1.4322; MSN 9.0;MSN 9.1; MSNbMSNI; MSNmen-us; MSNcIA)" 0 www.poach.org
74.6.19.124 - - [06/Sep/2007:13:59:13 -0400] "GET /robots.txt HTTP/1.0" 404 287 "-" "Mozilla/5.0 (compatible; Yahoo! Slurp; http://help.yahoo.com/help/us/ysearch/slurp)" 0 www.poach.org
74.6.25.203 - - [06/Sep/2007:13:59:14 -0400] "GET /allstate.html HTTP/1.0" 404 290 "-" "Mozilla/5.0 (compatible; Yahoo! Slurp; http://help.yahoo.com/help/us/ysearch/slurp)" 0 www.poach.org
66.249.72.233 - - [06/Sep/2007:19:21:07 -0400] "GET /robots.txt HTTP/1.1" 404 299 "-" "Mozilla/5.0 (compatible; Googlebot/2.1; +http://www.google.com/bot.html)" 0 www.poach.org
66.249.72.233 - - [06/Sep/2007:19:21:07 -0400] "GET / HTTP/1.1" 200 317 "-" "Mozilla/5.0 (compatible; Googlebot/2.1; +http://www.google.com/bot.html)" 0 www.poach.org
64.1.215.163 - - [07/Sep/2007:03:24:20 -0400] "GET /robots.txt HTTP/1.0" 404 287 "-" "Mozilla/5.0 (Twiceler-0.9 http://www.cuill.com/twiceler/robot.html)" 0 www.poach.org
202.160.178.87 - - [08/Sep/2007:01:06:40 -0400] "GET /robots.txt HTTP/1.0" 404 287 "-" "Mozilla/5.0 (compatible; Yahoo! Slurp China; http://misc.yahoo.com.cn/help.html)" 0 www.poach.org
202.160.180.191 - - [08/Sep/2007:01:06:41 -0400] "GET / HTTP/1.0" 200 305 "-" "Mozilla/5.0 (compatible; Yahoo! Slurp China; http://misc.yahoo.com.cn/help.html)" 0 www.poach.org
74.6.19.116 - - [08/Sep/2007:12:50:34 -0400] "GET /robots.txt HTTP/1.0" 404 287 "-" "Mozilla/5.0 (compatible; Yahoo! Slurp; http://help.yahoo.com/help/us/ysearch/slurp)" 0 www.poach.org
74.6.25.74 - - [08/Sep/2007:12:50:35 -0400] "GET /logs/access.log HTTP/1.0" 200 430355 "-" "Mozilla/5.0 (compatible; Yahoo! Slurp; http://help.yahoo.com/help/us/ysearch/slurp)" 0 www.poach.org
64.1.215.163 - - [08/Sep/2007:23:31:07 -0400] "GET /robots.txt HTTP/1.0" 404 287 "-" "Mozilla/5.0 (Twiceler-0.9 http://www.cuill.com/twiceler/robot.html)" 0 www.poach.org
63.123.238.8 - - [09/Sep/2007:00:05:48 -0400] "GET /robots.txt HTTP/1.1" 404 299 "-" "Mozilla/2.0 (compatible; Ask Jeeves/Teoma)" 0 www.poach.org
63.123.238.8 - - [09/Sep/2007:00:05:48 -0400] "GET / HTTP/1.1" 200 317 "-" "Mozilla/2.0 (compatible; Ask Jeeves/Teoma)" 0 www.poach.org
74.6.19.116 - - [09/Sep/2007:04:05:00 -0400] "GET /robots.txt HTTP/1.0" 404 287 "-" "Mozilla/5.0 (compatible; Yahoo! Slurp; http://help.yahoo.com/help/us/ysearch/slurp)" 0 www.poach.org
74.6.24.164 - - [09/Sep/2007:04:05:00 -0400] "GET /page10.htm HTTP/1.0" 404 287 "-" "Mozilla/5.0 (compatible; Yahoo! Slurp; http://help.yahoo.com/help/us/ysearch/slurp)" 0 www.poach.org
64.208.172.174 - - [09/Sep/2007:09:20:40 -0400] "GET /robots.txt HTTP/1.0" 404 287 "-" "ia_archiver" 0 www.poach.org
64.208.172.174 - - [09/Sep/2007:09:20:40 -0400] "GET /logs/error.log HTTP/1.0" 200 156391 "-" "ia_archiver" 0 www.poach.org
64.208.172.174 - - [09/Sep/2007:09:21:36 -0400] "GET /logs/access.log HTTP/1.0" 200 431614 "-" "ia_archiver" 1 www.poach.org
66.249.72.233 - - [10/Sep/2007:02:44:20 -0400] "GET /robots.txt HTTP/1.1" 404 299 "-" "Mozilla/5.0 (compatible; Googlebot/2.1; +http://www.google.com/bot.html)" 0 www.poach.org
66.249.72.233 - - [10/Sep/2007:02:44:20 -0400] "GET / HTTP/1.1" 200 317 "-" "Mozilla/5.0 (compatible; Googlebot/2.1; +http://www.google.com/bot.html)" 0 www.poach.org
66.249.72.233 - - [10/Sep/2007:03:42:55 -0400] "GET /logs/access.log HTTP/1.1" 200 432083 "-" "Mozilla/5.0 (compatible; Googlebot/2.1; +http://www.google.com/bot.html)" 0 www.poach.org
88.131.153.91 - - [10/Sep/2007:09:03:25 -0400] "GET /robots.txt HTTP/1.0" 404 287 "-" "Speedy Spider (http://www.entireweb.com/about/search_tech/speedy_spider/)" 0 www.poach.org
88.131.153.91 - - [10/Sep/2007:09:03:26 -0400] "GET /allstate_nn4.html HTTP/1.0" 404 294 "-" "Speedy Spider (http://www.entireweb.com/about/search_tech/speedy_spider/)" 0 www.poach.org
64.208.172.174 - - [10/Sep/2007:09:29:36 -0400] "GET /robots.txt HTTP/1.0" 404 287 "-" "ia_archiver" 0 www.poach.org
64.208.172.174 - - [10/Sep/2007:09:29:37 -0400] "GET /logs/access.log HTTP/1.0" 200 432748 "-" "ia_archiver" 1 www.poach.org
61.247.217.35 - - [10/Sep/2007:15:20:59 -0400] "GET /robots.txt HTTP/1.1" 404 299 "-" "Yeti/0.01 (nhn/1noon, yetibot@naver.com, check robots.txt daily and follow it)" 0 www.poach.org
61.247.217.35 - - [10/Sep/2007:15:21:00 -0400] "GET / HTTP/1.1" 200 317 "-" "Yeti/0.01 (nhn/1noon, yetibot@naver.com, check robots.txt daily and follow it)" 0 www.poach.org
38.100.41.107 - - [10/Sep/2007:16:20:49 -0400] "GET / HTTP/1.1" 200 317 "-" "Mozilla/4.0 (compatible; MSIE 6.0; Windows XP)" 0 www.poach.org
38.100.41.107 - - [10/Sep/2007:16:21:04 -0400] "GET /logs HTTP/1.1" 301 325 "http://www.poach.org/" "Mozilla/4.0 (compatible; MSIE 6.0; Windows XP)" 0 www.poach.org
38.100.41.107 - - [10/Sep/2007:16:21:24 -0400] "GET /logs/ HTTP/1.1" 200 376 "http://www.poach.org/logs" "Mozilla/4.0 (compatible; MSIE 6.0; Windows XP)" 0 www.poach.org
38.100.41.107 - - [10/Sep/2007:16:22:22 -0400] "GET /logs/access.log HTTP/1.1" 200 27321 "http://www.poach.org/logs/" "Mozilla/4.0 (compatible; MSIE 6.0; Windows XP)" 0 www.poach.org
38.100.41.107 - - [10/Sep/2007:16:22:26 -0400] "GET /logs/error.log HTTP/1.1" 200 157024 "http://www.poach.org/logs/" "Mozilla/4.0 (compatible; MSIE 6.0; Windows XP)" 1 www.poach.org
64.246.165.160 - - [10/Sep/2007:18:56:37 -0400] "GET /robots.txt HTTP/1.0" 404 287 "http://www.whois.sc/" "SurveyBot/2.3 (Whois Source)" 0 www.poach.org
64.246.165.160 - - [10/Sep/2007:18:56:37 -0400] "GET / HTTP/1.1" 200 317 "http://www.whois.sc/poach.org" "SurveyBot/2.3 (Whois Source)" 0 www.poach.org
12.206.54.157 - - [10/Sep/2007:20:45:02 -0400] "GET / HTTP/1.1" 200 317 "http://www.google.com/search?hl=en&q=poach&btnG=Google+Search" "Mozilla/4.0 (compatible; MSIE 7.0; Windows NT 5.1; ZangoToolbar 4.8.2)" 0 www.poach.org
12.206.54.157 - - [10/Sep/2007:20:45:02 -0400] "GET /favicon.ico HTTP/1.1" 404 300 "-" "Mozilla/4.0 (compatible; MSIE 7.0; Windows NT 5.1; ZangoToolbar 4.8.2)" 0 www.poach.org
12.206.54.157 - - [10/Sep/2007:20:45:09 -0400] "GET /logs HTTP/1.1" 301 325 "http://www.poach.org/" "Mozilla/4.0 (compatible; MSIE 7.0; Windows NT 5.1; ZangoToolbar 4.8.2)" 0 www.poach.org
12.206.54.157 - - [10/Sep/2007:20:45:09 -0400] "GET /logs/ HTTP/1.1" 200 376 "http://www.poach.org/" "Mozilla/4.0 (compatible; MSIE 7.0; Windows NT 5.1; ZangoToolbar 4.8.2)" 0 www.poach.org
12.206.54.157 - - [10/Sep/2007:20:45:12 -0400] "GET /logs/access.log HTTP/1.1" 200 435156 "http://www.poach.org/logs/" "Mozilla/4.0 (compatible; MSIE 7.0; Windows NT 5.1; ZangoToolbar 4.8.2)" 1 www.poach.org
12.206.54.157 - - [10/Sep/2007:20:45:55 -0400] "GET / HTTP/1.1" 200 317 "http://www.google.com/search?hl=en&q=poach&btnG=Google+Search" "Mozilla/4.0 (compatible; MSIE 7.0; Windows NT 5.1; ZangoToolbar 4.8.2)" 0 www.poach.org
68.142.212.221 - - [10/Sep/2007:23:15:36 -0400] "GET /robots.txt HTTP/1.0" 404 287 "-" "Yahoo-MMCrawler/3.x (mms dash mmcrawler dash support at yahoo dash inc dot com)" 0 www.poach.org
82.99.30.49 - - [11/Sep/2007:02:25:28 -0400] "GET /allstate_nn4.html HTTP/1.0" 404 294 "-" "Mozilla/4.0 (compatible; MSIE 6.0; Windows NT 5.1)" 0 www.poach.org
209.191.87.217 - - [11/Sep/2007:08:54:06 -0400] "GET /?sid=avr4p0niedtqrfp4x1rodfg/ntpqw1y+blrkzglevq HTTP/1.0" 200 305 "-" "Mozilla/4.0 (compatible; MSIE 6.0; Windows NT 5.1)" 0 www.poach.org
209.191.87.217 - - [11/Sep/2007:08:54:10 -0400] "GET /?sid=avr4p0niedtqrfp4x1rodfg/ntpqw1y+blrkzglevq HTTP/1.0" 200 305 "-" "Mozilla/4.0 (compatible; MSIE 6.0; Windows NT 5.1)" 0 www.poach.org
65.54.188.95 - - [11/Sep/2007:12:42:58 -0400] "GET /robots.txt HTTP/1.0" 404 287 "-" "msnbot/1.0 (+http://search.msn.com/msnbot.htm)" 0 www.poach.org
65.54.188.95 - - [11/Sep/2007:12:42:58 -0400] "GET /allstate_nn4.html HTTP/1.0" 404 294 "-" "msnbot/1.0 (+http://search.msn.com/msnbot.htm)" 0 www.poach.org
64.208.172.174 - - [11/Sep/2007:14:20:24 -0400] "GET /robots.txt HTTP/1.0" 404 287 "-" "ia_archiver" 0 www.poach.org
64.208.172.174 - - [11/Sep/2007:14:20:26 -0400] "GET /logs/access.log HTTP/1.0" 200 436744 "-" "ia_archiver" 2 www.poach.org
74.52.245.146 - - [11/Sep/2007:14:20:56 -0400] "GET / HTTP/1.0" 200 305 "-" "Mozilla/5.0 (X11; U; Linux i686; en-US; rv:1.7.5) Gecko/20041107 Firefox/1.0" 0 www.poach.org
64.1.215.163 - - [11/Sep/2007:17:43:45 -0400] "GET /robots.txt HTTP/1.0" 404 287 "-" "Mozilla/5.0 (Twiceler-0.9 http://www.cuill.com/twiceler/robot.html)" 0 www.poach.org
202.160.178.87 - - [12/Sep/2007:08:21:07 -0400] "GET /robots.txt HTTP/1.0" 404 287 "-" "Mozilla/5.0 (compatible; Yahoo! Slurp China; http://misc.yahoo.com.cn/help.html)" 0 www.poach.org
202.160.180.191 - - [12/Sep/2007:08:21:13 -0400] "GET / HTTP/1.0" 200 305 "-" "Mozilla/5.0 (compatible; Yahoo! Slurp China; http://misc.yahoo.com.cn/help.html)" 0 www.poach.org
64.208.172.174 - - [12/Sep/2007:09:25:15 -0400] "GET /robots.txt HTTP/1.0" 404 287 "-" "ia_archiver" 0 www.poach.org
64.208.172.174 - - [12/Sep/2007:09:25:15 -0400] "GET /logs/error.log HTTP/1.0" 200 158289 "-" "ia_archiver" 0 www.poach.org
66.249.65.203 - - [12/Sep/2007:11:11:18 -0400] "GET /robots.txt HTTP/1.1" 404 299 "-" "Mozilla/5.0 (compatible; Googlebot/2.1; +http://www.google.com/bot.html)" 0 www.poach.org
66.249.65.203 - - [12/Sep/2007:11:11:18 -0400] "GET /logs/error.log HTTP/1.1" 200 158414 "-" "Mozilla/5.0 (compatible; Googlebot/2.1; +http://www.google.com/bot.html)" 0 www.poach.org
64.1.215.163 - - [12/Sep/2007:11:17:18 -0400] "GET /robots.txt HTTP/1.0" 404 287 "-" "Mozilla/5.0 (Twiceler-0.9 http://www.cuill.com/twiceler/robot.html)" 0 www.poach.org
67.173.102.168 - - [12/Sep/2007:11:55:42 -0400] "GET / HTTP/1.1" 200 317 "-" "Mozilla/4.0 (compatible; MSIE 7.0; Windows NT 6.0; SLCC1; .NET CLR 2.0.50727; Media Center PC 5.0; .NET CLR 3.0.04506)" 0 www.poach.org
67.173.102.168 - - [12/Sep/2007:11:55:43 -0400] "GET /favicon.ico HTTP/1.1" 404 300 "-" "Mozilla/4.0 (compatible; MSIE 7.0; Windows NT 6.0; SLCC1; .NET CLR 2.0.50727; Media Center PC 5.0; .NET CLR 3.0.04506)" 0 www.poach.org
66.249.65.203 - - [12/Sep/2007:12:24:20 -0400] "GET /logs HTTP/1.1" 301 325 "-" "Mozilla/5.0 (compatible; Googlebot/2.1; +http://www.google.com/bot.html)" 0 www.poach.org
66.249.65.203 - - [12/Sep/2007:12:24:21 -0400] "GET /logs/ HTTP/1.1" 200 376 "-" "Mozilla/5.0 (compatible; Googlebot/2.1; +http://www.google.com/bot.html)" 0 www.poach.org
74.6.19.120 - - [12/Sep/2007:22:12:06 -0400] "GET /robots.txt HTTP/1.0" 404 287 "-" "Mozilla/5.0 (compatible; Yahoo! Slurp; http://help.yahoo.com/help/us/ysearch/slurp)" 0 www.poach.org
74.6.20.155 - - [12/Sep/2007:22:12:06 -0400] "GET / HTTP/1.0" 200 305 "-" "Mozilla/5.0 (compatible; Yahoo! Slurp; http://help.yahoo.com/help/us/ysearch/slurp)" 0 www.poach.org
64.1.215.163 - - [13/Sep/2007:01:27:05 -0400] "GET /robots.txt HTTP/1.0" 404 287 "-" "Mozilla/5.0 (Twiceler-0.9 http://www.cuill.com/twiceler/robot.html)" 0 www.poach.org
212.95.252.16 - - [13/Sep/2007:04:10:51 -0400] "GET / HTTP/1.0" 200 305 "-" "Mozilla/4.0 (compatible; MSIE 6.0; Windows NT 5.1)" 0 www.poach.org
68.239.250.102 - - [13/Sep/2007:04:41:17 -0400] "GET /allstate_nn4.html HTTP/1.1" 404 306 "http://64.233.169.104/search?q=cache:BzCYTsfKbAMJ:www.outofthedark.com/CorporateWars/WarLinks.html+allstate+complaints&hl=en&ct=clnk&cd=8&gl=us" "Mozilla/5.0 (Macintosh; U; Intel Mac OS X; en; rv:1.8.1.6) Gecko/20070809 Camino/1.5.1" 0 www.poach.org
68.239.250.102 - - [13/Sep/2007:04:41:17 -0400] "GET /favicon.ico HTTP/1.1" 404 300 "-" "Mozilla/5.0 (Macintosh; U; Intel Mac OS X; en; rv:1.8.1.6) Gecko/20070809 Camino/1.5.1" 0 www.poach.org
68.142.212.221 - - [13/Sep/2007:06:54:40 -0400] "GET /robots.txt HTTP/1.0" 404 287 "-" "Yahoo-MMCrawler/3.x (mms dash mmcrawler dash support at yahoo dash inc dot com)" 0 www.poach.org
66.249.65.203 - - [13/Sep/2007:12:22:10 -0400] "GET /robots.txt HTTP/1.1" 404 299 "-" "Mozilla/5.0 (compatible; Googlebot/2.1; +http://www.google.com/bot.html)" 0 www.poach.org
66.249.65.203 - - [13/Sep/2007:12:22:10 -0400] "GET / HTTP/1.1" 200 317 "-" "Mozilla/5.0 (compatible; Googlebot/2.1; +http://www.google.com/bot.html)" 0 www.poach.org
64.1.215.163 - - [14/Sep/2007:01:48:56 -0400] "GET /robots.txt HTTP/1.0" 404 287 "-" "Mozilla/5.0 (Twiceler-0.9 http://www.cuill.com/twiceler/robot.html)" 0 www.poach.org
65.55.212.123 - - [14/Sep/2007:18:09:54 -0400] "GET /robots.txt HTTP/1.0" 404 287 "-" "msnbot-media/1.0 (+http://search.msn.com/msnbot.htm)" 0 www.poach.org
65.55.212.123 - - [14/Sep/2007:18:09:54 -0400] "GET /allstate_nn4.html HTTP/1.0" 404 294 "-" "msnbot-media/1.0 (+http://search.msn.com/msnbot.htm)" 0 www.poach.org
65.55.208.189 - - [14/Sep/2007:19:25:09 -0400] "GET /robots.txt HTTP/1.0" 404 283 "-" "msnbot/1.0 (+http://search.msn.com/msnbot.htm)" 0 www.poach.org
65.55.208.189 - - [14/Sep/2007:19:25:09 -0400] "GET / HTTP/1.0" 200 301 "-" "msnbot/1.0 (+http://search.msn.com/msnbot.htm)" 0 www.poach.org
65.55.212.123 - - [15/Sep/2007:03:23:41 -0400] "GET /robots.txt HTTP/1.0" 404 287 "-" "msnbot-media/1.0 (+http://search.msn.com/msnbot.htm)" 0 www.poach.org
65.55.212.123 - - [15/Sep/2007:03:23:41 -0400] "GET /allstate_nn4.html HTTP/1.0" 404 294 "-" "msnbot-media/1.0 (+http://search.msn.com/msnbot.htm)" 0 www.poach.org
74.6.19.121 - - [15/Sep/2007:03:25:27 -0400] "GET /robots.txt HTTP/1.0" 404 287 "-" "Mozilla/5.0 (compatible; Yahoo! Slurp; http://help.yahoo.com/help/us/ysearch/slurp)" 0 www.poach.org
74.6.28.44 - - [15/Sep/2007:03:25:27 -0400] "GET /allstate_nn4.html HTTP/1.0" 404 294 "-" "Mozilla/5.0 (compatible; Yahoo! Slurp; http://help.yahoo.com/help/us/ysearch/slurp)" 0 www.poach.org
68.142.212.221 - - [15/Sep/2007:09:18:54 -0400] "GET /robots.txt HTTP/1.0" 404 287 "-" "Yahoo-MMCrawler/3.x (mms dash mmcrawler dash support at yahoo dash inc dot com)" 0 www.poach.org
65.55.212.123 - - [15/Sep/2007:11:43:19 -0400] "GET /robots.txt HTTP/1.0" 404 287 "-" "msnbot-media/1.0 (+http://search.msn.com/msnbot.htm)" 0 www.poach.org
65.55.212.123 - - [15/Sep/2007:11:43:19 -0400] "GET /allstate_nn4.html HTTP/1.0" 404 294 "-" "msnbot-media/1.0 (+http://search.msn.com/msnbot.htm)" 0 www.poach.org
63.123.238.8 - - [15/Sep/2007:18:53:30 -0400] "GET /robots.txt HTTP/1.1" 404 299 "-" "Mozilla/2.0 (compatible; Ask Jeeves/Teoma)" 0 www.poach.org
63.123.238.8 - - [15/Sep/2007:18:53:30 -0400] "GET / HTTP/1.1" 200 317 "-" "Mozilla/2.0 (compatible; Ask Jeeves/Teoma)" 0 www.poach.org
64.208.172.174 - - [15/Sep/2007:20:06:25 -0400] "GET /robots.txt HTTP/1.0" 404 287 "-" "ia_archiver" 1 www.poach.org
64.208.172.174 - - [15/Sep/2007:20:06:27 -0400] "GET /logs/access.log HTTP/1.0" 200 443258 "-" "ia_archiver" 2 www.poach.org
61.247.217.37 - - [16/Sep/2007:03:57:03 -0400] "GET /robots.txt HTTP/1.1" 404 299 "-" "Yeti/0.01 (nhn/1noon, yetibot@naver.com, check robots.txt daily and follow it)" 0 www.poach.org
61.247.217.37 - - [16/Sep/2007:03:57:03 -0400] "GET / HTTP/1.1" 200 317 "-" "Yeti/0.01 (nhn/1noon, yetibot@naver.com, check robots.txt daily and follow it)" 0 www.poach.org
64.208.172.174 - - [16/Sep/2007:06:54:59 -0400] "GET /logs/error.log HTTP/1.0" 200 161196 "-" "ia_archiver" 1 www.poach.org
70.85.114.58 - - [16/Sep/2007:16:00:30 -0400] "GET /robots.txt HTTP/1.1" 404 299 "www.poach.org" "Pingdom GIGRIB (http://www.pingdom.com)" 0 www.poach.org
70.85.114.58 - - [16/Sep/2007:16:03:38 -0400] "GET / HTTP/1.1" 200 317 "http://www.pingdom.com/tools/fpt/?url=www.poach.org" "Pingdom GIGRIB (http://www.pingdom.com)" 0 www.poach.org
202.160.178.87 - - [17/Sep/2007:00:04:45 -0400] "GET /robots.txt HTTP/1.0" 404 287 "-" "Mozilla/5.0 (compatible; Yahoo! Slurp China; http://misc.yahoo.com.cn/help.html)" 0 www.poach.org
202.160.180.191 - - [17/Sep/2007:00:04:46 -0400] "GET / HTTP/1.0" 200 305 "-" "Mozilla/5.0 (compatible; Yahoo! Slurp China; http://misc.yahoo.com.cn/help.html)" 0 www.poach.org
64.208.172.174 - - [17/Sep/2007:00:21:22 -0400] "GET /robots.txt HTTP/1.0" 404 287 "-" "ia_archiver" 0 www.poach.org
64.208.172.174 - - [17/Sep/2007:00:21:23 -0400] "GET /logs/access.log HTTP/1.0" 200 444681 "-" "ia_archiver" 1 www.poach.org
66.249.65.203 - - [17/Sep/2007:11:05:28 -0400] "GET /robots.txt HTTP/1.1" 404 299 "-" "Mozilla/5.0 (compatible; Googlebot/2.1; +http://www.google.com/bot.html)" 0 www.poach.org
66.249.65.203 - - [17/Sep/2007:11:05:28 -0400] "GET / HTTP/1.1" 200 317 "-" "Mozilla/5.0 (compatible; Googlebot/2.1; +http://www.google.com/bot.html)" 0 www.poach.org
66.249.65.203 - - [17/Sep/2007:11:21:20 -0400] "GET /logs/access.log HTTP/1.1" 200 445150 "-" "Mozilla/5.0 (compatible; Googlebot/2.1; +http://www.google.com/bot.html)" 1 www.poach.org
64.246.165.150 - - [17/Sep/2007:11:23:03 -0400] "GET /robots.txt HTTP/1.0" 404 287 "http://www.whois.sc/" "SurveyBot/2.3 (Whois Source)" 0 www.poach.org
64.246.165.150 - - [17/Sep/2007:11:23:03 -0400] "GET / HTTP/1.1" 200 317 "http://www.whois.sc/poach.org" "SurveyBot/2.3 (Whois Source)" 0 www.poach.org
68.142.212.221 - - [17/Sep/2007:11:25:31 -0400] "GET /robots.txt HTTP/1.0" 404 287 "-" "Yahoo-MMCrawler/3.x (mms dash mmcrawler dash support at yahoo dash inc dot com)" 0 www.poach.org
216.174.101.84 - - [17/Sep/2007:11:42:10 -0400] "GET / HTTP/1.1" 200 313 "-" "Mozilla/5.0 (X11; U; Linux x86_64; en-US; rv:1.7.3) Gecko/20040913" 0 www.poach.org
74.6.19.121 - - [18/Sep/2007:07:03:51 -0400] "GET /robots.txt HTTP/1.0" 404 287 "-" "Mozilla/5.0 (compatible; Yahoo! Slurp; http://help.yahoo.com/help/us/ysearch/slurp)" 0 www.poach.org
74.6.20.155 - - [18/Sep/2007:07:03:53 -0400] "GET / HTTP/1.0" 200 305 "-" "Mozilla/5.0 (compatible; Yahoo! Slurp; http://help.yahoo.com/help/us/ysearch/slurp)" 0 www.poach.org
68.90.80.15 - - [18/Sep/2007:11:12:21 -0400] "GET /page01.htm HTTP/1.1" 404 299 "http://www.ask.com/web?qsrc=168&o=0&l=dir&q=Do%20many%20people%20need%20lawyers" "Mozilla/4.0 (compatible; MSIE 6.0; Windows NT 5.1; SV1)" 0 www.poach.org
74.6.23.167 - - [18/Sep/2007:14:34:59 -0400] "GET /logs HTTP/1.0" 301 313 "-" "Mozilla/5.0 (compatible; Yahoo! Slurp; http://help.yahoo.com/help/us/ysearch/slurp)" 0 www.poach.org
74.6.23.167 - - [18/Sep/2007:14:34:59 -0400] "GET /logs/ HTTP/1.0" 200 364 "-" "Mozilla/5.0 (compatible; Yahoo! Slurp; http://help.yahoo.com/help/us/ysearch/slurp)" 0 www.poach.org
74.6.19.121 - - [18/Sep/2007:18:40:01 -0400] "GET /robots.txt HTTP/1.0" 404 287 "-" "Mozilla/5.0 (compatible; Yahoo! Slurp; http://help.yahoo.com/help/us/ysearch/slurp)" 0 www.poach.org
74.6.25.74 - - [18/Sep/2007:18:40:01 -0400] "GET /logs/access.log HTTP/1.0" 200 447132 "-" "Mozilla/5.0 (compatible; Yahoo! Slurp; http://help.yahoo.com/help/us/ysearch/slurp)" 0 www.poach.org
64.1.215.163 - - [18/Sep/2007:19:30:50 -0400] "GET /robots.txt HTTP/1.0" 404 287 "-" "Mozilla/5.0 (Twiceler-0.9 http://www.cuill.com/twiceler/robot.html)" 0 www.poach.org
70.244.112.59 - - [18/Sep/2007:20:21:49 -0400] "GET /page01.htm HTTP/1.1" 404 299 "http://www.ask.com/web?qsrc=167&o=0&l=dir&q=How+many+people+need+a+lawyer%3F" "Mozilla/4.0 (compatible; MSIE 7.0; Windows NT 5.1; .NET CLR 1.1.4322)" 0 www.poach.org
65.214.44.118 - - [19/Sep/2007:07:36:03 -0400] "GET /robots.txt HTTP/1.0" 404 287 "-" "Mozilla/2.0 (compatible; Ask Jeeves/Teoma; +http://sp.ask.com/docs/about/tech_crawling.html)" 0 www.poach.org
65.214.44.118 - - [19/Sep/2007:07:36:24 -0400] "GET /page01.htm HTTP/1.0" 404 287 "-" "Mozilla/2.0 (compatible; Ask Jeeves/Teoma; +http://sp.ask.com/docs/about/tech_crawling.html)" 0 www.poach.org
68.142.212.221 - - [19/Sep/2007:13:28:10 -0400] "GET /robots.txt HTTP/1.0" 404 287 "-" "Yahoo-MMCrawler/3.x (mms dash mmcrawler dash support at yahoo dash inc dot com)" 0 www.poach.org
66.249.65.203 - - [20/Sep/2007:04:25:48 -0400] "GET /robots.txt HTTP/1.1" 404 299 "-" "Mozilla/5.0 (compatible; Googlebot/2.1; +http://www.google.com/bot.html)" 0 www.poach.org
66.249.65.203 - - [20/Sep/2007:04:25:48 -0400] "GET /logs/error.log HTTP/1.1" 200 163068 "-" "Mozilla/5.0 (compatible; Googlebot/2.1; +http://www.google.com/bot.html)" 0 www.poach.org
66.249.65.203 - - [20/Sep/2007:04:55:05 -0400] "GET /logs HTTP/1.1" 301 325 "-" "Mozilla/5.0 (compatible; Googlebot/2.1; +http://www.google.com/bot.html)" 1 www.poach.org
66.249.65.203 - - [20/Sep/2007:04:55:06 -0400] "GET /logs/ HTTP/1.1" 200 376 "-" "Mozilla/5.0 (compatible; Googlebot/2.1; +http://www.google.com/bot.html)" 0 www.poach.org
