66.249.65.203 - - [18/Oct/2007:23:32:55 -0400] "GET /logs HTTP/1.1" 301 317 "-" "Mozilla/5.0 (compatible; Googlebot/2.1; +http://www.google.com/bot.html)" 0 www.poach.org
66.249.65.203 - - [18/Oct/2007:23:32:55 -0400] "GET /logs/ HTTP/1.1" 200 372 "-" "Mozilla/5.0 (compatible; Googlebot/2.1; +http://www.google.com/bot.html)" 0 www.poach.org
38.98.19.68 - - [18/Oct/2007:23:35:53 -0400] "GET / HTTP/1.1" 200 317 "-" "Mozilla/5.0 (SnapPreviewBot) Gecko/20061206 Firefox/1.5.0.9" 0 www.poach.org
38.98.19.66 - - [18/Oct/2007:23:35:53 -0400] "GET /favicon.ico HTTP/1.1" 404 300 "-" "Mozilla/5.0 (SnapPreviewBot) Gecko/20061206 Firefox/1.5.0.9" 0 www.poach.org
66.249.65.203 - - [19/Oct/2007:02:12:27 -0400] "GET /logs/access.log HTTP/1.1" 200 499592 "-" "Mozilla/5.0 (compatible; Googlebot/2.1; +http://www.google.com/bot.html)" 0 www.poach.org
66.249.65.203 - - [19/Oct/2007:02:15:06 -0400] "GET /logs/error.log HTTP/1.1" 200 183353 "-" "Mozilla/5.0 (compatible; Googlebot/2.1; +http://www.google.com/bot.html)" 1 www.poach.org
74.6.19.124 - - [19/Oct/2007:04:34:26 -0400] "GET /robots.txt HTTP/1.0" 404 287 "-" "Mozilla/5.0 (compatible; Yahoo! Slurp; http://help.yahoo.com/help/us/ysearch/slurp)" 0 www.poach.org
74.6.23.19 - - [19/Oct/2007:04:34:26 -0400] "GET /logs/error.log HTTP/1.0" 200 183476 "-" "Mozilla/5.0 (compatible; Yahoo! Slurp; http://help.yahoo.com/help/us/ysearch/slurp)" 0 www.poach.org
66.249.65.203 - - [19/Oct/2007:10:45:27 -0400] "GET /robots.txt HTTP/1.1" 404 299 "-" "Mozilla/5.0 (compatible; Googlebot/2.1; +http://www.google.com/bot.html)" 0 www.poach.org
66.249.65.203 - - [19/Oct/2007:10:45:27 -0400] "GET / HTTP/1.1" 200 317 "-" "Mozilla/5.0 (compatible; Googlebot/2.1; +http://www.google.com/bot.html)" 0 www.poach.org
82.228.41.80 - - [19/Oct/2007:11:09:19 -0400] "HEAD / HTTP/1.0" 200 0 "-" "PHP version tracker (http://www.nexen.net/phpversion/bot.php)" 0 www.poach.org
74.6.19.119 - - [19/Oct/2007:12:40:31 -0400] "GET /robots.txt HTTP/1.0" 404 283 "-" "Mozilla/5.0 (compatible; Yahoo! Slurp; http://help.yahoo.com/help/us/ysearch/slurp)" 0 www.poach.org
74.6.24.29 - - [19/Oct/2007:12:40:32 -0400] "GET /logs HTTP/1.0" 301 305 "-" "Mozilla/5.0 (compatible; Yahoo! Slurp; http://help.yahoo.com/help/us/ysearch/slurp)" 0 www.poach.org
74.6.24.29 - - [19/Oct/2007:12:40:32 -0400] "GET /logs/ HTTP/1.0" 200 360 "-" "Mozilla/5.0 (compatible; Yahoo! Slurp; http://help.yahoo.com/help/us/ysearch/slurp)" 0 www.poach.org
209.62.82.12 - - [19/Oct/2007:15:36:36 -0400] "GET /robots.txt HTTP/1.1" 404 299 "www.poach.org" "Pingdom GIGRIB (http://www.pingdom.com)" 0 www.poach.org
209.62.82.12 - - [19/Oct/2007:15:39:25 -0400] "GET / HTTP/1.1" 200 317 "http://www.pingdom.com/tools/fpt/?url=www.poach.org" "Pingdom GIGRIB (http://www.pingdom.com)" 0 www.poach.org
65.214.45.123 - - [19/Oct/2007:20:12:14 -0400] "GET /robots.txt HTTP/1.0" 404 287 "-" "Mozilla/5.0 (compatible; Ask Jeeves/Teoma; +http://about.ask.com/en/docs/about/webmasters.shtml)" 0 www.poach.org
65.214.45.123 - - [19/Oct/2007:20:12:14 -0400] "GET /page01.htm HTTP/1.0" 404 287 "-" "Mozilla/5.0 (compatible; Ask Jeeves/Teoma; +http://about.ask.com/en/docs/about/webmasters.shtml)" 0 www.poach.org
74.6.19.124 - - [20/Oct/2007:01:10:13 -0400] "GET /robots.txt HTTP/1.0" 404 287 "-" "Mozilla/5.0 (compatible; Yahoo! Slurp; http://help.yahoo.com/help/us/ysearch/slurp)" 0 www.poach.org
74.6.23.153 - - [20/Oct/2007:01:10:13 -0400] "GET /page01.htm HTTP/1.0" 404 287 "-" "Mozilla/5.0 (compatible; Yahoo! Slurp; http://help.yahoo.com/help/us/ysearch/slurp)" 0 www.poach.org
74.6.25.74 - - [20/Oct/2007:02:38:16 -0400] "GET /logs/access.log HTTP/1.0" 200 502494 "-" "Mozilla/5.0 (compatible; Yahoo! Slurp; http://help.yahoo.com/help/us/ysearch/slurp)" 0 www.poach.org
74.6.19.124 - - [20/Oct/2007:03:43:29 -0400] "GET /robots.txt HTTP/1.0" 404 287 "-" "Mozilla/5.0 (compatible; Yahoo! Slurp; http://help.yahoo.com/help/us/ysearch/slurp)" 0 www.poach.org
74.6.26.73 - - [20/Oct/2007:03:43:29 -0400] "GET /logs/ HTTP/1.0" 200 364 "-" "Mozilla/5.0 (compatible; Yahoo! Slurp; http://help.yahoo.com/help/us/ysearch/slurp)" 0 www.poach.org
64.34.145.196 - - [20/Oct/2007:04:26:37 -0400] "GET /robots.txt HTTP/1.0" 404 287 "-" "SBIder/SBIder-0.8.2-dev (http://www.sitesell.com/sbider.html)" 0 www.poach.org
64.34.145.196 - - [20/Oct/2007:04:26:37 -0400] "GET / HTTP/1.0" 200 305 "-" "SBIder/SBIder-0.8.2-dev (http://www.sitesell.com/sbider.html)" 0 www.poach.org
65.214.45.123 - - [20/Oct/2007:08:46:44 -0400] "GET /robots.txt HTTP/1.0" 404 287 "-" "Mozilla/5.0 (compatible; Ask Jeeves/Teoma; +http://about.ask.com/en/docs/about/webmasters.shtml)" 0 www.poach.org
65.214.45.123 - - [20/Oct/2007:08:46:44 -0400] "GET /page06.htm HTTP/1.0" 404 287 "-" "Mozilla/5.0 (compatible; Ask Jeeves/Teoma; +http://about.ask.com/en/docs/about/webmasters.shtml)" 0 www.poach.org
68.142.212.221 - - [20/Oct/2007:10:55:47 -0400] "GET /robots.txt HTTP/1.0" 404 287 "-" "Yahoo-MMCrawler/3.x (mms dash mmcrawler dash support at yahoo dash inc dot com)" 0 www.poach.org
65.214.45.123 - - [20/Oct/2007:11:10:37 -0400] "GET /page02.htm HTTP/1.0" 404 287 "-" "Mozilla/5.0 (compatible; Ask Jeeves/Teoma; +http://about.ask.com/en/docs/about/webmasters.shtml)" 0 www.poach.org
63.123.238.8 - - [20/Oct/2007:13:46:13 -0400] "GET /robots.txt HTTP/1.1" 404 299 "-" "Mozilla/2.0 (compatible; Ask Jeeves/Teoma)" 0 www.poach.org
63.123.238.8 - - [20/Oct/2007:13:46:13 -0400] "GET / HTTP/1.1" 200 317 "-" "Mozilla/2.0 (compatible; Ask Jeeves/Teoma)" 0 www.poach.org
74.6.19.124 - - [20/Oct/2007:22:41:07 -0400] "GET /robots.txt HTTP/1.0" 404 287 "-" "Mozilla/5.0 (compatible; Yahoo! Slurp; http://help.yahoo.com/help/us/ysearch/slurp)" 0 www.poach.org
74.6.25.203 - - [20/Oct/2007:22:41:07 -0400] "GET /allstate.html HTTP/1.0" 404 290 "-" "Mozilla/5.0 (compatible; Yahoo! Slurp; http://help.yahoo.com/help/us/ysearch/slurp)" 0 www.poach.org
202.160.178.87 - - [21/Oct/2007:00:18:58 -0400] "GET /robots.txt HTTP/1.0" 404 287 "-" "Mozilla/5.0 (compatible; Yahoo! Slurp China; http://misc.yahoo.com.cn/help.html)" 0 www.poach.org
202.160.180.191 - - [21/Oct/2007:00:19:03 -0400] "GET / HTTP/1.0" 200 305 "-" "Mozilla/5.0 (compatible; Yahoo! Slurp China; http://misc.yahoo.com.cn/help.html)" 0 www.poach.org
74.6.19.119 - - [21/Oct/2007:09:49:49 -0400] "GET /robots.txt HTTP/1.0" 404 283 "-" "Mozilla/5.0 (compatible; Yahoo! Slurp; http://help.yahoo.com/help/us/ysearch/slurp)" 0 www.poach.org
74.6.26.107 - - [21/Oct/2007:09:49:49 -0400] "GET /logs/error.log HTTP/1.0" 200 185715 "-" "Mozilla/5.0 (compatible; Yahoo! Slurp; http://help.yahoo.com/help/us/ysearch/slurp)" 0 www.poach.org
70.85.43.82 - - [22/Oct/2007:12:31:17 -0400] "GET / HTTP/1.0" 200 301 "-" "Wget/1.5.3.1" 0 www.poach.org
65.214.44.118 - - [22/Oct/2007:14:52:56 -0400] "GET /robots.txt HTTP/1.0" 404 287 "-" "Mozilla/2.0 (compatible; Ask Jeeves/Teoma; +http://sp.ask.com/docs/about/tech_crawling.html)" 0 www.poach.org
65.214.44.118 - - [22/Oct/2007:14:52:57 -0400] "GET /page12.htm HTTP/1.0" 404 287 "-" "Mozilla/2.0 (compatible; Ask Jeeves/Teoma; +http://sp.ask.com/docs/about/tech_crawling.html)" 0 www.poach.org
65.214.44.118 - - [22/Oct/2007:14:54:38 -0400] "GET /page11.htm HTTP/1.0" 404 287 "-" "Mozilla/2.0 (compatible; Ask Jeeves/Teoma; +http://sp.ask.com/docs/about/tech_crawling.html)" 0 www.poach.org
65.214.44.118 - - [22/Oct/2007:14:56:18 -0400] "GET /page01.htm HTTP/1.0" 404 287 "-" "Mozilla/2.0 (compatible; Ask Jeeves/Teoma; +http://sp.ask.com/docs/about/tech_crawling.html)" 0 www.poach.org
74.6.19.124 - - [22/Oct/2007:17:47:30 -0400] "GET /robots.txt HTTP/1.0" 404 287 "-" "Mozilla/5.0 (compatible; Yahoo! Slurp; http://help.yahoo.com/help/us/ysearch/slurp)" 0 www.poach.org
74.6.28.44 - - [22/Oct/2007:17:47:30 -0400] "GET /allstate_nn4.html HTTP/1.0" 404 294 "-" "Mozilla/5.0 (compatible; Yahoo! Slurp; http://help.yahoo.com/help/us/ysearch/slurp)" 0 www.poach.org
65.55.212.124 - - [22/Oct/2007:20:07:18 -0400] "GET /robots.txt HTTP/1.0" 404 287 "-" "msnbot-media/1.0 (+http://search.msn.com/msnbot.htm)" 0 www.poach.org
65.55.212.124 - - [22/Oct/2007:20:07:18 -0400] "GET /allstate.html HTTP/1.0" 404 290 "-" "msnbot-media/1.0 (+http://search.msn.com/msnbot.htm)" 0 www.poach.org
66.192.181.102 - - [22/Oct/2007:20:24:39 -0400] "GET /resume/clresume.rtf HTTP/1.1" 404 308 "http://www.classreport.org/main/selectprofilemain.asp?dname=/usa/hi/kailua/khs/&clid=9957&cl=1964&hs=KHS&clr1=blue&clr2=blue&clr3=lightgrey&stcnt=71&item=17595" "Mozilla/4.0 (compatible; MSIE 7.0; Windows NT 5.1; .NET CLR 1.1.4322; .NET CLR 2.0.50727; .NET CLR 3.0.04506.30; InfoPath.1)" 0 www.poach.org
66.192.181.102 - - [22/Oct/2007:20:24:48 -0400] "GET / HTTP/1.1" 200 317 "-" "Mozilla/4.0 (compatible; MSIE 7.0; Windows NT 5.1; .NET CLR 1.1.4322; .NET CLR 2.0.50727; .NET CLR 3.0.04506.30; InfoPath.1)" 0 www.poach.org
66.192.181.102 - - [22/Oct/2007:20:24:49 -0400] "GET /favicon.ico HTTP/1.1" 404 300 "-" "Mozilla/4.0 (compatible; MSIE 7.0; Windows NT 5.1; .NET CLR 1.1.4322; .NET CLR 2.0.50727; .NET CLR 3.0.04506.30; InfoPath.1)" 0 www.poach.org
66.192.181.102 - - [22/Oct/2007:20:24:51 -0400] "GET / HTTP/1.1" 200 317 "http://www.poach.org/" "Mozilla/4.0 (compatible; MSIE 7.0; Windows NT 5.1; .NET CLR 1.1.4322; .NET CLR 2.0.50727; .NET CLR 3.0.04506.30; InfoPath.1)" 0 www.poach.org
66.192.181.102 - - [22/Oct/2007:20:24:54 -0400] "GET / HTTP/1.1" 200 317 "http://www.poach.org/" "Mozilla/4.0 (compatible; MSIE 7.0; Windows NT 5.1; .NET CLR 1.1.4322; .NET CLR 2.0.50727; .NET CLR 3.0.04506.30; InfoPath.1)" 0 www.poach.org
66.192.181.102 - - [22/Oct/2007:20:24:55 -0400] "GET /logs HTTP/1.1" 301 325 "http://www.poach.org/" "Mozilla/4.0 (compatible; MSIE 7.0; Windows NT 5.1; .NET CLR 1.1.4322; .NET CLR 2.0.50727; .NET CLR 3.0.04506.30; InfoPath.1)" 0 www.poach.org
66.192.181.102 - - [22/Oct/2007:20:24:56 -0400] "GET /logs/ HTTP/1.1" 200 376 "http://www.poach.org/" "Mozilla/4.0 (compatible; MSIE 7.0; Windows NT 5.1; .NET CLR 1.1.4322; .NET CLR 2.0.50727; .NET CLR 3.0.04506.30; InfoPath.1)" 0 www.poach.org
66.192.181.102 - - [22/Oct/2007:20:24:59 -0400] "GET /logs/access.log HTTP/1.1" 200 508967 "http://www.poach.org/logs/" "Mozilla/4.0 (compatible; MSIE 7.0; Windows NT 5.1; .NET CLR 1.1.4322; .NET CLR 2.0.50727; .NET CLR 3.0.04506.30; InfoPath.1)" 2 www.poach.org
66.192.181.102 - - [22/Oct/2007:20:25:08 -0400] "GET / HTTP/1.1" 200 317 "http://www.poach.org/" "Mozilla/4.0 (compatible; MSIE 7.0; Windows NT 5.1; .NET CLR 1.1.4322; .NET CLR 2.0.50727; .NET CLR 3.0.04506.30; InfoPath.1)" 0 www.poach.org
65.214.45.123 - - [22/Oct/2007:23:59:47 -0400] "GET /robots.txt HTTP/1.0" 404 287 "-" "Mozilla/5.0 (compatible; Ask Jeeves/Teoma; +http://about.ask.com/en/docs/about/webmasters.shtml)" 0 www.poach.org
65.214.45.123 - - [22/Oct/2007:23:59:47 -0400] "GET /page12.htm HTTP/1.0" 404 287 "-" "Mozilla/5.0 (compatible; Ask Jeeves/Teoma; +http://about.ask.com/en/docs/about/webmasters.shtml)" 0 www.poach.org
64.34.145.198 - - [23/Oct/2007:10:08:46 -0400] "GET /robots.txt HTTP/1.0" 404 287 "-" "SBIder/SBIder-0.8.2-dev (http://www.sitesell.com/sbider.html)" 0 www.poach.org
64.34.145.198 - - [23/Oct/2007:10:08:46 -0400] "GET / HTTP/1.0" 200 305 "-" "SBIder/SBIder-0.8.2-dev (http://www.sitesell.com/sbider.html)" 0 www.poach.org
65.214.44.118 - - [23/Oct/2007:17:00:00 -0400] "GET /robots.txt HTTP/1.0" 404 287 "-" "Mozilla/2.0 (compatible; Ask Jeeves/Teoma; +http://about.ask.com/en/docs/about/webmasters.shtml)" 0 www.poach.org
65.214.44.118 - - [23/Oct/2007:17:00:06 -0400] "GET /page12.htm HTTP/1.0" 404 287 "-" "Mozilla/2.0 (compatible; Ask Jeeves/Teoma; +http://about.ask.com/en/docs/about/webmasters.shtml)" 0 www.poach.org
65.214.44.118 - - [23/Oct/2007:17:01:52 -0400] "GET /page11.htm HTTP/1.0" 404 287 "-" "Mozilla/2.0 (compatible; Ask Jeeves/Teoma; +http://about.ask.com/en/docs/about/webmasters.shtml)" 0 www.poach.org
65.214.44.118 - - [23/Oct/2007:17:03:40 -0400] "GET /page01.htm HTTP/1.0" 404 287 "-" "Mozilla/2.0 (compatible; Ask Jeeves/Teoma; +http://about.ask.com/en/docs/about/webmasters.shtml)" 0 www.poach.org
74.6.19.124 - - [23/Oct/2007:18:03:45 -0400] "GET /robots.txt HTTP/1.0" 404 287 "-" "Mozilla/5.0 (compatible; Yahoo! Slurp; http://help.yahoo.com/help/us/ysearch/slurp)" 0 www.poach.org
74.6.19.202 - - [23/Oct/2007:18:03:45 -0400] "GET /page03.htm HTTP/1.0" 404 287 "-" "Mozilla/5.0 (compatible; Yahoo! Slurp; http://help.yahoo.com/help/us/ysearch/slurp)" 0 www.poach.org
65.214.45.123 - - [23/Oct/2007:18:05:43 -0400] "GET /robots.txt HTTP/1.0" 404 287 "-" "Mozilla/5.0 (compatible; Ask Jeeves/Teoma; +http://about.ask.com/en/docs/about/webmasters.shtml)" 0 www.poach.org
65.214.45.123 - - [23/Oct/2007:18:05:43 -0400] "GET / HTTP/1.0" 200 305 "-" "Mozilla/5.0 (compatible; Ask Jeeves/Teoma; +http://about.ask.com/en/docs/about/webmasters.shtml)" 0 www.poach.org
65.214.45.123 - - [23/Oct/2007:19:36:30 -0400] "GET /allstate_nn4.html HTTP/1.0" 404 294 "-" "Mozilla/5.0 (compatible; Ask Jeeves/Teoma; +http://about.ask.com/en/docs/about/webmasters.shtml)" 0 www.poach.org
68.142.212.221 - - [24/Oct/2007:00:12:27 -0400] "GET /robots.txt HTTP/1.0" 404 287 "-" "Yahoo-MMCrawler/3.x (mms dash mmcrawler dash support at yahoo dash inc dot com)" 0 www.poach.org
66.249.65.203 - - [24/Oct/2007:05:23:36 -0400] "GET /robots.txt HTTP/1.1" 404 295 "-" "Mozilla/5.0 (compatible; Googlebot/2.1; +http://www.google.com/bot.html)" 0 www.poach.org
66.249.65.203 - - [24/Oct/2007:05:23:36 -0400] "GET /logs/ HTTP/1.1" 200 372 "-" "Mozilla/5.0 (compatible; Googlebot/2.1; +http://www.google.com/bot.html)" 0 www.poach.org
66.249.65.203 - - [24/Oct/2007:10:03:28 -0400] "GET /robots.txt HTTP/1.1" 404 299 "-" "Mozilla/5.0 (compatible; Googlebot/2.1; +http://www.google.com/bot.html)" 0 www.poach.org
66.249.65.203 - - [24/Oct/2007:10:03:28 -0400] "GET /logs/access.log HTTP/1.1" 200 512681 "-" "Mozilla/5.0 (compatible; Googlebot/2.1; +http://www.google.com/bot.html)" 0 www.poach.org
65.214.45.123 - - [24/Oct/2007:11:58:00 -0400] "GET /robots.txt HTTP/1.0" 404 287 "-" "Mozilla/5.0 (compatible; Ask Jeeves/Teoma; +http://about.ask.com/en/docs/about/webmasters.shtml)" 0 www.poach.org
65.214.45.123 - - [24/Oct/2007:11:58:00 -0400] "GET /page08.htm HTTP/1.0" 404 287 "-" "Mozilla/5.0 (compatible; Ask Jeeves/Teoma; +http://about.ask.com/en/docs/about/webmasters.shtml)" 0 www.poach.org
66.249.65.203 - - [24/Oct/2007:15:48:31 -0400] "GET /logs HTTP/1.1" 301 317 "-" "Mozilla/5.0 (compatible; Googlebot/2.1; +http://www.google.com/bot.html)" 0 www.poach.org
202.160.178.87 - - [24/Oct/2007:16:48:49 -0400] "GET /robots.txt HTTP/1.0" 404 287 "-" "Mozilla/5.0 (compatible; Yahoo! Slurp China; http://misc.yahoo.com.cn/help.html)" 0 www.poach.org
202.160.180.191 - - [24/Oct/2007:16:48:50 -0400] "GET / HTTP/1.0" 200 305 "-" "Mozilla/5.0 (compatible; Yahoo! Slurp China; http://misc.yahoo.com.cn/help.html)" 0 www.poach.org
65.214.45.123 - - [24/Oct/2007:16:53:06 -0400] "GET /page02.htm HTTP/1.0" 404 287 "-" "Mozilla/5.0 (compatible; Ask Jeeves/Teoma; +http://about.ask.com/en/docs/about/webmasters.shtml)" 0 www.poach.org
74.6.19.119 - - [24/Oct/2007:22:14:13 -0400] "GET /robots.txt HTTP/1.0" 404 283 "-" "Mozilla/5.0 (compatible; Yahoo! Slurp; http://help.yahoo.com/help/us/ysearch/slurp)" 0 www.poach.org
74.6.19.161 - - [24/Oct/2007:22:14:13 -0400] "GET / HTTP/1.0" 200 301 "-" "Mozilla/5.0 (compatible; Yahoo! Slurp; http://help.yahoo.com/help/us/ysearch/slurp)" 0 www.poach.org
65.214.45.123 - - [24/Oct/2007:22:40:16 -0400] "GET /page03.htm HTTP/1.0" 404 287 "-" "Mozilla/5.0 (compatible; Ask Jeeves/Teoma; +http://about.ask.com/en/docs/about/webmasters.shtml)" 0 www.poach.org
65.214.45.123 - - [24/Oct/2007:22:55:22 -0400] "GET /page07.htm HTTP/1.0" 404 287 "-" "Mozilla/5.0 (compatible; Ask Jeeves/Teoma; +http://about.ask.com/en/docs/about/webmasters.shtml)" 0 www.poach.org
65.214.45.123 - - [25/Oct/2007:00:28:10 -0400] "GET /robots.txt HTTP/1.0" 404 287 "-" "Mozilla/5.0 (compatible; Ask Jeeves/Teoma; +http://about.ask.com/en/docs/about/webmasters.shtml)" 0 www.poach.org
65.214.45.123 - - [25/Oct/2007:00:28:10 -0400] "GET /page06.htm HTTP/1.0" 404 287 "-" "Mozilla/5.0 (compatible; Ask Jeeves/Teoma; +http://about.ask.com/en/docs/about/webmasters.shtml)" 0 www.poach.org
65.214.45.123 - - [25/Oct/2007:05:16:24 -0400] "GET /page01.htm HTTP/1.0" 404 287 "-" "Mozilla/5.0 (compatible; Ask Jeeves/Teoma; +http://about.ask.com/en/docs/about/webmasters.shtml)" 0 www.poach.org
66.249.65.203 - - [25/Oct/2007:06:00:26 -0400] "GET /robots.txt HTTP/1.1" 404 295 "-" "Mozilla/5.0 (compatible; Googlebot/2.1; +http://www.google.com/bot.html)" 0 www.poach.org
66.249.65.203 - - [25/Oct/2007:06:00:26 -0400] "GET / HTTP/1.1" 200 313 "-" "Mozilla/5.0 (compatible; Googlebot/2.1; +http://www.google.com/bot.html)" 0 www.poach.org
65.214.45.123 - - [25/Oct/2007:09:52:34 -0400] "GET /page05.htm HTTP/1.0" 404 287 "-" "Mozilla/5.0 (compatible; Ask Jeeves/Teoma; +http://about.ask.com/en/docs/about/webmasters.shtml)" 0 www.poach.org
74.6.19.119 - - [26/Oct/2007:00:38:49 -0400] "GET /robots.txt HTTP/1.0" 404 283 "-" "Mozilla/5.0 (compatible; Yahoo! Slurp; http://help.yahoo.com/help/us/ysearch/slurp)" 0 www.poach.org
74.6.29.32 - - [26/Oct/2007:00:38:50 -0400] "GET /logs/error.log HTTP/1.0" 200 190358 "-" "Mozilla/5.0 (compatible; Yahoo! Slurp; http://help.yahoo.com/help/us/ysearch/slurp)" 0 www.poach.org
74.6.19.124 - - [26/Oct/2007:04:36:27 -0400] "GET /robots.txt HTTP/1.0" 404 287 "-" "Mozilla/5.0 (compatible; Yahoo! Slurp; http://help.yahoo.com/help/us/ysearch/slurp)" 0 www.poach.org
74.6.23.19 - - [26/Oct/2007:04:36:27 -0400] "GET /logs/error.log HTTP/1.0" 200 190481 "-" "Mozilla/5.0 (compatible; Yahoo! Slurp; http://help.yahoo.com/help/us/ysearch/slurp)" 0 www.poach.org
68.142.212.221 - - [26/Oct/2007:06:35:02 -0400] "GET /robots.txt HTTP/1.0" 404 287 "-" "Yahoo-MMCrawler/3.x (mms dash mmcrawler dash support at yahoo dash inc dot com)" 0 www.poach.org
74.6.23.167 - - [26/Oct/2007:11:19:28 -0400] "GET /logs HTTP/1.0" 301 313 "-" "Mozilla/5.0 (compatible; Yahoo! Slurp; http://help.yahoo.com/help/us/ysearch/slurp)" 0 www.poach.org
74.6.23.167 - - [26/Oct/2007:11:19:28 -0400] "GET /logs/ HTTP/1.0" 200 364 "-" "Mozilla/5.0 (compatible; Yahoo! Slurp; http://help.yahoo.com/help/us/ysearch/slurp)" 0 www.poach.org
74.6.19.119 - - [26/Oct/2007:12:43:05 -0400] "GET /robots.txt HTTP/1.0" 404 283 "-" "Mozilla/5.0 (compatible; Yahoo! Slurp; http://help.yahoo.com/help/us/ysearch/slurp)" 0 www.poach.org
74.6.24.29 - - [26/Oct/2007:12:43:06 -0400] "GET /logs HTTP/1.0" 301 305 "-" "Mozilla/5.0 (compatible; Yahoo! Slurp; http://help.yahoo.com/help/us/ysearch/slurp)" 0 www.poach.org
74.6.24.29 - - [26/Oct/2007:12:43:06 -0400] "GET /logs/ HTTP/1.0" 200 360 "-" "Mozilla/5.0 (compatible; Yahoo! Slurp; http://help.yahoo.com/help/us/ysearch/slurp)" 0 www.poach.org
205.178.184.153 - - [26/Oct/2007:17:50:55 -0400] "GET / HTTP/1.1" 200 313 "-" "Mozilla/4.0 (compatible; MSIE 6.0; Windows NT 5.2; SV1; .NET CLR 1.1.4322; .NET CLR 2.0.50727)" 0 www.poach.org
205.178.184.156 - - [26/Oct/2007:18:00:35 -0400] "GET /logs HTTP/1.1" 301 317 "-" "Mozilla/4.0 (compatible; MSIE 6.0; Windows NT 5.2; SV1; .NET CLR 1.1.4322; .NET CLR 2.0.50727)" 0 www.poach.org
205.178.184.156 - - [26/Oct/2007:18:00:35 -0400] "GET /logs/ HTTP/1.1" 200 372 "-" "Mozilla/4.0 (compatible; MSIE 6.0; Windows NT 5.2; SV1; .NET CLR 1.1.4322; .NET CLR 2.0.50727)" 0 www.poach.org
66.249.65.203 - - [26/Oct/2007:19:12:26 -0400] "GET /robots.txt HTTP/1.1" 404 295 "-" "Mozilla/5.0 (compatible; Googlebot/2.1; +http://www.google.com/bot.html)" 0 www.poach.org
66.249.65.203 - - [26/Oct/2007:19:12:26 -0400] "GET / HTTP/1.1" 200 313 "-" "Mozilla/5.0 (compatible; Googlebot/2.1; +http://www.google.com/bot.html)" 0 www.poach.org
74.6.19.124 - - [27/Oct/2007:03:06:41 -0400] "GET /robots.txt HTTP/1.0" 404 287 "-" "Mozilla/5.0 (compatible; Yahoo! Slurp; http://help.yahoo.com/help/us/ysearch/slurp)" 0 www.poach.org
74.6.25.74 - - [27/Oct/2007:03:06:42 -0400] "GET /logs/access.log HTTP/1.0" 200 518874 "-" "Mozilla/5.0 (compatible; Yahoo! Slurp; http://help.yahoo.com/help/us/ysearch/slurp)" 0 www.poach.org
74.6.19.124 - - [27/Oct/2007:04:30:38 -0400] "GET /robots.txt HTTP/1.0" 404 287 "-" "Mozilla/5.0 (compatible; Yahoo! Slurp; http://help.yahoo.com/help/us/ysearch/slurp)" 0 www.poach.org
74.6.26.73 - - [27/Oct/2007:04:30:39 -0400] "GET /logs/ HTTP/1.0" 200 364 "-" "Mozilla/5.0 (compatible; Yahoo! Slurp; http://help.yahoo.com/help/us/ysearch/slurp)" 0 www.poach.org
63.123.238.8 - - [27/Oct/2007:15:40:40 -0400] "GET /robots.txt HTTP/1.1" 404 299 "-" "Mozilla/2.0 (compatible; Ask Jeeves/Teoma)" 0 www.poach.org
63.123.238.8 - - [27/Oct/2007:15:40:40 -0400] "GET / HTTP/1.1" 200 317 "-" "Mozilla/2.0 (compatible; Ask Jeeves/Teoma)" 0 www.poach.org
65.214.45.123 - - [28/Oct/2007:00:32:46 -0400] "GET /robots.txt HTTP/1.0" 404 287 "-" "Mozilla/5.0 (compatible; Ask Jeeves/Teoma; +http://about.ask.com/en/docs/about/webmasters.shtml)" 0 www.poach.org
65.214.45.123 - - [28/Oct/2007:00:32:46 -0400] "GET /page10.htm HTTP/1.0" 404 287 "-" "Mozilla/5.0 (compatible; Ask Jeeves/Teoma; +http://about.ask.com/en/docs/about/webmasters.shtml)" 0 www.poach.org
66.249.65.203 - - [28/Oct/2007:00:36:40 -0400] "GET /robots.txt HTTP/1.1" 404 299 "-" "Mozilla/5.0 (compatible; Googlebot/2.1; +http://www.google.com/bot.html)" 0 www.poach.org
66.249.65.203 - - [28/Oct/2007:00:36:40 -0400] "GET /logs/error.log HTTP/1.1" 200 191600 "-" "Mozilla/5.0 (compatible; Googlebot/2.1; +http://www.google.com/bot.html)" 0 www.poach.org
64.34.145.196 - - [28/Oct/2007:06:00:45 -0400] "GET /robots.txt HTTP/1.0" 404 287 "-" "SBIder/SBIder-0.8.2-dev (http://www.sitesell.com/sbider.html)" 0 www.poach.org
64.34.145.196 - - [28/Oct/2007:06:00:45 -0400] "GET / HTTP/1.0" 200 305 "-" "SBIder/SBIder-0.8.2-dev (http://www.sitesell.com/sbider.html)" 0 www.poach.org
66.249.65.203 - - [28/Oct/2007:06:20:57 -0400] "GET /robots.txt HTTP/1.1" 404 295 "-" "Mozilla/5.0 (compatible; Googlebot/2.1; +http://www.google.com/bot.html)" 0 www.poach.org
66.249.65.203 - - [28/Oct/2007:06:20:57 -0400] "GET /logs/ HTTP/1.1" 200 372 "-" "Mozilla/5.0 (compatible; Googlebot/2.1; +http://www.google.com/bot.html)" 0 www.poach.org
66.249.65.203 - - [28/Oct/2007:06:23:43 -0400] "GET / HTTP/1.1" 200 313 "-" "Mozilla/5.0 (compatible; Googlebot/2.1; +http://www.google.com/bot.html)" 0 www.poach.org
68.142.212.221 - - [28/Oct/2007:11:35:31 -0400] "GET /robots.txt HTTP/1.0" 404 287 "-" "Yahoo-MMCrawler/3.x (mms dash mmcrawler dash support at yahoo dash inc dot com)" 0 www.poach.org
65.214.45.123 - - [28/Oct/2007:12:18:01 -0400] "GET /page04.htm HTTP/1.0" 404 287 "-" "Mozilla/5.0 (compatible; Ask Jeeves/Teoma; +http://about.ask.com/en/docs/about/webmasters.shtml)" 0 www.poach.org
66.249.65.203 - - [28/Oct/2007:15:37:13 -0400] "GET /logs HTTP/1.1" 301 317 "-" "Mozilla/5.0 (compatible; Googlebot/2.1; +http://www.google.com/bot.html)" 0 www.poach.org
65.214.45.123 - - [28/Oct/2007:18:50:35 -0400] "GET /robots.txt HTTP/1.0" 404 287 "-" "Mozilla/5.0 (compatible; Ask Jeeves/Teoma; +http://about.ask.com/en/docs/about/webmasters.shtml)" 0 www.poach.org
65.214.45.123 - - [28/Oct/2007:18:50:35 -0400] "GET /buttons.htm HTTP/1.0" 404 288 "-" "Mozilla/5.0 (compatible; Ask Jeeves/Teoma; +http://about.ask.com/en/docs/about/webmasters.shtml)" 0 www.poach.org
66.249.65.203 - - [29/Oct/2007:02:14:48 -0400] "GET /robots.txt HTTP/1.1" 404 295 "-" "Mozilla/5.0 (compatible; Googlebot/2.1; +http://www.google.com/bot.html)" 0 www.poach.org
89.42.6.156 - - [29/Oct/2007:04:19:51 -0400] "GET /allstate_nn4.html HTTP/1.1" 404 306 "-" "Missigua Locator 1.9" 0 www.poach.org
65.214.45.123 - - [29/Oct/2007:05:04:34 -0400] "GET /page07.htm HTTP/1.0" 404 287 "-" "Mozilla/5.0 (compatible; Ask Jeeves/Teoma; +http://about.ask.com/en/docs/about/webmasters.shtml)" 0 www.poach.org
64.246.165.50 - - [29/Oct/2007:11:57:52 -0400] "GET /robots.txt HTTP/1.0" 404 287 "http://www.whois.sc/" "SurveyBot/2.3 (Whois Source)" 0 www.poach.org
64.246.165.50 - - [29/Oct/2007:11:57:52 -0400] "GET / HTTP/1.1" 200 317 "http://www.whois.sc/poach.org" "SurveyBot/2.3 (Whois Source)" 0 www.poach.org
65.214.45.123 - - [29/Oct/2007:13:51:38 -0400] "GET /robots.txt HTTP/1.0" 404 287 "-" "Mozilla/5.0 (compatible; Ask Jeeves/Teoma; +http://about.ask.com/en/docs/about/webmasters.shtml)" 0 www.poach.org
65.214.45.123 - - [29/Oct/2007:13:51:39 -0400] "GET /page09.htm HTTP/1.0" 404 287 "-" "Mozilla/5.0 (compatible; Ask Jeeves/Teoma; +http://about.ask.com/en/docs/about/webmasters.shtml)" 0 www.poach.org
65.214.45.123 - - [29/Oct/2007:15:26:41 -0400] "GET /page05.htm HTTP/1.0" 404 287 "-" "Mozilla/5.0 (compatible; Ask Jeeves/Teoma; +http://about.ask.com/en/docs/about/webmasters.shtml)" 0 www.poach.org
66.249.65.203 - - [29/Oct/2007:16:09:13 -0400] "GET /robots.txt HTTP/1.1" 404 295 "-" "Mozilla/5.0 (compatible; Googlebot/2.1; +http://www.google.com/bot.html)" 0 www.poach.org
66.249.65.203 - - [29/Oct/2007:16:09:13 -0400] "GET /logs HTTP/1.1" 301 317 "-" "Mozilla/5.0 (compatible; Googlebot/2.1; +http://www.google.com/bot.html)" 0 www.poach.org 66.249.